{"id":39,"date":"2024-05-23T16:17:45","date_gmt":"2024-05-23T14:17:45","guid":{"rendered":"https:\/\/www.usal.edu.ar\/acreditacion\/?page_id=39"},"modified":"2025-08-21T21:43:21","modified_gmt":"2025-08-21T19:43:21","slug":"convocatorias","status":"publish","type":"page","link":"https:\/\/www.usal.edu.ar\/acreditacion\/convocatorias\/","title":{"rendered":"Convocatorias"},"content":{"rendered":"\n<div class=\"wp-block-group has-global-padding is-layout-constrained wp-container-core-group-is-layout-e6038ede wp-block-group-is-layout-constrained\" style=\"padding-top:var(--wp--preset--spacing--30);padding-bottom:var(--wp--preset--spacing--30)\">\n<div class=\"wp-block-group collapsible is-content-justification-left is-nowrap is-layout-flex wp-container-core-group-is-layout-2bddc4e0 wp-block-group-is-layout-flex\" style=\"border-bottom-color:var(--wp--preset--color--primary);border-bottom-width:3px;padding-top:10px;padding-right:10px;padding-bottom:10px;padding-left:10px\">\n<h5 class=\"wp-block-heading wp-container-content-9cfa9a5a\">Convocatorias abiertas<\/h5>\n<\/div>\n\n\n\n<div class=\"wp-block-group has-global-padding is-layout-constrained wp-block-group-is-layout-constrained\">\n<div class=\"wp-block-group has-global-padding is-layout-constrained wp-block-group-is-layout-constrained\">\n<p>Agronom\u00eda Sedes Pilar y Corrientes (<a href=\"https:\/\/www.usal.edu.ar\/acreditacion\/wp-content\/uploads\/sites\/4\/2024\/08\/Estandares-de-Agronomia-2021.pdf\" target=\"_blank\" rel=\"noreferrer noopener\">Est\u00e1ndares<\/a> &#8211; <a href=\"https:\/\/www.usal.edu.ar\/acreditacion\/wp-content\/uploads\/sites\/4\/2024\/08\/Convocatoria-Agronomia.pdf\" target=\"_blank\" rel=\"noreferrer noopener\">Convocatoria<\/a>)<\/p>\n\n\n\n<p>Arquitectura (<a href=\"https:\/\/www.usal.edu.ar\/acreditacion\/wp-content\/uploads\/sites\/4\/2025\/08\/Estandares-de-Acreditacion-de-Arquitecto-R.M.-N\u00b0-2501-23.pdf\" data-type=\"link\" data-id=\"https:\/\/www.usal.edu.ar\/acreditacion\/wp-content\/uploads\/sites\/4\/2025\/08\/Estandares-de-Acreditacion-de-Arquitecto-R.M.-N\u00b0-2501-23.pdf\" target=\"_blank\" rel=\"noreferrer noopener\">Est\u00e1ndares<\/a> &#8211; <a href=\"https:\/\/www.usal.edu.ar\/acreditacion\/wp-content\/uploads\/sites\/4\/2025\/08\/Convocatoria-Arquitectura.pdf.pdf\" data-type=\"link\" data-id=\"https:\/\/www.usal.edu.ar\/acreditacion\/wp-content\/uploads\/sites\/4\/2025\/08\/Convocatoria-Arquitectura.pdf.pdf\" target=\"_blank\" rel=\"noreferrer noopener\">Convocatoria<\/a>)<\/p>\n\n\n\n<p>Ingenier\u00eda en Inform\u00e1tica Sedes Centro y Pilar (<a href=\"https:\/\/www.usal.edu.ar\/acreditacion\/wp-content\/uploads\/sites\/4\/2024\/08\/Estandares-de-Ing.-en-sistemas-de-informacion-2021.pdf\" target=\"_blank\" rel=\"noreferrer noopener\">Est\u00e1ndares <\/a>&#8211; <a href=\"https:\/\/www.usal.edu.ar\/acreditacion\/wp-content\/uploads\/sites\/4\/2024\/08\/Convocatoria-2022-149-Ingenierias-informaticas-e-industrial.pdf\" target=\"_blank\" rel=\"noreferrer noopener\">Convocatoria<\/a>)<\/p>\n\n\n\n<p>Lic. en Nutrici\u00f3n (<a href=\"https:\/\/www.usal.edu.ar\/acreditacion\/wp-content\/uploads\/sites\/4\/2025\/08\/Estandares-Nutricion-RESOL-2619-2023.pdf\" data-type=\"link\" data-id=\"https:\/\/www.usal.edu.ar\/acreditacion\/wp-content\/uploads\/sites\/4\/2025\/08\/Estandares-Nutricion-RESOL-2619-2023.pdf\" target=\"_blank\" rel=\"noreferrer noopener\">Est\u00e1ndares <\/a>&#8211; <a href=\"https:\/\/www.usal.edu.ar\/acreditacion\/wp-content\/uploads\/sites\/4\/2025\/08\/Convocatoria_Lic.-Nutricion.pdf.pdf\" data-type=\"link\" data-id=\"https:\/\/www.usal.edu.ar\/acreditacion\/wp-content\/uploads\/sites\/4\/2025\/08\/Convocatoria_Lic.-Nutricion.pdf.pdf\" target=\"_blank\" rel=\"noreferrer noopener\">Convocatoria<\/a>)<\/p>\n\n\n\n<p>Lic. en Sistemas de Informaci\u00f3n Sedes Centro y Pilar (<a href=\"https:\/\/www.usal.edu.ar\/acreditacion\/wp-content\/uploads\/sites\/4\/2024\/08\/Estandares-de-Lic.-en-sistemas-de-informacion-2021.pdf\" target=\"_blank\" rel=\"noreferrer noopener\">Est\u00e1ndares <\/a>&#8211; <a href=\"https:\/\/www.usal.edu.ar\/acreditacion\/wp-content\/uploads\/sites\/4\/2024\/08\/Convocatoria-2022-149-Ingenierias-informaticas-e-industrial.pdf\" target=\"_blank\" rel=\"noreferrer noopener\">Convocatoria<\/a>)<\/p>\n\n\n\n<p>Ingenier\u00eda Industrial Sede Centro y Pilar (<a href=\"https:\/\/www.usal.edu.ar\/acreditacion\/wp-content\/uploads\/sites\/4\/2024\/09\/Estandares-de-Ing.-industrial-2021-1.pdf\" target=\"_blank\" rel=\"noreferrer noopener\">Est\u00e1ndares <\/a>&#8211; <a href=\"https:\/\/www.usal.edu.ar\/acreditacion\/wp-content\/uploads\/sites\/4\/2024\/08\/Convocatoria-2022-149-Ingenierias-informaticas-e-industrial.pdf\" target=\"_blank\" rel=\"noreferrer noopener\">Convocatoria<\/a>)<\/p>\n\n\n\n<p>Veterinaria (<a href=\"https:\/\/www.usal.edu.ar\/acreditacion\/wp-content\/uploads\/sites\/4\/2025\/08\/Estandares-Veterinaria-R.M.-977-2022.pdf\" data-type=\"link\" data-id=\"https:\/\/www.usal.edu.ar\/acreditacion\/wp-content\/uploads\/sites\/4\/2025\/08\/Estandares-Veterinaria-R.M.-977-2022.pdf\" target=\"_blank\" rel=\"noreferrer noopener\">Est\u00e1ndares <\/a>&#8211; <a href=\"https:\/\/www.usal.edu.ar\/acreditacion\/wp-content\/uploads\/sites\/4\/2025\/08\/Convocatoria-Veterinaria.pdf.pdf\" data-type=\"link\" data-id=\"https:\/\/www.usal.edu.ar\/acreditacion\/wp-content\/uploads\/sites\/4\/2025\/08\/Convocatoria-Veterinaria.pdf.pdf\" target=\"_blank\" rel=\"noreferrer noopener\">Convocatoria<\/a>)<\/p>\n<\/div>\n\n\n\n<div class=\"wp-block-group has-global-padding is-layout-constrained wp-block-group-is-layout-constrained\">\n<p>6ta <a href=\"https:\/\/www.usal.edu.ar\/acreditacion\/wp-content\/uploads\/sites\/4\/2024\/09\/Convocatoria-2024-PG-Salud.pdf\" target=\"_blank\" rel=\"noreferrer noopener\">Convocatoria<\/a>, 4ta etapa Posgrados Ciencias de la Salud (<a href=\"https:\/\/www.usal.edu.ar\/acreditacion\/wp-content\/uploads\/sites\/4\/2024\/10\/SALUD_NOTATECNICA.pdf\" data-type=\"link\" data-id=\"https:\/\/www.usal.edu.ar\/acreditacion\/wp-content\/uploads\/sites\/4\/2024\/10\/SALUD_NOTATECNICA.pdf\" target=\"_blank\" rel=\"noreferrer noopener\">Nota t\u00e9cnica CONEAU<\/a>)<\/p>\n<\/div>\n<\/div>\n\n\n\n<div class=\"wp-block-group collapsible is-content-justification-left is-nowrap is-layout-flex wp-container-core-group-is-layout-2bddc4e0 wp-block-group-is-layout-flex\" style=\"border-bottom-color:var(--wp--preset--color--primary);border-bottom-width:3px;padding-top:10px;padding-right:10px;padding-bottom:10px;padding-left:10px\">\n<h5 class=\"wp-block-heading wp-container-content-9cfa9a5a\">Normativa Ministerial<\/h5>\n<\/div>\n\n\n\n<div class=\"wp-block-group has-global-padding is-layout-constrained wp-block-group-is-layout-constrained\">\n<p><a href=\"https:\/\/www.usal.edu.ar\/acreditacion\/wp-content\/uploads\/sites\/4\/2024\/10\/Ley-24521-de-Educacion-Superior.pdf\" data-type=\"link\" data-id=\"https:\/\/www.usal.edu.ar\/acreditacion\/wp-content\/uploads\/sites\/4\/2024\/10\/Ley-24521-de-Educacion-Superior.pdf\" target=\"_blank\" rel=\"noreferrer noopener\">Ley de Educaci\u00f3n Superior N\u00b0 24.521<\/a><\/p>\n\n\n\n<p><a href=\"https:\/\/www.usal.edu.ar\/acreditacion\/wp-content\/uploads\/sites\/4\/2024\/08\/Posgrados-RM-2600-23-criterios-y-estandares-.pdf\" target=\"_blank\" rel=\"noreferrer noopener\">RM 2600-23 Posgrados&nbsp;<\/a><\/p>\n\n\n\n<div class=\"wp-block-group has-global-padding is-layout-constrained wp-block-group-is-layout-constrained\">\n<p><a href=\"https:\/\/www.usal.edu.ar\/acreditacion\/wp-content\/uploads\/sites\/4\/2024\/08\/Educacion-a-Distancia-RM-2599-2023.pdf\" target=\"_blank\" rel=\"noreferrer noopener\">RM 2599-23 Educaci\u00f3n a Distancia<\/a><\/p>\n\n\n\n<p><a href=\"https:\/\/www.usal.edu.ar\/acreditacion\/wp-content\/uploads\/sites\/4\/2024\/08\/SACAU-sistema-argentino-de-creditos-academicos-universitarios-RM-2598-2023-.pdf\" target=\"_blank\" rel=\"noreferrer noopener\">RM 2598-23 Sistema Argentino de Cr\u00e9ditos Acad\u00e9micos Universitarios<\/a><\/p>\n\n\n\n<p><a href=\"https:\/\/www.usal.edu.ar\/acreditacion\/wp-content\/uploads\/sites\/4\/2025\/07\/2025-RE-SE-556.pdf\">RM 556-25 Sistema Argentino de Cr\u00e9ditos Acad\u00e9micos Universitarios<\/a><\/p>\n<\/div>\n<\/div>\n\n\n\n<div class=\"wp-block-group collapsible is-content-justification-left is-nowrap is-layout-flex wp-container-core-group-is-layout-2bddc4e0 wp-block-group-is-layout-flex\" style=\"border-bottom-color:var(--wp--preset--color--primary);border-bottom-width:3px;padding-top:10px;padding-right:10px;padding-bottom:10px;padding-left:10px\">\n<h5 class=\"wp-block-heading wp-container-content-9cfa9a5a\">Normativa CONEAU<\/h5>\n<\/div>\n\n\n\n<div class=\"wp-block-group has-global-padding is-layout-constrained wp-block-group-is-layout-constrained\">\n<p><a href=\"https:\/\/www.usal.edu.ar\/acreditacion\/wp-content\/uploads\/sites\/4\/2024\/08\/Ordenanza-27-codigo-de-etica.pdf\" target=\"_blank\" rel=\"noreferrer noopener\">C\u00f3digo de \u00e9tica<\/a><\/p>\n\n\n\n<p><a href=\"https:\/\/www.usal.edu.ar\/acreditacion\/wp-content\/uploads\/sites\/4\/2024\/08\/Ordenanza012-Pares.pdf\" target=\"_blank\" rel=\"noreferrer noopener\">Conformaci\u00f3n pares evaluadores<\/a><\/p>\n\n\n\n<p><a href=\"https:\/\/www.usal.edu.ar\/acreditacion\/wp-content\/uploads\/sites\/4\/2024\/08\/Ordenanza-No-62-procedimientos-presentacion-carreras-de-grado-nuevas.pdf\" target=\"_blank\" rel=\"noreferrer noopener\">Ordenanza evaluaci\u00f3n de carrera de grado nuevas<\/a><\/p>\n\n\n\n<p><a href=\"https:\/\/www.usal.edu.ar\/acreditacion\/wp-content\/uploads\/sites\/4\/2024\/08\/Ordenanza-N\u00b0-75.-Procedimientos-acreditacion-grado-en-funcionamiento.pdf\" target=\"_blank\" rel=\"noreferrer noopener\">Ordenanza evaluaci\u00f3n de carreras de grado en funcionamiento<\/a><\/p>\n\n\n\n<p><a href=\"https:\/\/www.usal.edu.ar\/acreditacion\/wp-content\/uploads\/sites\/4\/2024\/08\/Ordenanza-No-64-Procedimientos-para-carreras-nuevas-de-posgrado.pdf\" target=\"_blank\" rel=\"noreferrer noopener\">Ordenanza evaluaci\u00f3n de carreras de posgrado nuevos<\/a><\/p>\n\n\n\n<p><a href=\"https:\/\/www.usal.edu.ar\/acreditacion\/wp-content\/uploads\/sites\/4\/2024\/08\/Ordenanza-71-Carreras-en-funcionamiento-de-Posgrado-1.pdf\" target=\"_blank\" rel=\"noreferrer noopener\">Ordenanza evaluaci\u00f3n de carreras de posgrado en funcionamiento<\/a><\/p>\n\n\n\n<p><a href=\"https:\/\/www.usal.edu.ar\/acreditacion\/wp-content\/uploads\/sites\/4\/2024\/08\/Orde070-Seguimiento-de-compromisos.pdf\" target=\"_blank\" rel=\"noreferrer noopener\">Seguimiento de compromisos<\/a><\/p>\n<\/div>\n<\/div>\n","protected":false},"excerpt":{"rendered":"<p>Convocatorias abiertas Agronom\u00eda Sedes Pilar y Corrientes (Est\u00e1ndares &#8211; Convocatoria) Arquitectura (Est\u00e1ndares &#8211; Convocatoria) Ingenier\u00eda en Inform\u00e1tica Sedes Centro y Pilar (Est\u00e1ndares &#8211; Convocatoria) Lic. en Nutrici\u00f3n (Est\u00e1ndares &#8211; Convocatoria) Lic. en Sistemas de Informaci\u00f3n Sedes Centro y Pilar (Est\u00e1ndares &#8211; Convocatoria) Ingenier\u00eda Industrial Sede Centro y Pilar (Est\u00e1ndares &#8211; Convocatoria) Veterinaria (Est\u00e1ndares &#8211; Convocatoria) [&hellip;]<\/p>\n","protected":false},"author":5,"featured_media":0,"parent":0,"menu_order":0,"comment_status":"closed","ping_status":"closed","template":"","meta":{"footnotes":""},"class_list":["post-39","page","type-page","status-publish","hentry"],"_links":{"self":[{"href":"https:\/\/www.usal.edu.ar\/acreditacion\/wp-json\/wp\/v2\/pages\/39","targetHints":{"allow":["GET"]}}],"collection":[{"href":"https:\/\/www.usal.edu.ar\/acreditacion\/wp-json\/wp\/v2\/pages"}],"about":[{"href":"https:\/\/www.usal.edu.ar\/acreditacion\/wp-json\/wp\/v2\/types\/page"}],"author":[{"embeddable":true,"href":"https:\/\/www.usal.edu.ar\/acreditacion\/wp-json\/wp\/v2\/users\/5"}],"replies":[{"embeddable":true,"href":"https:\/\/www.usal.edu.ar\/acreditacion\/wp-json\/wp\/v2\/comments?post=39"}],"version-history":[{"count":72,"href":"https:\/\/www.usal.edu.ar\/acreditacion\/wp-json\/wp\/v2\/pages\/39\/revisions"}],"predecessor-version":[{"id":767,"href":"https:\/\/www.usal.edu.ar\/acreditacion\/wp-json\/wp\/v2\/pages\/39\/revisions\/767"}],"wp:attachment":[{"href":"https:\/\/www.usal.edu.ar\/acreditacion\/wp-json\/wp\/v2\/media?parent=39"}],"curies":[{"name":"wp","href":"https:\/\/api.w.org\/{rel}","templated":true}]}}