{"id":3173,"date":"2024-08-26T16:03:46","date_gmt":"2024-08-26T19:03:46","guid":{"rendered":"https:\/\/www.usal.edu.ar\/fcayv\/?page_id=3173"},"modified":"2024-08-28T16:28:04","modified_gmt":"2024-08-28T19:28:04","slug":"ingreso","status":"publish","type":"page","link":"https:\/\/www.usal.edu.ar\/fcayv\/ingreso\/","title":{"rendered":"Ingreso"},"content":{"rendered":"\n<h3 class=\"wp-block-heading\">Requisitos<\/h3>\n\n\n\n<ul class=\"wp-block-list\">\n<li><strong>Estudios secundarios completos<\/strong> (o t\u00edtulo en tr\u00e1mite)<\/li>\n\n\n\n<li><strong>Inscripci\u00f3n y matriculaci\u00f3n<\/strong><\/li>\n\n\n\n<li><strong>Realizar tu entrevista de admisi\u00f3n<\/strong><\/li>\n\n\n\n<li><strong>Realizar el curso de Nivelaci\u00f3n <\/strong><\/li>\n\n\n\n<li><strong>Si a\u00fan adeud\u00e1s materias del secundario, consultar condiciones en entrevista de admisi\u00f3n<\/strong><\/li>\n<\/ul>\n\n\n\n<p>Para informaci\u00f3n sobre el proceso de inscripci\u00f3n, hac\u00e9 click <a href=\"https:\/\/www.usal.edu.ar\/ingreso\/requisitos-de-inscripcion\/\"><strong>aqu\u00ed<\/strong><\/a><\/p>\n\n\n\n<p>Para completar el formulario e inciar tu proceso de inscripci\u00f3n , hace click<strong> <a href=\"https:\/\/preinscripcion.usal.edu.ar\/preinscripcion\/usal\/alta_usuario\">aqu\u00ed<\/a><\/strong><\/p>\n\n\n\n<h3 class=\"wp-block-heading\">Acompa\u00f1amiento al Alumno<\/h3>\n\n\n\n<h4 class=\"wp-block-heading\">Tutor\u00edas<\/h4>\n\n\n\n<p>Las tutor\u00edas de la Facultad de Ciencias Agrarias y Veterinarias de la Universidad del Salvador tienen por objetivo contribuir a elevar la calidad del proceso formativo, favorecer el buen desempe\u00f1o acad\u00e9mico, reducir el nivel de retrasos o deserciones y promover la comunicaci\u00f3n entre acad\u00e9micos, docentes y estudiantes. Durante tu entrevista de admisi\u00f3n se te asignar\u00e1 un tutor de acuerdo a la carrera y delegaci\u00f3n que hayas elegido.<\/p>\n\n\n\n<p>Son funciones de la tutor\u00eda:<\/p>\n\n\n\n<ul class=\"wp-block-list\">\n<li>Acompa\u00f1ar a los estudiantes en el inicio y trayecto de la vida universitaria, favoreciendo su adaptaci\u00f3n, integraci\u00f3n y participaci\u00f3n.<\/li>\n\n\n\n<li>Supervisar los resultados acad\u00e9micos que va alcanzando el estudiante durante el ciclo lectivo para detectar dificultades y ofrecer orientaci\u00f3n a tiempo.<\/li>\n\n\n\n<li>Identificar dificultades y necesidades que presentan los estudiantes a fin de proponer acciones de mejora continua.<\/li>\n\n\n\n<li>Orientar y acompa\u00f1ar a los estudiantes en la a adquisici\u00f3n de h\u00e1bitos de estudio y el autoconocimiento de habilidades y en la construcci\u00f3n de un itinerario acad\u00e9mico personal.<\/li>\n<\/ul>\n\n\n\n<p>Para comunicarte con nuestro equipo de tutor\u00edas con alguna consulta general, escrib\u00ed a: <a href=\"mailto:victoria.podetti@usal.edu.ar\">victoria.podetti@usal.edu.ar<\/a><\/p>\n\n\n\n<h4 class=\"wp-block-heading\">Talleres de Iniciaci\u00f3n Acad\u00e9mica<\/h4>\n\n\n\n<p><strong>Curso de Ambientaci\u00f3n Universitaria&nbsp;(CAU): <\/strong><\/p>\n\n\n\n<ul class=\"wp-block-list\">\n<li>Es una instancia <strong>obligatoria <\/strong>para todos los alumnos que ingresan a la Universidad, independientemente de la carrera que hayan&nbsp;elegido.<\/li>\n\n\n\n<li>Tiene por objetivo trabajar sobre los aspectos institucionales de la USAL, transmitiendo los fundamentos espirituales y acad\u00e9micos y orientar a los estudiantes en el funcionamiento de la Universidad a fin de facilitar su integraci\u00f3n en la comunidad educativa.<\/li>\n\n\n\n<li>Consiste en un encuentro dividido en tres m\u00f3dulos. Tiene una duraci\u00f3n de una hora y se dicta tanto de forma virtual, como presencial.<\/li>\n\n\n\n<li>Por consultas e inscripci\u00f3n comunicarse a:&nbsp;<a href=\"mailto:cau@usal.edu.ar\" target=\"_blank\" rel=\"noreferrer noopener\">cau@usal.edu.ar<\/a><\/li>\n<\/ul>\n\n\n\n<p><strong>Programa de Acompa\u00f1amiento Universitario (PAU)<\/strong>:<\/p>\n\n\n\n<ul class=\"wp-block-list\">\n<li>Su objetivo es brindar soporte acad\u00e9mico y acompa\u00f1amiento a lo largo de todas las instancias de la trayectoria universitaria de los estudiantes.<\/li>\n\n\n\n<li>Se compone de tres tramos que concuerdan con los diferentes estadios del camino universitario. Cada uno de estos tramos consiste en cursos y talleres de modalidad te\u00f3rico pr\u00e1ctica.<\/li>\n\n\n\n<li>Descripci\u00f3n de los diferentes tramos:\n<ul class=\"wp-block-list\">\n<li><strong>Alumnos ingresantes<\/strong>.&nbsp;Tramo de Inserci\u00f3n y acompa\u00f1amiento formativo. Centrado en ofrecer herramientas metodol\u00f3gicas de estudio y organizaci\u00f3n que asistan a los estudiantes en la transici\u00f3n desde el nivel medio y en su incorporaci\u00f3n a la vida universitaria.<\/li>\n\n\n\n<li><strong>Alumnos intermedios.<\/strong>&nbsp;Tramo de Profundizaci\u00f3n formativa y metodol\u00f3gica. Tiene por objetivo ampliar las herramientas que se requieren para armonizar las demandas que acarrea la continuidad de los estudios superiores y la formaci\u00f3n disciplinaria espec\u00edfica.<\/li>\n\n\n\n<li><strong>Futuros graduados.<\/strong>&nbsp;Tramo de Proyecci\u00f3n profesional. Tiene por finalidad brindar recursos &nbsp;a los futuros egresados que faciliten al alumnado el recorrido de los \u00faltimos a\u00f1os de sus carreras, ofreciendo instrumentos relativos a la familiarizaci\u00f3n con la inserci\u00f3n en el mundo laboral y la finalizaci\u00f3n de sus estudios de grado.&nbsp;<\/li>\n<\/ul>\n<\/li>\n<\/ul>\n","protected":false},"excerpt":{"rendered":"<p>Requisitos Para informaci\u00f3n sobre el proceso de inscripci\u00f3n, hac\u00e9 click aqu\u00ed Para completar el formulario e inciar tu proceso de inscripci\u00f3n , hace click aqu\u00ed Acompa\u00f1amiento al Alumno Tutor\u00edas Las tutor\u00edas de la Facultad de Ciencias Agrarias y Veterinarias de la Universidad del Salvador tienen por objetivo contribuir a elevar la calidad del proceso formativo, [&hellip;]<\/p>\n","protected":false},"author":36,"featured_media":0,"parent":0,"menu_order":0,"comment_status":"closed","ping_status":"closed","template":"","meta":{"_acf_changed":false,"footnotes":""},"class_list":["post-3173","page","type-page","status-publish","hentry"],"acf":[],"_links":{"self":[{"href":"https:\/\/www.usal.edu.ar\/fcayv\/wp-json\/wp\/v2\/pages\/3173","targetHints":{"allow":["GET"]}}],"collection":[{"href":"https:\/\/www.usal.edu.ar\/fcayv\/wp-json\/wp\/v2\/pages"}],"about":[{"href":"https:\/\/www.usal.edu.ar\/fcayv\/wp-json\/wp\/v2\/types\/page"}],"author":[{"embeddable":true,"href":"https:\/\/www.usal.edu.ar\/fcayv\/wp-json\/wp\/v2\/users\/36"}],"replies":[{"embeddable":true,"href":"https:\/\/www.usal.edu.ar\/fcayv\/wp-json\/wp\/v2\/comments?post=3173"}],"version-history":[{"count":8,"href":"https:\/\/www.usal.edu.ar\/fcayv\/wp-json\/wp\/v2\/pages\/3173\/revisions"}],"predecessor-version":[{"id":3190,"href":"https:\/\/www.usal.edu.ar\/fcayv\/wp-json\/wp\/v2\/pages\/3173\/revisions\/3190"}],"wp:attachment":[{"href":"https:\/\/www.usal.edu.ar\/fcayv\/wp-json\/wp\/v2\/media?parent=3173"}],"curies":[{"name":"wp","href":"https:\/\/api.w.org\/{rel}","templated":true}]}}

<h3 class="wp-block-heading">Requisitos</h3>



<ul class="wp-block-list">
<li><strong>Estudios secundarios completos</strong> (o título en trámite)</li>



<li><strong>Inscripción y matriculación</strong></li>



<li><strong>Realizar tu entrevista de admisión</strong></li>



<li><strong>Realizar el curso de Nivelación </strong></li>



<li><strong>Si aún adeudás materias del secundario, consultar condiciones en entrevista de admisión</strong></li>
</ul>



<p>Para información sobre el proceso de inscripción, hacé click <a href="https://www.usal.edu.ar/ingreso/requisitos-de-inscripcion/"><strong>aquí</strong></a></p>



<p>Para completar el formulario e inciar tu proceso de inscripción , hace click<strong> <a href="https://preinscripcion.usal.edu.ar/preinscripcion/usal/alta_usuario">aquí</a></strong></p>



<h3 class="wp-block-heading">Acompañamiento al Alumno</h3>



<h4 class="wp-block-heading">Tutorías</h4>



<p>Las tutorías de la Facultad de Ciencias Agrarias y Veterinarias de la Universidad del Salvador tienen por objetivo contribuir a elevar la calidad del proceso formativo, favorecer el buen desempeño académico, reducir el nivel de retrasos o deserciones y promover la comunicación entre académicos, docentes y estudiantes. Durante tu entrevista de admisión se te asignará un tutor de acuerdo a la carrera y delegación que hayas elegido.</p>



<p>Son funciones de la tutoría:</p>



<ul class="wp-block-list">
<li>Acompañar a los estudiantes en el inicio y trayecto de la vida universitaria, favoreciendo su adaptación, integración y participación.</li>



<li>Supervisar los resultados académicos que va alcanzando el estudiante durante el ciclo lectivo para detectar dificultades y ofrecer orientación a tiempo.</li>



<li>Identificar dificultades y necesidades que presentan los estudiantes a fin de proponer acciones de mejora continua.</li>



<li>Orientar y acompañar a los estudiantes en la a adquisición de hábitos de estudio y el autoconocimiento de habilidades y en la construcción de un itinerario académico personal.</li>
</ul>



<p>Para comunicarte con nuestro equipo de tutorías con alguna consulta general, escribí a: <a href="mailto:victoria.podetti@usal.edu.ar">victoria.podetti@usal.edu.ar</a></p>



<h4 class="wp-block-heading">Talleres de Iniciación Académica</h4>



<p><strong>Curso de Ambientación Universitaria&nbsp;(CAU): </strong></p>



<ul class="wp-block-list">
<li>Es una instancia <strong>obligatoria </strong>para todos los alumnos que ingresan a la Universidad, independientemente de la carrera que hayan&nbsp;elegido.</li>



<li>Tiene por objetivo trabajar sobre los aspectos institucionales de la USAL, transmitiendo los fundamentos espirituales y académicos y orientar a los estudiantes en el funcionamiento de la Universidad a fin de facilitar su integración en la comunidad educativa.</li>



<li>Consiste en un encuentro dividido en tres módulos. Tiene una duración de una hora y se dicta tanto de forma virtual, como presencial.</li>



<li>Por consultas e inscripción comunicarse a:&nbsp;<a href="mailto:cau@usal.edu.ar" target="_blank" rel="noreferrer noopener">cau@usal.edu.ar</a></li>
</ul>



<p><strong>Programa de Acompañamiento Universitario (PAU)</strong>:</p>



<ul class="wp-block-list">
<li>Su objetivo es brindar soporte académico y acompañamiento a lo largo de todas las instancias de la trayectoria universitaria de los estudiantes.</li>



<li>Se compone de tres tramos que concuerdan con los diferentes estadios del camino universitario. Cada uno de estos tramos consiste en cursos y talleres de modalidad teórico práctica.</li>



<li>Descripción de los diferentes tramos:
<ul class="wp-block-list">
<li><strong>Alumnos ingresantes</strong>.&nbsp;Tramo de Inserción y acompañamiento formativo. Centrado en ofrecer herramientas metodológicas de estudio y organización que asistan a los estudiantes en la transición desde el nivel medio y en su incorporación a la vida universitaria.</li>



<li><strong>Alumnos intermedios.</strong>&nbsp;Tramo de Profundización formativa y metodológica. Tiene por objetivo ampliar las herramientas que se requieren para armonizar las demandas que acarrea la continuidad de los estudios superiores y la formación disciplinaria específica.</li>



<li><strong>Futuros graduados.</strong>&nbsp;Tramo de Proyección profesional. Tiene por finalidad brindar recursos &nbsp;a los futuros egresados que faciliten al alumnado el recorrido de los últimos años de sus carreras, ofreciendo instrumentos relativos a la familiarización con la inserción en el mundo laboral y la finalización de sus estudios de grado.&nbsp;</li>
</ul>
</li>
</ul>

<p>Requisitos Para información sobre el proceso de inscripción, hacé click aquí Para completar el formulario e inciar tu proceso de inscripción , hace click aquí Acompañamiento al Alumno Tutorías Las tutorías de la Facultad de Ciencias Agrarias y Veterinarias de la Universidad del Salvador tienen por objetivo contribuir a elevar la calidad del proceso formativo, [&hellip;]</p>
