{"id":3793,"date":"2025-10-16T16:35:49","date_gmt":"2025-10-16T19:35:49","guid":{"rendered":"https:\/\/www.usal.edu.ar\/fcseyc\/?post_type=extension&#038;p=3793"},"modified":"2025-10-16T16:35:49","modified_gmt":"2025-10-16T19:35:49","slug":"imagenes-en-dialogo-arte-comunicacion-y-sociedad","status":"publish","type":"extension","link":"https:\/\/www.usal.edu.ar\/fcseyc\/extension\/imagenes-en-dialogo-arte-comunicacion-y-sociedad\/","title":{"rendered":"Im\u00e1genes en di\u00e1logo: arte, comunicaci\u00f3n y sociedad"},"featured_media":3794,"template":"","meta":{"_acf_changed":false},"class_list":["post-3793","extension","type-extension","status-publish","has-post-thumbnail","hentry"],"acf":[],"_links":{"self":[{"href":"https:\/\/www.usal.edu.ar\/fcseyc\/wp-json\/wp\/v2\/extension\/3793","targetHints":{"allow":["GET"]}}],"collection":[{"href":"https:\/\/www.usal.edu.ar\/fcseyc\/wp-json\/wp\/v2\/extension"}],"about":[{"href":"https:\/\/www.usal.edu.ar\/fcseyc\/wp-json\/wp\/v2\/types\/extension"}],"version-history":[{"count":1,"href":"https:\/\/www.usal.edu.ar\/fcseyc\/wp-json\/wp\/v2\/extension\/3793\/revisions"}],"predecessor-version":[{"id":3795,"href":"https:\/\/www.usal.edu.ar\/fcseyc\/wp-json\/wp\/v2\/extension\/3793\/revisions\/3795"}],"wp:featuredmedia":[{"embeddable":true,"href":"https:\/\/www.usal.edu.ar\/fcseyc\/wp-json\/wp\/v2\/media\/3794"}],"wp:attachment":[{"href":"https:\/\/www.usal.edu.ar\/fcseyc\/wp-json\/wp\/v2\/media?parent=3793"}],"curies":[{"name":"wp","href":"https:\/\/api.w.org\/{rel}","templated":true}]}}

Imágenes en diálogo: arte, comunicación y sociedad
