{"id":2,"date":"2024-05-05T23:17:40","date_gmt":"2024-05-05T21:17:40","guid":{"rendered":"https:\/\/www.usal.edu.ar\/ingenieria\/?page_id=2"},"modified":"2024-07-30T12:47:51","modified_gmt":"2024-07-30T15:47:51","slug":"pagina-ejemplo","status":"publish","type":"page","link":"https:\/\/www.usal.edu.ar\/ingenieria\/","title":{"rendered":"Facultad de Ingenier\u00eda"},"content":{"rendered":"\n<div class=\"wp-block-group has-global-padding is-layout-constrained wp-block-group-is-layout-constrained\">\n<div class=\"wp-block-group is-layout-flow wp-container-core-group-is-layout-3c5488f2 wp-block-group-is-layout-flow\" style=\"margin-top:0;padding-top:0;padding-right:0;padding-bottom:0;padding-left:0\">\n<div class=\"wp-block-group has-global-padding is-layout-constrained wp-block-group-is-layout-constrained\" style=\"margin-top:var(--wp--preset--spacing--30);margin-bottom:var(--wp--preset--spacing--30)\">\n<h2 class=\"wp-block-heading has-text-align-center\" style=\"font-style:normal;font-weight:600;letter-spacing:-2px\">Carreras de Grado<\/h2>\n\n\n\n<hr class=\"wp-block-separator has-text-color has-alpha-channel-opacity has-background linea-base-titulo\" style=\"margin-bottom:var(--wp--preset--spacing--30);background-color:#007c85;color:#007c85\"\/>\n<\/div>\n\n\n<div class=\"propuestas-wrapper\" style=\"background-color: 0F;\"><div class=\"propuesta-item clickeable\"><div class=\"propuesta_nombre\"><a href=\"https:\/\/www.usal.edu.ar\/ingreso\/propuesta\/higiene-y-seguridad-en-el-trabajo-ciclo-de-complementacion-curricular\/\" target=\"_blank\">Higiene y Seguridad en el Trabajo - Ciclo de Complementaci\u00f3n Curricular<\/a><\/div><div class='propuesta_tipos'>   <\/div><\/div><div class=\"propuesta-item clickeable\"><div class=\"propuesta_nombre\"><a href=\"https:\/\/www.usal.edu.ar\/ingenieria\/propuesta\/ingenieria-en-informatica\/\" target=\"_blank\">Ingenier\u00eda en Inform\u00e1tica<\/a><\/div><div class='propuesta_tipos'>   <\/div><\/div><div class=\"propuesta-item clickeable\"><div class=\"propuesta_nombre\"><a href=\"https:\/\/www.usal.edu.ar\/ingenieria\/propuesta\/ingenieria-industrial\/\" target=\"_blank\">Ingenier\u00eda Industrial<\/a><\/div><div class='propuesta_tipos'>   <\/div><\/div><div class=\"propuesta-item clickeable\"><div class=\"propuesta_nombre\"><a href=\"https:\/\/www.usal.edu.ar\/ingreso\/propuesta\/licenciatura-en-ciencias-ambientales\/\" target=\"_blank\">Licenciatura en Ciencias Ambientales<\/a><\/div><div class='propuesta_tipos'>   <\/div><\/div><div class=\"propuesta-item clickeable\"><div class=\"propuesta_nombre\"><a href=\"https:\/\/www.usal.edu.ar\/ingenieria\/propuesta\/licenciatura-en-higiene-y-seguridad-en-el-trabajo\/\" target=\"_blank\">Licenciatura en Higiene y Seguridad en el Trabajo<\/a><\/div><div class='propuesta_tipos'>   <\/div><\/div><div class=\"propuesta-item clickeable\"><div class=\"propuesta_nombre\"><a href=\"https:\/\/www.usal.edu.ar\/ingenieria\/propuesta\/licenciatura-en-sistemas-de-informacion\/\" target=\"_blank\">Licenciatura en Sistemas de Informaci\u00f3n<\/a><\/div><div class='propuesta_tipos'>   <\/div><\/div><\/div>\n<\/div>\n\n\n\n<div class=\"wp-block-group is-layout-flow wp-container-core-group-is-layout-3c5488f2 wp-block-group-is-layout-flow\" style=\"margin-top:0;padding-top:0;padding-right:0;padding-bottom:0;padding-left:0\">\n<div class=\"wp-block-group has-global-padding is-layout-constrained wp-block-group-is-layout-constrained\" style=\"margin-top:var(--wp--preset--spacing--30);margin-bottom:var(--wp--preset--spacing--30)\">\n<h2 class=\"wp-block-heading has-text-align-center\" style=\"font-style:normal;font-weight:600;letter-spacing:-2px\">Posgrado<\/h2>\n\n\n\n<hr class=\"wp-block-separator has-text-color has-alpha-channel-opacity has-background linea-base-titulo\" style=\"margin-bottom:var(--wp--preset--spacing--30);background-color:#007c85;color:#007c85\"\/>\n<\/div>\n\n\n<div class=\"propuestas-wrapper\" style=\"background-color: 0F;\"><div class=\"propuesta-item clickeable\"><div class=\"propuesta_nombre\"><a href=\"https:\/\/www.usal.edu.ar\/ingreso\/propuesta\/especializacion-en-gestion-de-sistemas-de-informacion-state-university-of-new-york\/\" target=\"_blank\">Especializaci\u00f3n en Gesti\u00f3n de Sistemas de Informaci\u00f3n<\/a><\/div><div class='propuesta_tipos'> <svg xmlns=\"http:\/\/www.w3.org\/2000\/svg\" class=\"icon icon-tabler icon-tabler-device-imac\" width=\"22\" height=\"22\" viewBox=\"0 0 24 24\" stroke-width=\"1.5\" stroke=\"#6F6F6F\" fill=\"none\" stroke-linecap=\"round\" stroke-linejoin=\"round\">\r\n\t<title>A Distancia<\/title>\r\n\t<desc>Propuesta modalidad a distancia<\/desc>\r\n\t<path stroke=\"none\" d=\"M0 0h24v24H0z\" fill=\"none\" \/>\r\n\t\t<path d=\"M3 4a1 1 0 0 1 1 -1h16a1 1 0 0 1 1 1v12a1 1 0 0 1 -1 1h-16a1 1 0 0 1 -1 -1v-12z\" \/><path d=\"M3 13h18\" \/> <path d=\"M8 21h8\" \/><path d=\"M10 17l-.5 4\" \/><path d=\"M14 17l.5 4\" \/><\/svg> <svg xmlns=\"http:\/\/www.w3.org\/2000\/svg\" class=\"icon icon-tabler icon-tabler-world\" width=\"22\" height=\"22\" viewBox=\"0 0 24 24\" stroke-width=\"1.5\" stroke=\"#6F6F6F\" fill=\"none\" stroke-linecap=\"round\" stroke-linejoin=\"round\">\r\n\t<title>Internacional<\/title>\r\n\t<desc>Propuesta con programa internacional<\/desc>\r\n\t<path stroke=\"none\" d=\"M0 0h24v24H0z\" fill=\"none\" \/> <path d=\"M3 12a9 9 0 1 0 18 0a9 9 0 0 0 -18 0\" \/> <path d=\"M3.6 9h16.8\" \/> <path d=\"M3.6 15h16.8\" \/> <path d=\"M11.5 3a17 17 0 0 0 0 18\" \/> <path d=\"M12.5 3a17 17 0 0 1 0 18\" \/><\/svg> <\/div><\/div><div class=\"propuesta-item\" style=\"visibility: hidden;\"><\/div><div class=\"leyendas\"><div class=\"leyenda\"><svg xmlns=\"http:\/\/www.w3.org\/2000\/svg\" class=\"icon icon-tabler icon-tabler-device-imac\" width=\"22\" height=\"22\" viewBox=\"0 0 24 24\" stroke-width=\"1.5\" stroke=\"#6F6F6F\" fill=\"none\" stroke-linecap=\"round\" stroke-linejoin=\"round\">\r\n\t<title>A Distancia<\/title>\r\n\t<desc>Propuesta modalidad a distancia<\/desc>\r\n\t<path stroke=\"none\" d=\"M0 0h24v24H0z\" fill=\"none\" \/>\r\n\t\t<path d=\"M3 4a1 1 0 0 1 1 -1h16a1 1 0 0 1 1 1v12a1 1 0 0 1 -1 1h-16a1 1 0 0 1 -1 -1v-12z\" \/><path d=\"M3 13h18\" \/> <path d=\"M8 21h8\" \/><path d=\"M10 17l-.5 4\" \/><path d=\"M14 17l.5 4\" \/><\/svg><div class=\"text\">Modalidad a Distancia<\/div><\/div><div class=\"leyenda\"><svg xmlns=\"http:\/\/www.w3.org\/2000\/svg\" class=\"icon icon-tabler icon-tabler-world\" width=\"22\" height=\"22\" viewBox=\"0 0 24 24\" stroke-width=\"1.5\" stroke=\"#6F6F6F\" fill=\"none\" stroke-linecap=\"round\" stroke-linejoin=\"round\">\r\n\t<title>Internacional<\/title>\r\n\t<desc>Propuesta con programa internacional<\/desc>\r\n\t<path stroke=\"none\" d=\"M0 0h24v24H0z\" fill=\"none\" \/> <path d=\"M3 12a9 9 0 1 0 18 0a9 9 0 0 0 -18 0\" \/> <path d=\"M3.6 9h16.8\" \/> <path d=\"M3.6 15h16.8\" \/> <path d=\"M11.5 3a17 17 0 0 0 0 18\" \/> <path d=\"M12.5 3a17 17 0 0 1 0 18\" \/><\/svg><div class=\"text\">Programa Internacional<\/div><\/div><\/div><\/div>\n<\/div>\n\n\n\n<div class=\"wp-block-group has-base-background-color has-background is-layout-flow wp-container-core-group-is-layout-3c5488f2 wp-block-group-is-layout-flow\" style=\"margin-top:0;padding-top:0;padding-right:0;padding-bottom:0;padding-left:0\">\n<div class=\"wp-block-cover is-light has-base-color has-text-color has-link-color wp-elements-7ca278ac25f5c9b4ac354879e77af589\" style=\"padding-top:10px;padding-bottom:10px;min-height:120px;aspect-ratio:unset;\"><span aria-hidden=\"true\" class=\"wp-block-cover__background has-background-dim-0 has-background-dim\"><\/span><img decoding=\"async\" class=\"wp-block-cover__image-background wp-image-64\" alt=\"\" src=\"https:\/\/www.usal.edu.ar\/fceye\/wp-content\/uploads\/sites\/6\/2024\/02\/c_posgrados.jpg\" data-object-fit=\"cover\"\/><div class=\"wp-block-cover__inner-container is-layout-flow wp-container-core-cover-is-layout-cb5ff812 wp-block-cover-is-layout-flow\">\n<div class=\"wp-block-buttons is-content-justification-center is-layout-flex wp-container-core-buttons-is-layout-a89b3969 wp-block-buttons-is-layout-flex\">\n<div class=\"wp-block-button\"><a class=\"wp-block-button__link has-base-color has-text-color has-link-color wp-element-button\" href=\"\/ingenieria\/diplomaturas\" target=\"_blank\" rel=\"noreferrer noopener\">Diplomaturas<\/a><\/div>\n<\/div>\n<\/div><\/div>\n\n\n\n<div style=\"height:33px\" aria-hidden=\"true\" class=\"wp-block-spacer\"><\/div>\n<\/div>\n\n\n\n<div class=\"wp-block-group alignfull is-layout-flow wp-block-group-is-layout-flow\" style=\"padding-top:0;padding-bottom:0\">\n<div class=\"wp-block-group has-global-padding is-layout-constrained wp-block-group-is-layout-constrained\" style=\"margin-top:var(--wp--preset--spacing--30);margin-bottom:var(--wp--preset--spacing--30)\">\n<h2 class=\"wp-block-heading has-text-align-center\" style=\"font-style:normal;font-weight:600;letter-spacing:-2px\">Novedades<\/h2>\n\n\n\n<hr class=\"wp-block-separator has-text-color has-alpha-channel-opacity has-background linea-base-titulo\" style=\"margin-bottom:var(--wp--preset--spacing--30);background-color:#007c85;color:#007c85\"\/>\n<\/div>\n\n\n\r\n<section class=\"novedades splide\" data-splide='{\"type\":\"slide\"}' aria-label=\"Slider de Novedades\">\r\n  <div class=\"splide__track\">\r\n\t<ul class=\"splide__list\"><li class=\"splide__slide\"><div class=\"novedad-container\" data-link=\"https:\/\/www.usal.edu.ar\/ingenieria\/especializacion-en-gestion-de-sistemas-de-informacion-charla-informativa-2\/\" data-target=\"_blank\"><div class=\"img-container\"><img decoding=\"async\" loading=\"lazy\" class=\"novedad-img\" src=\"https:\/\/www.usal.edu.ar\/ingenieria\/wp-content\/uploads\/sites\/9\/2026\/02\/CharlaInformativaGestionSistemasInformacion2026-2.jpg\"><\/div><div class=\"titulo-container\"><p class=\"titulo\">Especializaci\u00f3n en Gesti\u00f3n de Sistemas de Informaci\u00f3n - Charla Informativa<\/p><\/div><\/div><\/li><li class=\"splide__slide\"><div class=\"novedad-container\" data-link=\"https:\/\/www.usal.edu.ar\/ingenieria\/higiene-y-seguridad-en-el-trabajo-ciclo-de-complementacion-curricular\/\"><div class=\"img-container\"><img decoding=\"async\" loading=\"lazy\" class=\"novedad-img\" src=\"https:\/\/www.usal.edu.ar\/ingenieria\/wp-content\/uploads\/sites\/9\/2026\/02\/image.png\"><\/div><div class=\"titulo-container\"><p class=\"titulo\">HIGIENE Y SEGURIDAD EN EL TRABAJO: Ciclo de complementaci\u00f3n curricular<\/p><\/div><\/div><\/li><li class=\"splide__slide\"><div class=\"novedad-container\" data-link=\"https:\/\/www.usal.edu.ar\/ingenieria\/dia-mundial-de-los-humedales-proteger-ecosistemas-vitales\/\"><div class=\"img-container\"><img decoding=\"async\" loading=\"lazy\" class=\"novedad-img\" src=\"https:\/\/www.usal.edu.ar\/ingenieria\/wp-content\/uploads\/sites\/9\/2026\/01\/Humedales.jpg\"><\/div><div class=\"titulo-container\"><p class=\"titulo\">D\u00eda Mundial de los Humedales: proteger ecosistemas vitales<\/p><\/div><\/div><\/li><li class=\"splide__slide\"><div class=\"novedad-container\" data-link=\"https:\/\/www.usal.edu.ar\/ingenieria\/especializacion-en-gestion-de-sistemas-de-informacion-charla-informativa-2\/\" data-target=\"_blank\"><div class=\"img-container\"><img decoding=\"async\" loading=\"lazy\" class=\"novedad-img\" src=\"https:\/\/www.usal.edu.ar\/ingenieria\/wp-content\/uploads\/sites\/9\/2025\/09\/EGSI-CharlaInformativa2025-3.jpg\"><\/div><div class=\"titulo-container\"><p class=\"titulo\">Especializaci\u00f3n en Gesti\u00f3n de Sistemas de Informaci\u00f3n - Charla Informativa<\/p><\/div><\/div><\/li><li class=\"splide__slide\"><div class=\"novedad-container\" data-link=\"https:\/\/www.usal.edu.ar\/ingenieria\/clase-especial-en-planeamiento-ambiental-cultura-estetica-y-conciencia-ambiental\/\"><div class=\"img-container\"><img decoding=\"async\" loading=\"lazy\" class=\"novedad-img\" src=\"https:\/\/www.usal.edu.ar\/ingenieria\/wp-content\/uploads\/sites\/9\/2025\/09\/Nota-3-Foto-1.jpg\"><\/div><div class=\"titulo-container\"><p class=\"titulo\">Clase especial en Planeamiento Ambiental: Cultura, Est\u00e9tica y Conciencia Ambiental<\/p><\/div><\/div><\/li><li class=\"splide__slide\"><div class=\"novedad-container\" data-link=\"https:\/\/www.usal.edu.ar\/ingenieria\/la-facultad-de-ingenieria-presente-en-el-ix-congreso-argentino-de-ingenieria-mecanica-y-el-iv-congreso-de-ingenieria-ferroviaria\/\"><div class=\"img-container\"><img decoding=\"async\" loading=\"lazy\" class=\"novedad-img\" src=\"https:\/\/www.usal.edu.ar\/ingenieria\/wp-content\/uploads\/sites\/9\/2025\/09\/Nota-2-Foto-1.jpg\"><\/div><div class=\"titulo-container\"><p class=\"titulo\">La Facultad de Ingenier\u00eda presente en el IX Congreso Argentino de Ingenier\u00eda Mec\u00e1nica y el IV Congreso de Ingenier\u00eda Ferroviaria<\/p><\/div><\/div><\/li><li class=\"splide__slide\"><div class=\"novedad-container\" data-link=\"https:\/\/www.usal.edu.ar\/ingenieria\/experiencia-internacional-bautista-cicercia-en-la-universidad-de-alcala-de-henares-espana\/\"><div class=\"img-container\"><img decoding=\"async\" loading=\"lazy\" class=\"novedad-img\" src=\"https:\/\/www.usal.edu.ar\/ingenieria\/wp-content\/uploads\/sites\/9\/2025\/09\/Nota-1-Foto-1.jpg\"><\/div><div class=\"titulo-container\"><p class=\"titulo\">Experiencia Internacional: Bautista Cicercia en la Universidad de Alcal\u00e1 de Henares (Espa\u00f1a)<\/p><\/div><\/div><\/li><li class=\"splide__slide\"><div class=\"novedad-container\" data-link=\"https:\/\/www.usal.edu.ar\/ingenieria\/fortaleciendo-vinculos\/\"><div class=\"img-container\"><img decoding=\"async\" loading=\"lazy\" class=\"novedad-img\" src=\"https:\/\/www.usal.edu.ar\/ingenieria\/wp-content\/uploads\/sites\/9\/2025\/08\/FV-01.jpg\"><\/div><div class=\"titulo-container\"><p class=\"titulo\">Fortaleciendo v\u00ednculos<\/p><\/div><\/div><\/li><li class=\"splide__slide\"><div class=\"novedad-container\" data-link=\"https:\/\/www.usal.edu.ar\/ingenieria\/saludos-pascuales-2025\/\" data-target=\"_blank\"><div class=\"img-container\"><img decoding=\"async\" loading=\"lazy\" class=\"novedad-img\" src=\"https:\/\/www.usal.edu.ar\/ingenieria\/wp-content\/uploads\/sites\/9\/2025\/04\/pascuas-scaled.jpg\"><\/div><div class=\"titulo-container\"><p class=\"titulo\">Saludos pascuales<\/p><\/div><\/div><\/li><li class=\"splide__slide\"><div class=\"novedad-container\" data-link=\"https:\/\/www.usal.edu.ar\/ingenieria\/especializacion-en-gestion-de-sistemas-de-informacion-charla-informativa-2\/\" data-target=\"_blank\"><div class=\"img-container\"><img decoding=\"async\" loading=\"lazy\" class=\"novedad-img\" src=\"https:\/\/www.usal.edu.ar\/ingenieria\/wp-content\/uploads\/sites\/9\/2025\/04\/EGSI-CharlaInformativa2025-2.jpg\"><\/div><div class=\"titulo-container\"><p class=\"titulo\">Especializaci\u00f3n en Gesti\u00f3n de Sistemas de Informaci\u00f3n - Charla Informativa<\/p><\/div><\/div><\/li><li class=\"splide__slide\"><div class=\"novedad-container\" data-link=\"https:\/\/www.usal.edu.ar\/ingenieria\/especializacion-en-gestion-de-sistemas-de-informacion-charla-informativa\/\" data-target=\"_blank\"><div class=\"img-container\"><img decoding=\"async\" loading=\"lazy\" class=\"novedad-img\" src=\"https:\/\/www.usal.edu.ar\/ingenieria\/wp-content\/uploads\/sites\/9\/2025\/02\/EGSI-CharlaInformativa2025-1.jpg\"><\/div><div class=\"titulo-container\"><p class=\"titulo\">Especializaci\u00f3n en Gesti\u00f3n de Sistemas de Informaci\u00f3n - Charla Informativa<\/p><\/div><\/div><\/li><li class=\"splide__slide\"><div class=\"novedad-container\" data-link=\"https:\/\/www.usal.edu.ar\/ingenieria\/comienza-el-curso-de-nivelacion\/\" data-target=\"_blank\"><div class=\"img-container\"><img decoding=\"async\" loading=\"lazy\" class=\"novedad-img\" src=\"https:\/\/www.usal.edu.ar\/ingenieria\/wp-content\/uploads\/sites\/9\/2025\/02\/Agenda-01.jpg\"><\/div><div class=\"titulo-container\"><p class=\"titulo\">Comienza el curso de nivelaci\u00f3n 2025<\/p><\/div><\/div><\/li><li class=\"splide__slide\"><div class=\"novedad-container\" data-link=\"https:\/\/www.usal.edu.ar\/ingenieria\/mira-la-oferta-que-tenemos-para-vos-en-la-facultad-de-ingenieria\/\" data-target=\"_blank\"><div class=\"img-container\"><img decoding=\"async\" loading=\"lazy\" class=\"novedad-img\" src=\"https:\/\/www.usal.edu.ar\/ingenieria\/wp-content\/uploads\/sites\/9\/2025\/02\/Flyer-carreras-2025.jpg\"><\/div><div class=\"titulo-container\"><p class=\"titulo\">\u00a1Mir\u00e1 la oferta que tenemos para vos!<\/p><\/div><\/div><\/li><li class=\"splide__slide\"><div class=\"novedad-container\" data-link=\"https:\/\/www.usal.edu.ar\/ingenieria\/curso-ejecutivo-en-robotica-industrial-nivel-inicial\/\" data-target=\"_blank\"><div class=\"img-container\"><img decoding=\"async\" loading=\"lazy\" class=\"novedad-img\" src=\"https:\/\/www.usal.edu.ar\/ingenieria\/wp-content\/uploads\/sites\/9\/2024\/10\/Imagen-Portada-charla.png\"><\/div><div class=\"titulo-container\"><p class=\"titulo\">Curso Ejecutivo en Rob\u00f3tica Industrial Nivel Inicial - Alianza: Rob\u00f3tica Industrial + Universidad del Salvador<\/p><\/div><\/div><\/li><li class=\"splide__slide\"><div class=\"novedad-container\" data-link=\"https:\/\/www.usal.edu.ar\/ingenieria\/curso-ejecutivo-robotica-industrial-inicial\/\" data-target=\"_blank\"><div class=\"img-container\"><img decoding=\"async\" loading=\"lazy\" class=\"novedad-img\" src=\"https:\/\/www.usal.edu.ar\/ingenieria\/wp-content\/uploads\/sites\/9\/2024\/10\/Imagen-Portada-e1728450943381.png\"><\/div><div class=\"titulo-container\"><p class=\"titulo\">Curso Ejecutivo en Rob\u00f3tica Industrial Nivel Inicial - Alianza: Rob\u00f3tica Industrial + Universidad del Salvador - Charla Informativa<\/p><\/div><\/div><\/li><li class=\"splide__slide\"><div class=\"novedad-container\" data-link=\"https:\/\/lenguas.usal.edu.ar\/lenguas_cursos-idiomas6\" data-target=\"_blank\"><div class=\"img-container\"><img decoding=\"async\" loading=\"lazy\" class=\"novedad-img\" src=\"https:\/\/www.usal.edu.ar\/ingenieria\/wp-content\/uploads\/sites\/9\/2024\/05\/flyeridiomasusal-01-23.jpg\"><\/div><div class=\"titulo-container\"><p class=\"titulo\">Centro de Idiomas<\/p><\/div><\/div><\/li><li class=\"splide__slide\"><div class=\"novedad-container\" data-link=\"https:\/\/servicios.usal.edu.ar\/Noticias\/ingenieria\/index.php\" data-target=\"_blank\"><div class=\"img-container\"><img decoding=\"async\" loading=\"lazy\" class=\"novedad-img\" src=\"https:\/\/www.usal.edu.ar\/ingenieria\/wp-content\/uploads\/sites\/9\/2024\/05\/Grado-1024x644-1.jpg\"><\/div><div class=\"titulo-container\"><p class=\"titulo\">Informaci\u00f3n para Alumnos<\/p><\/div><\/div><\/li>\r\n\t<\/ul>\r\n  <\/div>\r\n<\/section>\r\n\t\n<\/div>\n<\/div>\n","protected":false},"excerpt":{"rendered":"<p>Carreras de Grado Posgrado Novedades<\/p>\n","protected":false},"author":1,"featured_media":6,"parent":0,"menu_order":0,"comment_status":"closed","ping_status":"open","template":"wp-custom-template-pagina-ancha-titulo-sobre-destacada","meta":{"_acf_changed":false,"footnotes":""},"class_list":["post-2","page","type-page","status-publish","has-post-thumbnail","hentry"],"acf":[],"_links":{"self":[{"href":"https:\/\/www.usal.edu.ar\/ingenieria\/wp-json\/wp\/v2\/pages\/2","targetHints":{"allow":["GET"]}}],"collection":[{"href":"https:\/\/www.usal.edu.ar\/ingenieria\/wp-json\/wp\/v2\/pages"}],"about":[{"href":"https:\/\/www.usal.edu.ar\/ingenieria\/wp-json\/wp\/v2\/types\/page"}],"author":[{"embeddable":true,"href":"https:\/\/www.usal.edu.ar\/ingenieria\/wp-json\/wp\/v2\/users\/1"}],"replies":[{"embeddable":true,"href":"https:\/\/www.usal.edu.ar\/ingenieria\/wp-json\/wp\/v2\/comments?post=2"}],"version-history":[{"count":8,"href":"https:\/\/www.usal.edu.ar\/ingenieria\/wp-json\/wp\/v2\/pages\/2\/revisions"}],"predecessor-version":[{"id":464,"href":"https:\/\/www.usal.edu.ar\/ingenieria\/wp-json\/wp\/v2\/pages\/2\/revisions\/464"}],"wp:featuredmedia":[{"embeddable":true,"href":"https:\/\/www.usal.edu.ar\/ingenieria\/wp-json\/wp\/v2\/media\/6"}],"wp:attachment":[{"href":"https:\/\/www.usal.edu.ar\/ingenieria\/wp-json\/wp\/v2\/media?parent=2"}],"curies":[{"name":"wp","href":"https:\/\/api.w.org\/{rel}","templated":true}]}}