{"id":67,"date":"2024-05-07T00:36:40","date_gmt":"2024-05-07T03:36:40","guid":{"rendered":"https:\/\/www.usal.edu.ar\/ingenieria\/?page_id=67"},"modified":"2024-06-06T00:10:38","modified_gmt":"2024-06-06T03:10:38","slug":"resena","status":"publish","type":"page","link":"https:\/\/www.usal.edu.ar\/ingenieria\/resena\/","title":{"rendered":"Rese\u00f1a"},"content":{"rendered":"\n<p>Con una gran vocaci\u00f3n de servicio, la Compa\u00f1\u00eda de Jes\u00fas fund\u00f3 el Instituto Superior en Filosof\u00eda el 8 de junio de 1944. Este acto refleja la visi\u00f3n noble de un equipo dedicado a inspirar y generar conocimiento para las generaciones futuras.<\/p>\n\n\n\n<p>El 2 de mayo de 1956 se firm\u00f3 el acta de \u201cFundaci\u00f3n de las Facultades Universitarias del Salvador\u201d y el 8 de diciembre de 1959, se iniciaron las funciones como universidad privada bajo el nombre de \u201cUniversidad del Salvador\u201d.<\/p>\n\n\n\n<p>Despu\u00e9s de m\u00e1s de 66 a\u00f1os, la Universidad se mantiene firme con m\u00e1s de 13 Facultades y Escuelas, adquiriendo millas de estudiantes.<\/p>\n\n\n\n<p>En el actual contexto socioecon\u00f3mico y ante la creciente demanda de profesionales con formaci\u00f3n cient\u00edfica y tecnol\u00f3gica, la Universidad del Salvador cre\u00f3 en febrero de 2014 la Facultad de Ingenier\u00eda, dedicada a formar ingenieros y licenciados l\u00edderes en su campo.:<\/p>\n\n\n\n<ul class=\"wp-block-list\">\n<li>Con conocimiento te\u00f3rico y aplicado en sus \u00e1reas de especialidad.<\/li>\n\n\n\n<li>Conscientes de su responsabilidad social.<\/li>\n\n\n\n<li>Capaces de gestionar su desarrollo personal, profesional y social.<\/li>\n<\/ul>\n\n\n\n<p>La Facultad de Ingenier\u00eda se proyecta tanto a nivel nacional como internacional, con un enfoque en la responsabilidad social para satisfacer las necesidades actuales y futuras. Esto incluye la formaci\u00f3n y actualizaci\u00f3n de graduados l\u00edderes y emprendedores, as\u00ed como la investigaci\u00f3n, desarrollo e innovaci\u00f3n a trav\u00e9s de su Instituto de Investigaci\u00f3n en Ciencia y Tecnolog\u00eda, en \u00e1reas estrat\u00e9gicas para el desarrollo sustentable del pa\u00eds.<\/p>\n\n\n\n<p><\/p>\n\n\n\n<h4 class=\"wp-block-heading\">Nuestras Carreras<\/h4>\n\n\n\n<p>Durante estos a\u00f1os, la Facultad de Ingenier\u00eda ha desarrollado su actividad en dos sedes: Buenos Aires y Nuestra Se\u00f1ora del Pilar, ofreciendo las siguientes carreras de grado:<\/p>\n\n\n\n<ul class=\"wp-block-list\">\n<li><strong>Ingenier\u00eda Industrial<\/strong> (ambas sedes)<\/li>\n\n\n\n<li><strong>Ingenier\u00eda en Inform\u00e1tica<\/strong> (ambas sedes)<\/li>\n\n\n\n<li><strong>Licenciatura en Sistemas de Informaci\u00f3n<\/strong> (ambas sedes)<\/li>\n\n\n\n<li><strong>Licenciatura en Higiene y Seguridad en el Trabajo <\/strong>(sede Buenos Aires)<\/li>\n<\/ul>\n\n\n\n<h4 class=\"wp-block-heading\">Nuevas Ofertas Acad\u00e9micas<\/h4>\n\n\n\n<p>Conscientes de las nuevas necesidades educativas, la Facultad ha desarrollado diplomaturas orientadas a quienes buscan una formaci\u00f3n acad\u00e9mica s\u00f3lida, de menor duraci\u00f3n y con alta proyecci\u00f3n laboral. Las diplomaturas ofrecidas hijo:<\/p>\n\n\n\n<ul class=\"wp-block-list\">\n<li><strong>Diplomatura Universitaria en Rob\u00f3tica Educativa y Programaci\u00f3n aplicada a proyectos<\/strong> : En colaboraci\u00f3n con la empresa Rasti, dirigida a docentes de todos los niveles educativos y profesionales universitarios involucrados en el \u00e1mbito escolar.<\/li>\n\n\n\n<li><strong>D<strong>iplomatura Universitaria <em><strong>Industria 5.0 &#8211; Empresas Inteligentes, sustentables y centradas en las personas Diplomatura Universitaria \/ A distancia<\/strong><\/em><\/strong><\/strong> : Orientada a quienes desean conocer y comprender las nuevas tecnolog\u00edas, la gesti\u00f3n de personas y los procesos en organizaciones de servicios y fabricaci\u00f3n, en el marco de la Industria 5.0.<\/li>\n<\/ul>\n\n\n\n<h4 class=\"wp-block-heading\">Contribuci\u00f3n al Desarrollo Tecnol\u00f3gico<\/h4>\n\n\n\n<p>Nuestra visi\u00f3n incluye importantes aspectos diferenciadores que subrayan nuestra contribuci\u00f3n al desarrollo tecnol\u00f3gico del pa\u00eds y del mundo. La Facultad de Ingenier\u00eda, con su tradici\u00f3n tecnol\u00f3gica y cient\u00edfica, sigue creciendo y adapt\u00e1ndose a las necesidades del mercado y la sociedad, siempre con un firme compromiso con la calidad educativa y la innovaci\u00f3n.<\/p>\n\n\n\n<h4 class=\"wp-block-heading\">Acreditaci\u00f3n CONEAU<\/h4>\n\n\n\n<p>La calidad educativa es un pilar fundamental para la Facultad de Ingenier\u00eda. Todas nuestras carreras est\u00e1n acreditadas por la Comisi\u00f3n Nacional de Evaluaci\u00f3n y Acreditaci\u00f3n Universitaria (CONEAU), asegurando los m\u00e1s altos est\u00e1ndares acad\u00e9micos. Adem\u00e1s, contamos con la Comisi\u00f3n de Autoevaluaci\u00f3n, la Comisi\u00f3n de Seguimiento Curricular, las coordinaciones de los distintos bloques curriculares y la Comisi\u00f3n de Graduados para cada una de nuestras carreras.<\/p>\n\n\n\n<h4 class=\"wp-block-heading\">Alianzas Estrat\u00e9gicas<\/h4>\n\n\n\n<p>Trabajamos en conjunto con el Instituto de Investigaciones en Ciencia y Tecnolog\u00eda, que lidera una gran variedad de proyectos en Inform\u00e1tica, Tecnolog\u00eda Industrial y Medio Ambiente. Las actividades del instituto se centran en:<\/p>\n\n\n\n<ul class=\"wp-block-list\">\n<li><strong>Ejecuci\u00f3n de proyectos de investigaci\u00f3n<\/strong> : Fomentando la colaboraci\u00f3n continua entre grupos multidisciplinarios.<\/li>\n\n\n\n<li><strong>Cooperaci\u00f3n con empresas<\/strong> : En \u00e1reas de investigaci\u00f3n, desarrollo e innovaci\u00f3n.<\/li>\n\n\n\n<li><strong>Fomento de relaciones internacionales<\/strong> : Creando redes de calidad con centros de investigaci\u00f3n globales.<\/li>\n<\/ul>\n\n\n\n<p>Un alto porcentaje de nuestros docentes investigadores y estudiantes participan en proyectos de vanguardia en \u00e1reas como Inteligencia Artificial, Seguridad Inform\u00e1tica, Internet de las Cosas, Energ\u00eda Sustentable, Blockchain, Rob\u00f3tica, Realidad Virtual, Log\u00edstica, Calidad e Industria 4.0, entre otros.<\/p>\n\n\n\n<h4 class=\"wp-block-heading\">Vinculaci\u00f3n y Extensi\u00f3n<\/h4>\n\n\n\n<p>Para fortalecer la conexi\u00f3n con la sociedad, nuestro Instituto de Investigaci\u00f3n desarrolla un programa de extensi\u00f3n y vinculaci\u00f3n que atiende las necesidades de diversas comunidades:<\/p>\n\n\n\n<ul class=\"wp-block-list\">\n<li><strong>Profesionales y Estudiantes<\/strong><\/li>\n\n\n\n<li><strong>Comunidad Cient\u00edfica<\/strong><\/li>\n\n\n\n<li><strong>Organismos Estatales y ONG<\/strong><\/li>\n\n\n\n<li><strong>Comunidad en General<\/strong><\/li>\n<\/ul>\n\n\n\n<p>Cada grupo tiene actividades espec\u00edficas que promueven la transferencia de conocimientos y actualizaciones \u00fatiles, fomentando la colaboraci\u00f3n entre estudiantes y docentes.<\/p>\n","protected":false},"excerpt":{"rendered":"<p>Con una gran vocaci\u00f3n de servicio, la Compa\u00f1\u00eda de Jes\u00fas fund\u00f3 el Instituto Superior en Filosof\u00eda el 8 de junio de 1944. Este acto refleja la visi\u00f3n noble de un equipo dedicado a inspirar y generar conocimiento para las generaciones futuras. El 2 de mayo de 1956 se firm\u00f3 el acta de \u201cFundaci\u00f3n de las [&hellip;]<\/p>\n","protected":false},"author":5,"featured_media":0,"parent":0,"menu_order":0,"comment_status":"closed","ping_status":"closed","template":"","meta":{"_acf_changed":false,"footnotes":""},"class_list":["post-67","page","type-page","status-publish","hentry"],"acf":[],"_links":{"self":[{"href":"https:\/\/www.usal.edu.ar\/ingenieria\/wp-json\/wp\/v2\/pages\/67","targetHints":{"allow":["GET"]}}],"collection":[{"href":"https:\/\/www.usal.edu.ar\/ingenieria\/wp-json\/wp\/v2\/pages"}],"about":[{"href":"https:\/\/www.usal.edu.ar\/ingenieria\/wp-json\/wp\/v2\/types\/page"}],"author":[{"embeddable":true,"href":"https:\/\/www.usal.edu.ar\/ingenieria\/wp-json\/wp\/v2\/users\/5"}],"replies":[{"embeddable":true,"href":"https:\/\/www.usal.edu.ar\/ingenieria\/wp-json\/wp\/v2\/comments?post=67"}],"version-history":[{"count":6,"href":"https:\/\/www.usal.edu.ar\/ingenieria\/wp-json\/wp\/v2\/pages\/67\/revisions"}],"predecessor-version":[{"id":200,"href":"https:\/\/www.usal.edu.ar\/ingenieria\/wp-json\/wp\/v2\/pages\/67\/revisions\/200"}],"wp:attachment":[{"href":"https:\/\/www.usal.edu.ar\/ingenieria\/wp-json\/wp\/v2\/media?parent=67"}],"curies":[{"name":"wp","href":"https:\/\/api.w.org\/{rel}","templated":true}]}}