{"id":80,"date":"2024-05-07T00:45:33","date_gmt":"2024-05-07T03:45:33","guid":{"rendered":"https:\/\/www.usal.edu.ar\/ingenieria\/?page_id=80"},"modified":"2024-05-26T21:03:50","modified_gmt":"2024-05-27T00:03:50","slug":"coneau","status":"publish","type":"page","link":"https:\/\/www.usal.edu.ar\/ingenieria\/coneau\/","title":{"rendered":"CONEAU"},"content":{"rendered":"\n<p><strong><em>Acreditaci\u00f3n y Calidad: Garant\u00eda de Excelencia en Nuestra Universidad<\/em><\/strong><\/p>\n\n\n\n<p>En nuestra universidad, nos tomamos muy en serio la calidad de la educaci\u00f3n que ofrecemos. Por eso, nuestras carreras de ingenier\u00eda est\u00e1n acreditadas por la Comisi\u00f3n Nacional de Evaluaci\u00f3n y Acreditaci\u00f3n Universitaria (CONEAU). Pero, \u00bfqu\u00e9 significa esto para vos?<\/p>\n\n\n\n<p><strong>\u00bfQu\u00e9 es la CONEAU?<\/strong><\/p>\n\n\n\n<p>La CONEAU (Comisi\u00f3n Nacional de Evaluaci\u00f3n y Acreditaci\u00f3n Universitaria) es una entidad que asegura que las carreras universitarias cumplan con altos est\u00e1ndares de calidad. Esta comisi\u00f3n revisa y eval\u00faa peri\u00f3dicamente nuestros programas para garantizar que recibas la mejor formaci\u00f3n posible.<\/p>\n\n\n\n<p><strong>\u00bfPor qu\u00e9 es importante la acreditaci\u00f3n?<\/strong><\/p>\n\n\n\n<p>La acreditaci\u00f3n es crucial porque asegura que las carreras, especialmente aquellas cuyo ejercicio profesional puede afectar la salud, seguridad, derechos, bienes o la formaci\u00f3n de las personas, cumplan con todos los requisitos necesarios. Por ejemplo, carreras como Ingenier\u00eda Industrial est\u00e1n reguladas por el Estado y deben pasar por este riguroso proceso.<\/p>\n\n\n\n<p><strong>\u00bfC\u00f3mo funciona el proceso de acreditaci\u00f3n?<\/strong><\/p>\n\n\n\n<p><strong>Autoevaluaci\u00f3n<\/strong>: Cada carrera realiza una autoevaluaci\u00f3n exhaustiva que dura unos cuatro meses. Este informe analiza todos los aspectos de la carrera, desde los planos de estudio hasta los resultados obtenidos.<\/p>\n\n\n\n<p><strong>Comit\u00e9 de Pares:<\/strong> Un grupo de expertos revisa el informe de autoevaluaci\u00f3n, visita la universidad y elabora un dictamen. Este dictamen incluye un juicio evaluativo y recomendaciones para mejorar.<\/p>\n\n\n\n<p><strong>Planes de Mejoramiento:<\/strong> Si se identifican \u00e1reas de mejora, se crean planes espec\u00edficos para asegurar que la carrera cumpla con los est\u00e1ndares de calidad exigidos.<\/p>\n\n\n\n<p><strong>\u00bfQu\u00e9 significa esto para vos?<\/strong><\/p>\n\n\n\n<p>Estudiar una carrera acreditada por la CONEAU significa que recibir\u00e1s una educaci\u00f3n de alta calidad, reconocida a nivel nacional. Esto no solo te prepara mejor para tu futuro profesional, sino que tambi\u00e9n te da una ventaja competitiva en el mercado laboral.<\/p>\n","protected":false},"excerpt":{"rendered":"<p>Acreditaci\u00f3n y Calidad: Garant\u00eda de Excelencia en Nuestra Universidad En nuestra universidad, nos tomamos muy en serio la calidad de la educaci\u00f3n que ofrecemos. Por eso, nuestras carreras de ingenier\u00eda est\u00e1n acreditadas por la Comisi\u00f3n Nacional de Evaluaci\u00f3n y Acreditaci\u00f3n Universitaria (CONEAU). Pero, \u00bfqu\u00e9 significa esto para vos? \u00bfQu\u00e9 es la CONEAU? La CONEAU (Comisi\u00f3n [&hellip;]<\/p>\n","protected":false},"author":5,"featured_media":0,"parent":0,"menu_order":0,"comment_status":"closed","ping_status":"closed","template":"","meta":{"_acf_changed":false,"footnotes":""},"class_list":["post-80","page","type-page","status-publish","hentry"],"acf":[],"_links":{"self":[{"href":"https:\/\/www.usal.edu.ar\/ingenieria\/wp-json\/wp\/v2\/pages\/80","targetHints":{"allow":["GET"]}}],"collection":[{"href":"https:\/\/www.usal.edu.ar\/ingenieria\/wp-json\/wp\/v2\/pages"}],"about":[{"href":"https:\/\/www.usal.edu.ar\/ingenieria\/wp-json\/wp\/v2\/types\/page"}],"author":[{"embeddable":true,"href":"https:\/\/www.usal.edu.ar\/ingenieria\/wp-json\/wp\/v2\/users\/5"}],"replies":[{"embeddable":true,"href":"https:\/\/www.usal.edu.ar\/ingenieria\/wp-json\/wp\/v2\/comments?post=80"}],"version-history":[{"count":5,"href":"https:\/\/www.usal.edu.ar\/ingenieria\/wp-json\/wp\/v2\/pages\/80\/revisions"}],"predecessor-version":[{"id":165,"href":"https:\/\/www.usal.edu.ar\/ingenieria\/wp-json\/wp\/v2\/pages\/80\/revisions\/165"}],"wp:attachment":[{"href":"https:\/\/www.usal.edu.ar\/ingenieria\/wp-json\/wp\/v2\/media?parent=80"}],"curies":[{"name":"wp","href":"https:\/\/api.w.org\/{rel}","templated":true}]}}