{"id":884,"date":"2025-04-18T15:48:32","date_gmt":"2025-04-18T18:48:32","guid":{"rendered":"https:\/\/www.usal.edu.ar\/ingenieria\/?page_id=884"},"modified":"2025-04-18T15:55:48","modified_gmt":"2025-04-18T18:55:48","slug":"saludos-pascuales-2025","status":"publish","type":"page","link":"https:\/\/www.usal.edu.ar\/ingenieria\/saludos-pascuales-2025\/","title":{"rendered":"Saludos pascuales"},"content":{"rendered":"\n<h4 class=\"wp-block-heading\">A toda la Comunidad de la Facultad de Ingenier\u00eda \u2013 Universidad del Salvador<\/h4>\n\n\n\n<h6 class=\"wp-block-heading has-large-font-size\">Mensaje por Semana Santa y Pascuas<\/h6>\n\n\n\n<p>Estimados profesores, alumnos y miembros de la comunidad de la Facultad de Ingenier\u00eda:<\/p>\n\n\n\n<p>En esta Semana Santa, tiempo de recogimiento, esperanza y renovaci\u00f3n, queremos acercarnos a cada uno de ustedes para compartir un mensaje de unidad, fe y reflexi\u00f3n. Este tiempo lit\u00fargico nos invita a detenernos en medio de nuestras tareas cotidianas, para contemplar el profundo significado del sacrificio, la entrega y la Resurrecci\u00f3n de Cristo.<\/p>\n\n\n\n<p>La Pascua es, sobre todo, un llamado a la vida nueva, al renacimiento interior y al encuentro con los dem\u00e1s desde la luz del amor, la paz y la esperanza. Es un momento propicio para renovar nuestros valores humanos y cristianos, y para fortalecer nuestra vocaci\u00f3n de servicio en el camino del conocimiento y el crecimiento personal y profesional.<\/p>\n\n\n\n<p>Desde la Facultad de Ingenier\u00eda, les deseamos a todos unas Pascuas colmadas de bendiciones, rodeados del amor de sus seres queridos y con la esperanza renovada que brota del mensaje pascual.<\/p>\n\n\n\n<p>Reflexi\u00f3n b\u00edblica<\/p>\n\n\n\n<blockquote class=\"wp-block-quote is-layout-flow wp-block-quote-is-layout-flow\">\n<p class=\"has-medium-font-size\"><em>\u201cYo soy la resurrecci\u00f3n y la vida; el que cree en m\u00ed, aunque muera, vivir\u00e1.\u201d<br><\/em>\u2013 Juan 11:25<\/p>\n<\/blockquote>\n\n\n\n<p>Que estas palabras del Evangelio de San Juan nos recuerden que, a\u00fan en los momentos de mayor oscuridad, la luz de la fe y del amor es m\u00e1s fuerte. Que podamos caminar cada d\u00eda con la certeza de que el bien, la verdad y la vida tienen la \u00faltima palabra.<\/p>\n\n\n\n<p>Con nuestros mejores deseos,<\/p>\n\n\n\n<p class=\"has-text-align-center\"><em><strong>Mg. Ing. Walter Rodr\u00edguez Esquivel<\/strong><\/em><\/p>\n\n\n\n<p class=\"has-text-align-center has-x-small-font-size\">Decano<\/p>\n","protected":false},"excerpt":{"rendered":"<p>A toda la Comunidad de la Facultad de Ingenier\u00eda \u2013 Universidad del Salvador Mensaje por Semana Santa y Pascuas Estimados profesores, alumnos y miembros de la comunidad de la Facultad de Ingenier\u00eda: En esta Semana Santa, tiempo de recogimiento, esperanza y renovaci\u00f3n, queremos acercarnos a cada uno de ustedes para compartir un mensaje de unidad, [&hellip;]<\/p>\n","protected":false},"author":26,"featured_media":0,"parent":0,"menu_order":0,"comment_status":"closed","ping_status":"closed","template":"","meta":{"_acf_changed":false,"footnotes":""},"class_list":["post-884","page","type-page","status-publish","hentry"],"acf":[],"_links":{"self":[{"href":"https:\/\/www.usal.edu.ar\/ingenieria\/wp-json\/wp\/v2\/pages\/884","targetHints":{"allow":["GET"]}}],"collection":[{"href":"https:\/\/www.usal.edu.ar\/ingenieria\/wp-json\/wp\/v2\/pages"}],"about":[{"href":"https:\/\/www.usal.edu.ar\/ingenieria\/wp-json\/wp\/v2\/types\/page"}],"author":[{"embeddable":true,"href":"https:\/\/www.usal.edu.ar\/ingenieria\/wp-json\/wp\/v2\/users\/26"}],"replies":[{"embeddable":true,"href":"https:\/\/www.usal.edu.ar\/ingenieria\/wp-json\/wp\/v2\/comments?post=884"}],"version-history":[{"count":3,"href":"https:\/\/www.usal.edu.ar\/ingenieria\/wp-json\/wp\/v2\/pages\/884\/revisions"}],"predecessor-version":[{"id":888,"href":"https:\/\/www.usal.edu.ar\/ingenieria\/wp-json\/wp\/v2\/pages\/884\/revisions\/888"}],"wp:attachment":[{"href":"https:\/\/www.usal.edu.ar\/ingenieria\/wp-json\/wp\/v2\/media?parent=884"}],"curies":[{"name":"wp","href":"https:\/\/api.w.org\/{rel}","templated":true}]}}