{"id":2149,"date":"2023-11-22T13:09:57","date_gmt":"2023-11-22T16:09:57","guid":{"rendered":"https:\/\/www.usal.edu.ar\/ingreso\/?page_id=2149"},"modified":"2025-04-14T13:15:15","modified_gmt":"2025-04-14T16:15:15","slug":"actividades-abiertas-a-la-comunidad","status":"publish","type":"page","link":"https:\/\/www.usal.edu.ar\/ingreso\/actividades-abiertas-a-la-comunidad\/","title":{"rendered":"Actividades Abiertas a la Comunidad"},"content":{"rendered":"\n<div class=\"wp-block-group has-global-padding is-layout-constrained wp-container-core-group-is-layout-92b9201d wp-block-group-is-layout-constrained\">\n<h5 class=\"wp-block-heading collapsible has-base-color has-secondary-background-color has-text-color has-background\" style=\"padding-top:5px;padding-right:15px;padding-bottom:5px;padding-left:15px\">Proceso de Orientaci\u00f3n Vocacional<\/h5>\n\n\n\n<div class=\"wp-block-group has-global-padding is-layout-constrained wp-container-core-group-is-layout-92b9201d wp-block-group-is-layout-constrained\">\n<p>Los&nbsp;<strong>procesos de orientaci\u00f3n vocacional&nbsp;<\/strong>constituyen un espacio reflexivo que invita a los interesados a lograr un afianzamiento de su identidad vocacional-ocupacional al momento de elegir una carrera universitaria.&nbsp; A trav\u00e9s de los encuentros propuestos se focalizar\u00e1 la atenci\u00f3n en el autoconocimiento basado en intereses, habilidades y la proyecci\u00f3n profesional para que puedan elegir su carrera.<\/p>\n\n\n\n<p><br><strong>Duraci\u00f3n<\/strong>: 4 entrevistas individuales de una hora y con frecuencia semanal (con posibilidad de extenderlo a una quinta entrevista en caso de ser necesario).<br><strong>Modalidad<\/strong>: virtual o presencial (CABA- PILAR) &nbsp;<br><strong>No arancelados para alumnos USAL.&nbsp; Requieren inscripci\u00f3n previa.<\/strong><br><strong>Contacto<\/strong>:&nbsp;<a rel=\"noreferrer noopener\" href=\"mailto:orientacionvocacional@usal.edu.ar\" target=\"_blank\">orientacionvocacional@usal.edu.ar<\/a><\/p>\n<\/div>\n\n\n\n<h5 class=\"wp-block-heading collapsible has-base-color has-secondary-background-color has-text-color has-background\" style=\"padding-top:5px;padding-right:15px;padding-bottom:5px;padding-left:15px\">Proceso de Reorientaci\u00f3n Vocacional\u00a0<\/h5>\n\n\n\n<div class=\"wp-block-group has-global-padding is-layout-constrained wp-container-core-group-is-layout-92b9201d wp-block-group-is-layout-constrained\">\n<p>Los&nbsp;<strong>procesos de reorientaci\u00f3n vocacional<\/strong>&nbsp; tienen por objetivo ayudar y orientar a los estudiantes en su nueva decisi\u00f3n vocacional y elecci\u00f3n de carrera.&nbsp; Para ello, a trav\u00e9s de los encuentros pautados, se busca focalizar en el autoconocimiento para poder analizar el camino recorrido, las elecciones previas de carrera y profundizar en el an\u00e1lisis de los intereses, habilidades y la construcci\u00f3n del proyecto de vida.<\/p>\n\n\n\n<p><strong>Duraci\u00f3n<\/strong>: 4 entrevistas individuales de una hora y con frecuencia semanal (con posibilidad de extenderlo a una quinta entrevista en caso de ser necesario).<br><strong>Modalidad<\/strong>: virtual o presencial (CABA- PILAR) &nbsp;<br><strong>No arancelados para alumnos USAL.&nbsp; Requieren inscripci\u00f3n previa.<\/strong><br><strong>Contacto<\/strong>:&nbsp;<a href=\"mailto:orientacionvocacional@usal.edu.ar\" target=\"_blank\" rel=\"noreferrer noopener\">orientacionvocacional@usal.edu.ar<\/a><\/p>\n<\/div>\n\n\n\n<h5 class=\"wp-block-heading collapsible has-base-color has-secondary-background-color has-text-color has-background\" style=\"padding-top:5px;padding-right:15px;padding-bottom:5px;padding-left:15px\">Talleres abiertos a la comunidad:<\/h5>\n\n\n\n<div class=\"wp-block-group has-global-padding is-layout-constrained wp-container-core-group-is-layout-92b9201d wp-block-group-is-layout-constrained\">\n<div class=\"wp-block-uagb-image uagb-block-f3e0f5a2 wp-block-uagb-image--layout-default wp-block-uagb-image--effect-static wp-block-uagb-image--align-none\"><figure class=\"wp-block-uagb-image__figure\"><img decoding=\"async\" src=\"https:\/\/www.usal.edu.ar\/ingreso\/wp-content\/uploads\/sites\/2\/2025\/04\/FlyerTalleresCharlasAbiertasComunidad_2025_1080x1350-1-819x1024.jpg\" alt=\"\" class=\"uag-image-40911\" width=\"1080\" height=\"1350\" title=\"FlyerTalleresCharlasAbiertasComunidad_2025_1080x1350-1\" loading=\"lazy\" role=\"img\" \/><\/figure><\/div>\n\n\n\n<p>Actividades no aranceladas. Requieren inscripci\u00f3n previa.<\/p>\n<\/div>\n\n\n\n<p><strong>Mayor informaci\u00f3n: <a rel=\"noreferrer noopener\" href=\"mailto:orientacionvocacional@usal.edu.ar\" target=\"_blank\">orientacionvocacional@usal.edu.ar<\/a><\/strong><\/p>\n<\/div>\n","protected":false},"excerpt":{"rendered":"<p>Proceso de Orientaci\u00f3n Vocacional Los&nbsp;procesos de orientaci\u00f3n vocacional&nbsp;constituyen un espacio reflexivo que invita a los interesados a lograr un afianzamiento de su identidad vocacional-ocupacional al momento de elegir una carrera universitaria.&nbsp; A trav\u00e9s de los encuentros propuestos se focalizar\u00e1 la atenci\u00f3n en el autoconocimiento basado en intereses, habilidades y la proyecci\u00f3n profesional para que puedan [&hellip;]<\/p>\n","protected":false},"author":5,"featured_media":0,"parent":0,"menu_order":0,"comment_status":"closed","ping_status":"closed","template":"","meta":{"_acf_changed":false,"_uag_custom_page_level_css":"","_joinchat":[],"footnotes":""},"class_list":["post-2149","page","type-page","status-publish","hentry"],"acf":[],"mb":[],"uagb_featured_image_src":{"full":false,"thumbnail":false,"medium":false,"medium_large":false,"large":false,"1536x1536":false,"2048x2048":false},"uagb_author_info":{"display_name":"editor","author_link":"https:\/\/www.usal.edu.ar\/ingreso\/author\/editor\/"},"uagb_comment_info":0,"uagb_excerpt":"Proceso de Orientaci\u00f3n Vocacional Los&nbsp;procesos de orientaci\u00f3n vocacional&nbsp;constituyen un espacio reflexivo que invita a los interesados a lograr un afianzamiento de su identidad vocacional-ocupacional al momento de elegir una carrera universitaria.&nbsp; A trav\u00e9s de los encuentros propuestos se focalizar\u00e1 la atenci\u00f3n en el autoconocimiento basado en intereses, habilidades y la proyecci\u00f3n profesional para que puedan&hellip;","mfb_rest_fields":["title","uagb_featured_image_src","uagb_author_info","uagb_comment_info","uagb_excerpt"],"_links":{"self":[{"href":"https:\/\/www.usal.edu.ar\/ingreso\/wp-json\/wp\/v2\/pages\/2149","targetHints":{"allow":["GET"]}}],"collection":[{"href":"https:\/\/www.usal.edu.ar\/ingreso\/wp-json\/wp\/v2\/pages"}],"about":[{"href":"https:\/\/www.usal.edu.ar\/ingreso\/wp-json\/wp\/v2\/types\/page"}],"author":[{"embeddable":true,"href":"https:\/\/www.usal.edu.ar\/ingreso\/wp-json\/wp\/v2\/users\/5"}],"replies":[{"embeddable":true,"href":"https:\/\/www.usal.edu.ar\/ingreso\/wp-json\/wp\/v2\/comments?post=2149"}],"version-history":[{"count":18,"href":"https:\/\/www.usal.edu.ar\/ingreso\/wp-json\/wp\/v2\/pages\/2149\/revisions"}],"predecessor-version":[{"id":40914,"href":"https:\/\/www.usal.edu.ar\/ingreso\/wp-json\/wp\/v2\/pages\/2149\/revisions\/40914"}],"wp:attachment":[{"href":"https:\/\/www.usal.edu.ar\/ingreso\/wp-json\/wp\/v2\/media?parent=2149"}],"curies":[{"name":"wp","href":"https:\/\/api.w.org\/{rel}","templated":true}]}}

<div class="wp-block-group has-global-padding is-layout-constrained wp-container-core-group-is-layout-92b9201d wp-block-group-is-layout-constrained">
<h5 class="wp-block-heading collapsible has-base-color has-secondary-background-color has-text-color has-background" style="padding-top:5px;padding-right:15px;padding-bottom:5px;padding-left:15px">Proceso de Orientación Vocacional</h5>



<div class="wp-block-group has-global-padding is-layout-constrained wp-container-core-group-is-layout-92b9201d wp-block-group-is-layout-constrained">
<p>Los&nbsp;<strong>procesos de orientación vocacional&nbsp;</strong>constituyen un espacio reflexivo que invita a los interesados a lograr un afianzamiento de su identidad vocacional-ocupacional al momento de elegir una carrera universitaria.&nbsp; A través de los encuentros propuestos se focalizará la atención en el autoconocimiento basado en intereses, habilidades y la proyección profesional para que puedan elegir su carrera.</p>



<p><br><strong>Duración</strong>: 4 entrevistas individuales de una hora y con frecuencia semanal (con posibilidad de extenderlo a una quinta entrevista en caso de ser necesario).<br><strong>Modalidad</strong>: virtual o presencial (CABA- PILAR) &nbsp;<br><strong>No arancelados para alumnos USAL.&nbsp; Requieren inscripción previa.</strong><br><strong>Contacto</strong>:&nbsp;<a rel="noreferrer noopener" href="mailto:orientacionvocacional@usal.edu.ar" target="_blank">orientacionvocacional@usal.edu.ar</a></p>
</div>



<h5 class="wp-block-heading collapsible has-base-color has-secondary-background-color has-text-color has-background" style="padding-top:5px;padding-right:15px;padding-bottom:5px;padding-left:15px">Proceso de Reorientación Vocacional </h5>



<div class="wp-block-group has-global-padding is-layout-constrained wp-container-core-group-is-layout-92b9201d wp-block-group-is-layout-constrained">
<p>Los&nbsp;<strong>procesos de reorientación vocacional</strong>&nbsp; tienen por objetivo ayudar y orientar a los estudiantes en su nueva decisión vocacional y elección de carrera.&nbsp; Para ello, a través de los encuentros pautados, se busca focalizar en el autoconocimiento para poder analizar el camino recorrido, las elecciones previas de carrera y profundizar en el análisis de los intereses, habilidades y la construcción del proyecto de vida.</p>



<p><strong>Duración</strong>: 4 entrevistas individuales de una hora y con frecuencia semanal (con posibilidad de extenderlo a una quinta entrevista en caso de ser necesario).<br><strong>Modalidad</strong>: virtual o presencial (CABA- PILAR) &nbsp;<br><strong>No arancelados para alumnos USAL.&nbsp; Requieren inscripción previa.</strong><br><strong>Contacto</strong>:&nbsp;<a href="mailto:orientacionvocacional@usal.edu.ar" target="_blank" rel="noreferrer noopener">orientacionvocacional@usal.edu.ar</a></p>
</div>



<h5 class="wp-block-heading collapsible has-base-color has-secondary-background-color has-text-color has-background" style="padding-top:5px;padding-right:15px;padding-bottom:5px;padding-left:15px">Talleres abiertos a la comunidad:</h5>



<div class="wp-block-group has-global-padding is-layout-constrained wp-container-core-group-is-layout-92b9201d wp-block-group-is-layout-constrained">
<div class="wp-block-uagb-image uagb-block-f3e0f5a2 wp-block-uagb-image--layout-default wp-block-uagb-image--effect-static wp-block-uagb-image--align-none"><figure class="wp-block-uagb-image__figure"><img decoding="async" src="https://www.usal.edu.ar/ingreso/wp-content/uploads/sites/2/2025/04/FlyerTalleresCharlasAbiertasComunidad_2025_1080x1350-1-819x1024.jpg" alt="" class="uag-image-40911" width="1080" height="1350" title="FlyerTalleresCharlasAbiertasComunidad_2025_1080x1350-1" loading="lazy" role="img" /></figure></div>



<p>Actividades no aranceladas. Requieren inscripción previa.</p>
</div>



<p><strong>Mayor información: <a rel="noreferrer noopener" href="mailto:orientacionvocacional@usal.edu.ar" target="_blank">orientacionvocacional@usal.edu.ar</a></strong></p>
</div>

<p>Proceso de Orientación Vocacional Los&nbsp;procesos de orientación vocacional&nbsp;constituyen un espacio reflexivo que invita a los interesados a lograr un afianzamiento de su identidad vocacional-ocupacional al momento de elegir una carrera universitaria.&nbsp; A través de los encuentros propuestos se focalizará la atención en el autoconocimiento basado en intereses, habilidades y la proyección profesional para que puedan [&hellip;]</p>

Proceso de Orientación Vocacional Los&nbsp;procesos de orientación vocacional&nbsp;constituyen un espacio reflexivo que invita a los interesados a lograr un afianzamiento de su identidad vocacional-ocupacional al momento de elegir una carrera universitaria.&nbsp; A través de los encuentros propuestos se focalizará la atención en el autoconocimiento basado en intereses, habilidades y la proyección profesional para que puedan&hellip;
