{"id":281,"date":"2024-05-03T19:53:23","date_gmt":"2024-05-03T22:53:23","guid":{"rendered":"https:\/\/www.usal.edu.ar\/internacional\/?page_id=281"},"modified":"2026-04-06T10:42:32","modified_gmt":"2026-04-06T13:42:32","slug":"eleccion-de-la-universidad","status":"publish","type":"page","link":"https:\/\/www.usal.edu.ar\/internacional\/estudiantes-usal\/programa-bilateral\/eleccion-de-la-universidad\/","title":{"rendered":"Elecci\u00f3n de la Universidad"},"content":{"rendered":"\n<div class=\"wp-block-group has-global-padding is-layout-constrained wp-block-group-is-layout-constrained\">\n<div class=\"wp-block-group has-global-padding is-layout-constrained wp-block-group-is-layout-constrained\">\n<div class=\"wp-block-group has-global-padding is-layout-constrained wp-block-group-is-layout-constrained\">\n<div class=\"wp-block-group has-global-padding is-layout-constrained wp-block-group-is-layout-constrained\">\n<ul class=\"wp-block-list\">\n<li>Realiz\u00e1 un ranking de las tres universidades\/programas que m\u00e1s te interesen<\/li>\n\n\n\n<li>Consult\u00e1 las oportunidades de estudio seg\u00fan tu \u00e1rea de estudio<\/li>\n<\/ul>\n\n\n\n<ul class=\"wp-block-list\">\n<li>Seleccion\u00e1 las materias que desear\u00edas cursar, ingresando a sus respectivas p\u00e1ginas web<\/li>\n\n\n\n<li>Reserva tu primera cita de consulta con un asesor de la DCI eligiendo <a href=\"https:\/\/forms.gle\/tyBqMGHct1v5TZGu6\" data-type=\"link\" data-id=\"https:\/\/forms.gle\/tyBqMGHct1v5TZGu6\">fecha y horario<\/a>  o envi\u00e1 un email a&nbsp;<em><strong>alumnosusal@usal.edu.ar<\/strong><\/em>&nbsp;con tu consulta, indicando tu carrera y los destinos de inter\u00e9s<\/li>\n\n\n\n<li>Concert\u00e1 una entrevista con el <a href=\"https:\/\/www.usal.edu.ar\/internacional\/wp-content\/uploads\/sites\/7\/2026\/04\/Asesores-ACADEMICOS-2026.docx.pdf\" data-type=\"link\" data-id=\"https:\/\/www.usal.edu.ar\/internacional\/wp-content\/uploads\/sites\/7\/2024\/05\/Copia-de-ASESORES-ACADEMICOS-.docx-1.pdf\">asesor\/a acad\u00e9mico\/a<\/a> de tu Facultad para definir tu situaci\u00f3n acad\u00e9mica en la USAL durante el per\u00edodo de intercambio (cursadas, solicitud de equivalencias, etc\u00e9tera)<\/li>\n<\/ul>\n<\/div>\n<\/div>\n<\/div>\n\n\n\n<div class=\"wp-block-group has-global-padding is-layout-constrained wp-block-group-is-layout-constrained\">\n<ul class=\"wp-block-list\">\n<li>Revis\u00e1 los&nbsp;<a href=\"https:\/\/www.numbeo.com\/cost-of-living\/\" target=\"_blank\" rel=\"noreferrer noopener\">costos de vida<\/a>&nbsp;en diferentes pa\u00edses<\/li>\n<\/ul>\n\n\n\n<ul class=\"wp-block-list\">\n<li>Conoc\u00e9 los&nbsp;testimonios&nbsp;de alumnos\/as que se animaron a realizar esta experiencia<\/li>\n<\/ul>\n<\/div>\n<\/div>\n\n\n\n<p class=\"has-text-align-center\">\u2714 Seguinos en las redes para enterarte de las \u00faltimas novedades:&nbsp;<a href=\"https:\/\/www.facebook.com\/USALinternacional\" target=\"_blank\" rel=\"noreferrer noopener\">Facebook<\/a>,&nbsp;<a href=\"http:\/\/twitter.com\/usaldci\" target=\"_blank\" rel=\"noreferrer noopener\">Twitter<\/a>&nbsp;e&nbsp;<a href=\"https:\/\/www.instagram.com\/usaldci\/\" target=\"_blank\" rel=\"noreferrer noopener\">Instagram<\/a>.<\/p>\n\n\n\n<p class=\"has-text-align-center\"><\/p>\n\n\n\n<div class=\"wp-block-group has-global-padding is-layout-constrained wp-block-group-is-layout-constrained\">\n<div class=\"wp-block-cover is-light has-base-color has-text-color has-link-color wp-elements-a1ab76b2ff06c10f04555a3cbe6276be\" style=\"min-height:215px;aspect-ratio:unset;\"><img loading=\"lazy\" decoding=\"async\" width=\"1439\" height=\"378\" class=\"wp-block-cover__image-background wp-image-97\" alt=\"\" src=\"https:\/\/www.usal.edu.ar\/internacional\/wp-content\/uploads\/sites\/7\/2024\/02\/Group-16.png\" data-object-fit=\"cover\" srcset=\"https:\/\/www.usal.edu.ar\/internacional\/wp-content\/uploads\/sites\/7\/2024\/02\/Group-16.png 1439w, https:\/\/www.usal.edu.ar\/internacional\/wp-content\/uploads\/sites\/7\/2024\/02\/Group-16-300x79.png 300w, https:\/\/www.usal.edu.ar\/internacional\/wp-content\/uploads\/sites\/7\/2024\/02\/Group-16-1024x269.png 1024w, https:\/\/www.usal.edu.ar\/internacional\/wp-content\/uploads\/sites\/7\/2024\/02\/Group-16-768x202.png 768w\" sizes=\"auto, (max-width: 1439px) 100vw, 1439px\" \/><span aria-hidden=\"true\" class=\"wp-block-cover__background has-background-dim-0 has-background-dim\"><\/span><div class=\"wp-block-cover__inner-container has-global-padding is-layout-constrained wp-block-cover-is-layout-constrained\">\n<p class=\"has-text-align-center has-x-large-font-size\" style=\"letter-spacing:-1px\"><strong><a href=\"https:\/\/calendar.google.com\/calendar\/u\/0\/appointments\/schedules\/AcZssZ2Ms3oES7n3Va9xubKksOjRyHlBozupQsMI7m7JDexJkV7y-N6CI13D_DpXYwrbQUKck4ZbVRUM\" target=\"_blank\" rel=\"noreferrer noopener\">Reserva tu cita de primera consulta<\/a><\/strong><\/p>\n<\/div><\/div>\n<\/div>\n","protected":false},"excerpt":{"rendered":"<p>\u2714 Seguinos en las redes para enterarte de las \u00faltimas novedades:&nbsp;Facebook,&nbsp;Twitter&nbsp;e&nbsp;Instagram.<\/p>\n","protected":false},"author":5,"featured_media":0,"parent":273,"menu_order":0,"comment_status":"closed","ping_status":"closed","template":"","meta":{"_acf_changed":false,"footnotes":""},"class_list":["post-281","page","type-page","status-publish","hentry"],"acf":[],"_links":{"self":[{"href":"https:\/\/www.usal.edu.ar\/internacional\/wp-json\/wp\/v2\/pages\/281","targetHints":{"allow":["GET"]}}],"collection":[{"href":"https:\/\/www.usal.edu.ar\/internacional\/wp-json\/wp\/v2\/pages"}],"about":[{"href":"https:\/\/www.usal.edu.ar\/internacional\/wp-json\/wp\/v2\/types\/page"}],"author":[{"embeddable":true,"href":"https:\/\/www.usal.edu.ar\/internacional\/wp-json\/wp\/v2\/users\/5"}],"replies":[{"embeddable":true,"href":"https:\/\/www.usal.edu.ar\/internacional\/wp-json\/wp\/v2\/comments?post=281"}],"version-history":[{"count":15,"href":"https:\/\/www.usal.edu.ar\/internacional\/wp-json\/wp\/v2\/pages\/281\/revisions"}],"predecessor-version":[{"id":15731,"href":"https:\/\/www.usal.edu.ar\/internacional\/wp-json\/wp\/v2\/pages\/281\/revisions\/15731"}],"up":[{"embeddable":true,"href":"https:\/\/www.usal.edu.ar\/internacional\/wp-json\/wp\/v2\/pages\/273"}],"wp:attachment":[{"href":"https:\/\/www.usal.edu.ar\/internacional\/wp-json\/wp\/v2\/media?parent=281"}],"curies":[{"name":"wp","href":"https:\/\/api.w.org\/{rel}","templated":true}]}}