{"id":323,"date":"2024-05-10T17:36:48","date_gmt":"2024-05-10T20:36:48","guid":{"rendered":"https:\/\/www.usal.edu.ar\/internacional\/?page_id=323"},"modified":"2025-05-19T16:04:48","modified_gmt":"2025-05-19T19:04:48","slug":"becas-yenching","status":"publish","type":"page","link":"https:\/\/www.usal.edu.ar\/internacional\/profesores-y-graduados\/becas-yenching\/","title":{"rendered":"\ud83c\udf93 Beca Yenching \u2013 Estudios de Posgrado en China"},"content":{"rendered":"\n<div class=\"wp-block-columns is-layout-flex wp-container-core-columns-is-layout-28f84493 wp-block-columns-is-layout-flex\">\n<div class=\"wp-block-column is-layout-flow wp-block-column-is-layout-flow\">\n<p style=\"margin-top:var(--wp--preset--spacing--50);margin-right:var(--wp--preset--spacing--40);margin-bottom:var(--wp--preset--spacing--50);margin-left:var(--wp--preset--spacing--40)\"><strong>Yenching Academy \u2013 Universidad de Pek\u00edn<\/strong><br><strong>Duraci\u00f3n:<\/strong> 1 a\u00f1o<br><strong>Idioma de cursada:<\/strong> Ingl\u00e9s<br><strong>Destinada a:<\/strong> Graduados\/as de USAL (hasta 25 a\u00f1os)<\/p>\n<\/div>\n\n\n\n<div class=\"wp-block-column is-layout-flow wp-block-column-is-layout-flow\">\n<figure class=\"wp-block-image aligncenter size-full is-resized\"><img loading=\"lazy\" decoding=\"async\" width=\"1024\" height=\"682\" src=\"https:\/\/www.usal.edu.ar\/internacional\/wp-content\/uploads\/sites\/7\/2024\/05\/image.png\" alt=\"\" class=\"wp-image-831\" style=\"width:300px;height:auto\" srcset=\"https:\/\/www.usal.edu.ar\/internacional\/wp-content\/uploads\/sites\/7\/2024\/05\/image.png 1024w, https:\/\/www.usal.edu.ar\/internacional\/wp-content\/uploads\/sites\/7\/2024\/05\/image-300x200.png 300w, https:\/\/www.usal.edu.ar\/internacional\/wp-content\/uploads\/sites\/7\/2024\/05\/image-768x512.png 768w\" sizes=\"auto, (max-width: 1024px) 100vw, 1024px\" \/><\/figure>\n<\/div>\n<\/div>\n\n\n\n<p><\/p>\n\n\n\n<h4 class=\"wp-block-heading has-text-align-center\" style=\"margin-top:0;margin-right:0;margin-bottom:10px\">\ud83c\udfaf <strong>Objetivos del Programa<\/strong><\/h4>\n\n\n\n<ul class=\"wp-block-list\">\n<li>Cursar una <strong>maestr\u00eda interdisciplinaria en ingl\u00e9s<\/strong> centrada en China.<\/li>\n\n\n\n<li>Participar en <strong>actividades extracurriculares<\/strong> organizadas por la Academia.<\/li>\n\n\n\n<li>Actuar como <strong>embajador\/a cultural<\/strong> en el campus.<\/li>\n<\/ul>\n\n\n\n<p><\/p>\n\n\n\n<h4 class=\"wp-block-heading has-text-align-center\" style=\"margin-top:0;margin-right:0;margin-bottom:10px\">\ud83c\udf81 <strong>Beneficios<\/strong><\/h4>\n\n\n\n<div class=\"wp-block-group destacados2 has-global-padding is-layout-constrained wp-container-core-group-is-layout-145f4d48 wp-block-group-is-layout-constrained\" style=\"margin-top:var(--wp--preset--spacing--30);margin-bottom:var(--wp--preset--spacing--30)\">\n<div class=\"wp-block-group is-content-justification-center is-layout-flex wp-container-core-group-is-layout-a45913bb wp-block-group-is-layout-flex\" style=\"padding-top:var(--wp--preset--spacing--30);padding-bottom:var(--wp--preset--spacing--30)\">\n<div class=\"wp-block-group is-vertical is-content-justification-center is-layout-flex wp-container-core-group-is-layout-de19a45c wp-block-group-is-layout-flex\">\n<figure class=\"wp-block-image size-full is-resized\"><img loading=\"lazy\" decoding=\"async\" width=\"87\" height=\"87\" src=\"https:\/\/www.usal.edu.ar\/internacional\/wp-content\/uploads\/sites\/7\/2024\/02\/mundo-3-1.png\" alt=\"\" class=\"wp-image-35\" style=\"width:100px\" \/><\/figure>\n\n\n\n<p class=\"has-text-align-center has-small-font-size\">Experiencia <br>Internacional<\/p>\n<\/div>\n\n\n\n<div class=\"wp-block-group is-vertical is-content-justification-center is-layout-flex wp-container-core-group-is-layout-de19a45c wp-block-group-is-layout-flex\">\n<figure class=\"wp-block-image size-full is-resized\"><img loading=\"lazy\" decoding=\"async\" width=\"225\" height=\"225\" src=\"https:\/\/www.usal.edu.ar\/internacional\/wp-content\/uploads\/sites\/7\/2024\/05\/descarga.png\" alt=\"\" class=\"wp-image-771\" style=\"width:100px\" srcset=\"https:\/\/www.usal.edu.ar\/internacional\/wp-content\/uploads\/sites\/7\/2024\/05\/descarga.png 225w, https:\/\/www.usal.edu.ar\/internacional\/wp-content\/uploads\/sites\/7\/2024\/05\/descarga-150x150.png 150w\" sizes=\"auto, (max-width: 225px) 100vw, 225px\" \/><\/figure>\n\n\n\n<p class=\"has-text-align-center has-small-font-size\">Matr\u00edcula y Cuotas<\/p>\n<\/div>\n\n\n\n<div class=\"wp-block-group is-vertical is-content-justification-center is-layout-flex wp-container-core-group-is-layout-0ddce7ad wp-block-group-is-layout-flex\">\n<figure class=\"wp-block-image size-full is-resized\"><img loading=\"lazy\" decoding=\"async\" width=\"246\" height=\"205\" src=\"https:\/\/www.usal.edu.ar\/internacional\/wp-content\/uploads\/sites\/7\/2024\/05\/images-1.png\" alt=\"\" class=\"wp-image-753\" style=\"width:120px;height:auto\" \/><\/figure>\n\n\n\n<p class=\"has-text-align-center has-small-font-size\">Alojamiento<\/p>\n\n\n\n<div style=\"height:14px\" aria-hidden=\"true\" class=\"wp-block-spacer wp-container-content-943fad18\"><\/div>\n<\/div>\n\n\n\n<div class=\"wp-block-group is-vertical is-content-justification-center is-layout-flex wp-container-core-group-is-layout-de19a45c wp-block-group-is-layout-flex\">\n<figure class=\"wp-block-image size-full is-resized\"><img loading=\"lazy\" decoding=\"async\" width=\"225\" height=\"225\" src=\"https:\/\/www.usal.edu.ar\/internacional\/wp-content\/uploads\/sites\/7\/2024\/05\/descarga-12.jpg\" alt=\"\" class=\"wp-image-773\" style=\"width:99px;height:auto\" srcset=\"https:\/\/www.usal.edu.ar\/internacional\/wp-content\/uploads\/sites\/7\/2024\/05\/descarga-12.jpg 225w, https:\/\/www.usal.edu.ar\/internacional\/wp-content\/uploads\/sites\/7\/2024\/05\/descarga-12-150x150.jpg 150w\" sizes=\"auto, (max-width: 225px) 100vw, 225px\" \/><\/figure>\n\n\n\n<p class=\"has-text-align-center has-small-font-size\">Pasajes A\u00e9reos<\/p>\n<\/div>\n\n\n\n<div class=\"wp-block-group is-vertical is-content-justification-center is-layout-flex wp-container-core-group-is-layout-de19a45c wp-block-group-is-layout-flex\">\n<figure class=\"wp-block-image size-full is-resized\"><img loading=\"lazy\" decoding=\"async\" width=\"225\" height=\"225\" src=\"https:\/\/www.usal.edu.ar\/internacional\/wp-content\/uploads\/sites\/7\/2024\/05\/descarga-10.jpg\" alt=\"\" class=\"wp-image-755\" style=\"width:98px;height:auto\" srcset=\"https:\/\/www.usal.edu.ar\/internacional\/wp-content\/uploads\/sites\/7\/2024\/05\/descarga-10.jpg 225w, https:\/\/www.usal.edu.ar\/internacional\/wp-content\/uploads\/sites\/7\/2024\/05\/descarga-10-150x150.jpg 150w\" sizes=\"auto, (max-width: 225px) 100vw, 225px\" \/><\/figure>\n\n\n\n<p class=\"has-text-align-center has-small-font-size\">Estipendio <br>Mensual<\/p>\n<\/div>\n<\/div>\n<\/div>\n\n\n\n<h4 class=\"wp-block-heading has-text-align-center\" style=\"margin-top:0;margin-right:0;margin-bottom:10px\">\u2705 <strong>Requisitos<\/strong><\/h4>\n\n\n\n<div class=\"wp-block-group destacados1 has-global-padding is-layout-constrained wp-container-core-group-is-layout-145f4d48 wp-block-group-is-layout-constrained\" style=\"margin-top:var(--wp--preset--spacing--30);margin-bottom:var(--wp--preset--spacing--30)\">\n<div class=\"wp-block-columns is-layout-flex wp-container-core-columns-is-layout-28f84493 wp-block-columns-is-layout-flex\">\n<div class=\"wp-block-column is-layout-flow wp-block-column-is-layout-flow\" style=\"flex-basis:50%\">\n<div class=\"wp-block-columns is-not-stacked-on-mobile is-layout-flex wp-container-core-columns-is-layout-28f84493 wp-block-columns-is-layout-flex\">\n<div class=\"wp-block-column is-layout-flow wp-block-column-is-layout-flow\" style=\"flex-basis:50%\">\n<div class=\"wp-block-group is-vertical is-content-justification-center is-layout-flex wp-container-core-group-is-layout-b6c1f246 wp-block-group-is-layout-flex\">\n<p class=\"has-text-align-center has-text-color has-link-color has-x-large-font-size wp-elements-af6f94db66bcd2ad3a23f846ed52c683\" style=\"color:#08b889;font-style:normal;font-weight:700\">Edad<\/p>\n\n\n\n<p class=\"has-text-align-center has-small-font-size\" style=\"font-style:normal;font-weight:700\">Hasta 25 a\u00f1os<\/p>\n<\/div>\n<\/div>\n\n\n\n<div class=\"wp-block-column is-layout-flow wp-block-column-is-layout-flow\" style=\"flex-basis:50%\">\n<div class=\"wp-block-group is-vertical is-content-justification-center is-layout-flex wp-container-core-group-is-layout-b6c1f246 wp-block-group-is-layout-flex\">\n<p class=\"has-text-align-center has-text-color has-link-color has-x-large-font-size wp-elements-442048e89da39897bf8634752c5a0e87\" style=\"color:#08b889;font-style:normal;font-weight:700\">Acad\u00e9mico<\/p>\n\n\n\n<p class=\"has-small-font-size\" style=\"font-style:normal;font-weight:700\">Graduado <\/p>\n<\/div>\n<\/div>\n<\/div>\n<\/div>\n\n\n\n<div class=\"wp-block-column is-layout-flow wp-block-column-is-layout-flow\" style=\"flex-basis:50%\">\n<div class=\"wp-block-columns is-not-stacked-on-mobile is-layout-flex wp-container-core-columns-is-layout-28f84493 wp-block-columns-is-layout-flex\">\n<div class=\"wp-block-column is-layout-flow wp-block-column-is-layout-flow\" style=\"flex-basis:50%\">\n<div class=\"wp-block-group is-vertical is-content-justification-center is-layout-flex wp-container-core-group-is-layout-b6c1f246 wp-block-group-is-layout-flex\">\n<p class=\"has-text-align-center has-text-color has-link-color has-x-large-font-size wp-elements-1083c3db74fd784deeb96ec1c1376b54\" style=\"color:#08b889;font-style:normal;font-weight:700\">Promedio<\/p>\n\n\n\n<p class=\"has-text-align-center has-small-font-size\" style=\"font-style:normal;font-weight:700\">7 puntos o superior<\/p>\n<\/div>\n<\/div>\n\n\n\n<div class=\"wp-block-column is-layout-flow wp-block-column-is-layout-flow\" style=\"flex-basis:50%\">\n<div class=\"wp-block-group is-vertical is-content-justification-center is-layout-flex wp-container-core-group-is-layout-b6c1f246 wp-block-group-is-layout-flex\">\n<p class=\"has-text-align-center has-text-color has-link-color has-x-large-font-size wp-elements-474a2ae6e327cc80f161995c28acdfe6\" style=\"color:#08b889;font-style:normal;font-weight:700\">Idioma<\/p>\n\n\n\n<p class=\"has-text-align-center has-small-font-size\" style=\"font-style:normal;font-weight:700\">Nivel m\u00ednimo B2 acreditado mediante certificado internacional<\/p>\n<\/div>\n<\/div>\n<\/div>\n<\/div>\n<\/div>\n<\/div>\n\n\n\n<div class=\"wp-block-group has-global-padding is-layout-constrained wp-container-core-group-is-layout-e6038ede wp-block-group-is-layout-constrained\" style=\"padding-top:var(--wp--preset--spacing--30);padding-bottom:var(--wp--preset--spacing--30)\">\n<div class=\"wp-block-group has-global-padding is-layout-constrained wp-container-core-group-is-layout-e6038ede wp-block-group-is-layout-constrained\" style=\"padding-top:var(--wp--preset--spacing--30);padding-bottom:var(--wp--preset--spacing--30)\">\n<div class=\"wp-block-group collapsible is-content-justification-left is-nowrap is-layout-flex wp-container-core-group-is-layout-2bddc4e0 wp-block-group-is-layout-flex\" style=\"border-bottom-color:var(--wp--preset--color--primary);border-bottom-width:3px;padding-top:10px;padding-right:10px;padding-bottom:10px;padding-left:10px\">\n<h5 class=\"wp-block-heading wp-container-content-9cfa9a5a\">\ud83d\udcda <strong>Plan de Estudios \u2013 Enfoques Disponibles<\/strong><\/h5>\n<\/div>\n\n\n\n<div class=\"wp-block-group has-global-padding is-layout-constrained wp-block-group-is-layout-constrained\">\n<p>El\/la becario\/a puede elegir entre distintas \u00e1reas de especializaci\u00f3n:<\/p>\n\n\n\n<ol class=\"wp-block-list\">\n<li>Pol\u00edtica y Relaciones Internacionales<\/li>\n\n\n\n<li>Religi\u00f3n y Filosof\u00eda<\/li>\n\n\n\n<li>Cultura y Literatura<\/li>\n\n\n\n<li>Sociedad y Derecho<\/li>\n\n\n\n<li>Historia y Arqueolog\u00eda<\/li>\n\n\n\n<li>Econom\u00eda y Administraci\u00f3n<\/li>\n<\/ol>\n\n\n\n<p>Adem\u00e1s, se estudian aspectos de la <strong>China antigua, moderna y contempor\u00e1nea<\/strong>, junto con clases de idioma chino (mandar\u00edn).<\/p>\n<\/div>\n\n\n\n<div class=\"wp-block-group collapsible is-content-justification-left is-nowrap is-layout-flex wp-container-core-group-is-layout-2bddc4e0 wp-block-group-is-layout-flex\" style=\"border-bottom-color:var(--wp--preset--color--primary);border-bottom-width:3px;padding-top:10px;padding-right:10px;padding-bottom:10px;padding-left:10px\">\n<h5 class=\"wp-block-heading wp-container-content-9cfa9a5a\">\ud83d\udcdd <strong>Proceso de Postulaci\u00f3n<\/strong><\/h5>\n<\/div>\n\n\n\n<div class=\"wp-block-group has-global-padding is-layout-constrained wp-block-group-is-layout-constrained\">\n<p>Las candidaturas se gestionan a trav\u00e9s de la <strong>Direcci\u00f3n de Cooperaci\u00f3n Internacional (USAL)<\/strong>.<br><strong>Convocatoria abierta anualmente.<\/strong><\/p>\n\n\n\n<p><strong>Documentaci\u00f3n requerida:<\/strong><\/p>\n\n\n\n<ul class=\"wp-block-list\">\n<li>Curr\u00edculum vitae<\/li>\n\n\n\n<li>Carta de motivaci\u00f3n<\/li>\n\n\n\n<li>Fotocopia del t\u00edtulo universitario o constancia de t\u00edtulo en tr\u00e1mite<\/li>\n<\/ul>\n<\/div>\n\n\n\n<div class=\"wp-block-group collapsible is-content-justification-left is-nowrap is-layout-flex wp-container-core-group-is-layout-2bddc4e0 wp-block-group-is-layout-flex\" style=\"border-bottom-color:var(--wp--preset--color--primary);border-bottom-width:3px;padding-top:10px;padding-right:10px;padding-bottom:10px;padding-left:10px\">\n<h5 class=\"wp-block-heading wp-container-content-9cfa9a5a\">\ud83d\udd17 <strong>M\u00e1s Informaci\u00f3n<\/strong><\/h5>\n<\/div>\n\n\n\n<div class=\"wp-block-group has-global-padding is-layout-constrained wp-block-group-is-layout-constrained\">\n<p><a href=\"http:\/\/yenchingacademy.org\/\">Sitio oficial: <a class=\"\" href=\"http:\/\/yenchingacademy.org\/\">http:\/\/yenchingacademy.org\/<\/a><\/a><\/p>\n<\/div>\n\n\n\n<div class=\"wp-block-group collapsible is-content-justification-left is-nowrap is-layout-flex wp-container-core-group-is-layout-2bddc4e0 wp-block-group-is-layout-flex\" style=\"border-bottom-color:var(--wp--preset--color--primary);border-bottom-width:3px;padding-top:10px;padding-right:10px;padding-bottom:10px;padding-left:10px\">\n<h5 class=\"wp-block-heading wp-container-content-9cfa9a5a\">\ud83d\udce7 Contacto<\/h5>\n<\/div>\n\n\n\n<div class=\"wp-block-group has-global-padding is-layout-constrained wp-block-group-is-layout-constrained\">\n<p>Direcci\u00f3n de Cooperaci\u00f3n Internacional (USAL):<br> <a>internacional@usal.edu.ar<\/a><\/p>\n<\/div>\n<\/div>\n<\/div>\n","protected":false},"excerpt":{"rendered":"<p>Yenching Academy \u2013 Universidad de Pek\u00ednDuraci\u00f3n: 1 a\u00f1oIdioma de cursada: Ingl\u00e9sDestinada a: Graduados\/as de USAL (hasta 25 a\u00f1os) \ud83c\udfaf Objetivos del Programa \ud83c\udf81 Beneficios Experiencia Internacional Matr\u00edcula y Cuotas Alojamiento Pasajes A\u00e9reos Estipendio Mensual \u2705 Requisitos Edad Hasta 25 a\u00f1os Acad\u00e9mico Graduado Promedio 7 puntos o superior Idioma Nivel m\u00ednimo B2 acreditado mediante certificado internacional [&hellip;]<\/p>\n","protected":false},"author":5,"featured_media":0,"parent":313,"menu_order":0,"comment_status":"closed","ping_status":"closed","template":"","meta":{"_acf_changed":false,"footnotes":""},"class_list":["post-323","page","type-page","status-publish","hentry"],"acf":[],"_links":{"self":[{"href":"https:\/\/www.usal.edu.ar\/internacional\/wp-json\/wp\/v2\/pages\/323","targetHints":{"allow":["GET"]}}],"collection":[{"href":"https:\/\/www.usal.edu.ar\/internacional\/wp-json\/wp\/v2\/pages"}],"about":[{"href":"https:\/\/www.usal.edu.ar\/internacional\/wp-json\/wp\/v2\/types\/page"}],"author":[{"embeddable":true,"href":"https:\/\/www.usal.edu.ar\/internacional\/wp-json\/wp\/v2\/users\/5"}],"replies":[{"embeddable":true,"href":"https:\/\/www.usal.edu.ar\/internacional\/wp-json\/wp\/v2\/comments?post=323"}],"version-history":[{"count":14,"href":"https:\/\/www.usal.edu.ar\/internacional\/wp-json\/wp\/v2\/pages\/323\/revisions"}],"predecessor-version":[{"id":8763,"href":"https:\/\/www.usal.edu.ar\/internacional\/wp-json\/wp\/v2\/pages\/323\/revisions\/8763"}],"up":[{"embeddable":true,"href":"https:\/\/www.usal.edu.ar\/internacional\/wp-json\/wp\/v2\/pages\/313"}],"wp:attachment":[{"href":"https:\/\/www.usal.edu.ar\/internacional\/wp-json\/wp\/v2\/media?parent=323"}],"curies":[{"name":"wp","href":"https:\/\/api.w.org\/{rel}","templated":true}]}}