{"id":335,"date":"2024-05-03T20:15:31","date_gmt":"2024-05-03T23:15:31","guid":{"rendered":"https:\/\/www.usal.edu.ar\/internacional\/?page_id=335"},"modified":"2025-08-18T14:43:20","modified_gmt":"2025-08-18T17:43:20","slug":"cooperacion-internacional","status":"publish","type":"page","link":"https:\/\/www.usal.edu.ar\/internacional\/cooperacion-internacional\/","title":{"rendered":"Cooperaci\u00f3n Internacional"},"content":{"rendered":"\n<div class=\"wp-block-group has-global-padding is-layout-constrained wp-container-core-group-is-layout-b5fc8583 wp-block-group-is-layout-constrained\" style=\"padding-top:var(--wp--preset--spacing--30);padding-right:var(--wp--preset--spacing--30);padding-bottom:var(--wp--preset--spacing--30);padding-left:var(--wp--preset--spacing--30)\">\n<h4 class=\"wp-block-heading has-text-align-center\" style=\"margin-top:0;margin-right:0;margin-bottom:10px\">\u00bfPor qu\u00e9 elegir la USAL?<\/h4>\n\n\n\n<p class=\"has-text-align-center has-small-font-size\" style=\"font-style:normal;font-weight:500\">La USAL ofrece una amplia oferta de estudios que te llevar\u00e1 a sacar lo mejor de vos, prepar\u00e1ndote para lograr todos tus retos personales y profesionales.<\/p>\n<\/div>\n\n\n\n<div class=\"wp-block-group destacados2 has-global-padding is-layout-constrained wp-container-core-group-is-layout-eda414b9 wp-block-group-is-layout-constrained\" style=\"margin-top:0;margin-bottom:0\">\n<div class=\"wp-block-group is-content-justification-center is-layout-flex wp-container-core-group-is-layout-a45913bb wp-block-group-is-layout-flex\" style=\"padding-top:var(--wp--preset--spacing--30);padding-bottom:var(--wp--preset--spacing--30)\">\n<div class=\"wp-block-group is-vertical is-content-justification-center is-layout-flex wp-container-core-group-is-layout-de19a45c wp-block-group-is-layout-flex\">\n<figure class=\"wp-block-image size-full is-resized\"><img loading=\"lazy\" decoding=\"async\" width=\"129\" height=\"129\" src=\"https:\/\/www.usal.edu.ar\/internacional\/wp-content\/uploads\/sites\/7\/2024\/02\/Mask-group-1.png\" alt=\"\" class=\"wp-image-34\" style=\"width:100px\" \/><\/figure>\n\n\n\n<p class=\"has-text-align-center has-small-font-size\"><strong>Doble titulaci\u00f3n<\/strong><\/p>\n<\/div>\n\n\n\n<div class=\"wp-block-group is-vertical is-content-justification-center is-layout-flex wp-container-core-group-is-layout-0ddce7ad wp-block-group-is-layout-flex\">\n<figure class=\"wp-block-image size-full is-resized\"><img loading=\"lazy\" decoding=\"async\" width=\"129\" height=\"129\" src=\"https:\/\/www.usal.edu.ar\/internacional\/wp-content\/uploads\/sites\/7\/2024\/02\/Mask-group-2.png\" alt=\"\" class=\"wp-image-33\" style=\"width:100px\" \/><\/figure>\n\n\n\n<p class=\"has-text-align-center has-small-font-size\"><strong>M\u00e1s de 500 <\/strong><br><strong>convenios<\/strong><\/p>\n\n\n\n<div style=\"height:14px\" aria-hidden=\"true\" class=\"wp-block-spacer wp-container-content-943fad18\"><\/div>\n<\/div>\n\n\n\n<div class=\"wp-block-group is-vertical is-content-justification-center is-layout-flex wp-container-core-group-is-layout-de19a45c wp-block-group-is-layout-flex\">\n<figure class=\"wp-block-image size-full is-resized\"><img loading=\"lazy\" decoding=\"async\" width=\"95\" height=\"95\" src=\"https:\/\/www.usal.edu.ar\/internacional\/wp-content\/uploads\/sites\/7\/2024\/05\/integration-1-1.png\" alt=\"\" class=\"wp-image-651\" style=\"width:100px\" \/><\/figure>\n\n\n\n<p class=\"has-text-align-center has-small-font-size\"><strong>Proyectos<\/strong><br><strong>internacionales<\/strong><\/p>\n<\/div>\n\n\n\n<div class=\"wp-block-group is-vertical is-content-justification-center is-layout-flex wp-container-core-group-is-layout-de19a45c wp-block-group-is-layout-flex\">\n<figure class=\"wp-block-image size-full is-resized\"><img loading=\"lazy\" decoding=\"async\" width=\"129\" height=\"129\" src=\"https:\/\/www.usal.edu.ar\/internacional\/wp-content\/uploads\/sites\/7\/2024\/05\/image-24.png\" alt=\"\" class=\"wp-image-652\" style=\"width:100px\" \/><\/figure>\n\n\n\n<p class=\"has-text-align-center has-small-font-size\"><strong>Francofon\u00eda<\/strong><\/p>\n<\/div>\n<\/div>\n<\/div>\n\n\n\n<div class=\"wp-block-group has-background has-global-padding is-layout-constrained wp-container-core-group-is-layout-a35945ca wp-block-group-is-layout-constrained\" style=\"background-color:#ff0082;padding-top:var(--wp--preset--spacing--30);padding-right:var(--wp--preset--spacing--30);padding-bottom:var(--wp--preset--spacing--30);padding-left:var(--wp--preset--spacing--30)\">\n<div class=\"wp-block-columns is-layout-flex wp-container-core-columns-is-layout-430f08e6 wp-block-columns-is-layout-flex\">\n<div class=\"wp-block-column has-global-padding is-layout-constrained wp-block-column-is-layout-constrained\" style=\"flex-basis:33.33%\">\n<div class=\"wp-block-group has-border-color has-base-border-color has-base-color has-text-color has-background has-link-color wp-elements-d6de4ef7f00668a5bea60a4d32a7df3e has-global-padding is-layout-constrained wp-container-core-group-is-layout-803a7fb7 wp-block-group-is-layout-constrained\" style=\"border-width:1px;border-radius:5px;background-color:#ff0082;margin-top:0;margin-bottom:0;padding-top:10px;padding-right:10px;padding-bottom:10px;padding-left:10px\">\n<p class=\"has-text-align-center\"><strong>Convenios y Redes<\/strong><\/p>\n\n\n\n<div class=\"wp-block-buttons is-vertical is-content-justification-center is-layout-flex wp-container-core-buttons-is-layout-28600532 wp-block-buttons-is-layout-flex\">\n<div class=\"wp-block-button has-custom-width wp-block-button__width-100\"><a class=\"wp-block-button__link has-vivid-cyan-blue-color has-base-background-color has-text-color has-background has-link-color has-x-small-font-size has-text-align-center has-custom-font-size wp-element-button\" href=\"https:\/\/www.usal.edu.ar\/internacional\/cooperacion-internacional\/convenios-de-cooperacion\/?tipos%5B%5D=movilidad\" style=\"font-style:normal;font-weight:700\">Convenios de movilidad<\/a><\/div>\n\n\n\n<div class=\"wp-block-button has-custom-width wp-block-button__width-100\"><a class=\"wp-block-button__link has-vivid-cyan-blue-color has-base-background-color has-text-color has-background has-link-color has-x-small-font-size has-text-align-center has-custom-font-size wp-element-button\" href=\"https:\/\/www.usal.edu.ar\/internacional\/cooperacion-internacional\/convenios-de-cooperacion\/?tipos%5B%5D=cooperacion\" style=\"font-style:normal;font-weight:700\">Convenios de cooperaci\u00f3n<\/a><\/div>\n\n\n\n<div class=\"wp-block-button has-custom-width wp-block-button__width-100\"><a class=\"wp-block-button__link has-vivid-cyan-blue-color has-base-background-color has-text-color has-background has-link-color has-x-small-font-size has-text-align-center has-custom-font-size wp-element-button\" href=\"https:\/\/www.usal.edu.ar\/internacional\/cooperacion-internacional\/convenios-de-cooperacion\/?tipos%5B%5D=otros\" style=\"font-style:normal;font-weight:700\">Otros convenios<\/a><\/div>\n\n\n\n<div class=\"wp-block-button has-custom-width wp-block-button__width-100\"><a class=\"wp-block-button__link has-vivid-cyan-blue-color has-base-background-color has-text-color has-background has-link-color has-x-small-font-size has-text-align-center has-custom-font-size wp-element-button\" href=\"https:\/\/www.usal.edu.ar\/internacional\/cooperacion-internacional\/redes\/\" style=\"font-style:normal;font-weight:700\" target=\"_blank\" rel=\"noreferrer noopener\">Redes<\/a><\/div>\n<\/div>\n<\/div>\n<\/div>\n\n\n\n<div class=\"wp-block-column is-layout-flow wp-block-column-is-layout-flow\" style=\"flex-basis:33.33%\">\n<div class=\"wp-block-group has-border-color has-base-border-color has-base-color has-text-color has-background has-link-color wp-elements-6b474e86fe70c44534daee55601cc403 has-global-padding is-layout-constrained wp-container-core-group-is-layout-803a7fb7 wp-block-group-is-layout-constrained\" style=\"border-width:1px;border-radius:5px;background-color:#ff0082;margin-top:0;margin-bottom:0;padding-top:10px;padding-right:10px;padding-bottom:10px;padding-left:10px\">\n<p class=\"has-text-align-center\"><strong>Proyectos internacionales y convocatorias<\/strong><\/p>\n\n\n\n<div class=\"wp-block-buttons is-vertical is-content-justification-center is-layout-flex wp-container-core-buttons-is-layout-28600532 wp-block-buttons-is-layout-flex\">\n<div class=\"wp-block-button has-custom-width wp-block-button__width-100\"><a class=\"wp-block-button__link has-base-background-color has-text-color has-background has-link-color has-x-small-font-size has-text-align-center has-custom-font-size wp-element-button\" href=\"https:\/\/www.usal.edu.ar\/internacional\/cooperacion-internacional\/erasmus\/\" style=\"color:#7100da;font-style:normal;font-weight:700\">Erasmus<\/a><\/div>\n\n\n\n<div class=\"wp-block-button has-custom-width wp-block-button__width-100\"><a class=\"wp-block-button__link has-base-background-color has-text-color has-background has-link-color has-x-small-font-size has-text-align-center has-custom-font-size wp-element-button\" href=\"https:\/\/www.usal.edu.ar\/internacional\/cooperacion-internacional\/nawa\/\" style=\"color:#7100da;font-style:normal;font-weight:700\">Nawa<\/a><\/div>\n\n\n\n<div class=\"wp-block-button has-custom-width wp-block-button__width-100\"><a class=\"wp-block-button__link has-base-background-color has-text-color has-background has-link-color has-x-small-font-size has-text-align-center has-custom-font-size wp-element-button\" href=\"https:\/\/www.usal.edu.ar\/internacional\/cooperacion-internacional\/ministerio-de-educacion\/\" style=\"color:#7100da;font-style:normal;font-weight:700\">Ministerio de Educaci\u00f3n<\/a><\/div>\n\n\n\n<div class=\"wp-block-button has-custom-width wp-block-button__width-100\"><a class=\"wp-block-button__link has-base-background-color has-text-color has-background has-link-color has-x-small-font-size has-text-align-center has-custom-font-size wp-element-button\" href=\"https:\/\/www.usal.edu.ar\/internacional\/cooperacion-internacional\/100000-de-las-americas\/\" style=\"color:#7100da;font-style:normal;font-weight:700\">100.000 de las Am\u00e9ricas<\/a><\/div>\n\n\n\n<div class=\"wp-block-button has-custom-width wp-block-button__width-100\"><a class=\"wp-block-button__link has-base-background-color has-text-color has-background has-link-color has-x-small-font-size has-text-align-center has-custom-font-size wp-element-button\" href=\"https:\/\/www.usal.edu.ar\/internacional\/cooperacion-internacional\/equaa\/\" style=\"color:#7100da;font-style:normal;font-weight:700\">EQUAA<\/a><\/div>\n\n\n\n<div class=\"wp-block-button has-custom-width wp-block-button__width-100\"><a class=\"wp-block-button__link has-base-background-color has-text-color has-background has-link-color has-x-small-font-size has-text-align-center has-custom-font-size wp-element-button\" href=\"https:\/\/www.usal.edu.ar\/internacional\/cooperacion-internacional\/francofonia-en-la-usal\/\" style=\"color:#7100da;font-style:normal;font-weight:700\">Francon\u00eda en la USAL<\/a><\/div>\n\n\n\n<div class=\"wp-block-button has-custom-width wp-block-button__width-100\"><a class=\"wp-block-button__link has-base-background-color has-text-color has-background has-link-color has-x-small-font-size has-text-align-center has-custom-font-size wp-element-button\" href=\"https:\/\/www.usal.edu.ar\/internacional\/cooperacion-internacional\/oui\/\" style=\"color:#7100da;font-style:normal;font-weight:700\">OUI<\/a><\/div>\n\n\n\n<div class=\"wp-block-button has-custom-width wp-block-button__width-100\"><a class=\"wp-block-button__link has-base-background-color has-text-color has-background has-link-color has-x-small-font-size has-text-align-center has-custom-font-size wp-element-button\" href=\"https:\/\/www.usal.edu.ar\/internacional\/cooperacion-internacional\/profesores-visitantes\/\" style=\"color:#7100da;font-style:normal;font-weight:700\">Profesores Visitantes<\/a><\/div>\n\n\n\n<div class=\"wp-block-button has-custom-width wp-block-button__width-100\"><a class=\"wp-block-button__link has-base-background-color has-text-color has-background has-link-color has-x-small-font-size has-text-align-center has-custom-font-size wp-element-button\" href=\"https:\/\/www.usal.edu.ar\/internacional\/cooperacion-internacional\/%f0%9f%93%91-proyectos-korea-foundation\/\" style=\"color:#7100da;font-style:normal;font-weight:700\" target=\"_blank\" rel=\"noreferrer noopener\">Korea Foundation<\/a><\/div>\n<\/div>\n<\/div>\n<\/div>\n\n\n\n<div class=\"wp-block-column is-layout-flow wp-block-column-is-layout-flow\" style=\"flex-basis:33.33%\">\n<div class=\"wp-block-group has-border-color has-base-border-color has-base-color has-text-color has-background has-link-color wp-elements-67ce562552d8dbaa4d8b4acff0650527 has-global-padding is-layout-constrained wp-container-core-group-is-layout-803a7fb7 wp-block-group-is-layout-constrained\" style=\"border-width:1px;border-radius:5px;background-color:#ff0082;margin-top:0;margin-bottom:0;padding-top:10px;padding-right:10px;padding-bottom:10px;padding-left:10px\">\n<p class=\"has-text-align-center\"><strong>Congreos y eventos internacionales<\/strong><\/p>\n\n\n\n<div class=\"wp-block-buttons is-vertical is-content-justification-center is-layout-flex wp-container-core-buttons-is-layout-28600532 wp-block-buttons-is-layout-flex\">\n<div class=\"wp-block-button has-custom-width wp-block-button__width-100\"><a class=\"wp-block-button__link has-base-background-color has-text-color has-background has-link-color has-x-small-font-size has-text-align-center has-custom-font-size wp-element-button\" href=\"https:\/\/www.usal.edu.ar\/internacional\/cooperacion-internacional\/nafsa\/\" style=\"color:#315cb8;font-style:normal;font-weight:700\">NAFSA<\/a><\/div>\n\n\n\n<div class=\"wp-block-button has-custom-width wp-block-button__width-100\"><a class=\"wp-block-button__link has-base-background-color has-text-color has-background has-link-color has-x-small-font-size has-text-align-center has-custom-font-size wp-element-button\" href=\"https:\/\/www.usal.edu.ar\/internacional\/cooperacion-internacional\/eaie\/\" style=\"color:#315cb8;font-style:normal;font-weight:700\">EAIE<\/a><\/div>\n\n\n\n<div class=\"wp-block-button has-custom-width wp-block-button__width-100\"><a class=\"wp-block-button__link has-base-background-color has-text-color has-background has-link-color has-x-small-font-size has-text-align-center has-custom-font-size wp-element-button\" href=\"https:\/\/www.usal.edu.ar\/internacional\/cooperacion-internacional\/oui\/\" style=\"color:#315cb8;font-style:normal;font-weight:700\">OUI<\/a><\/div>\n\n\n\n<div class=\"wp-block-button has-custom-width wp-block-button__width-100\"><a class=\"wp-block-button__link has-base-background-color has-text-color has-background has-link-color has-x-small-font-size has-text-align-center has-custom-font-size wp-element-button\" href=\"https:\/\/www.usal.edu.ar\/internacional\/cooperacion-internacional\/dies\/\" style=\"color:#315cb8;font-style:normal;font-weight:700\">DIES<\/a><\/div>\n\n\n\n<div class=\"wp-block-button has-custom-width wp-block-button__width-100\"><a class=\"wp-block-button__link has-base-background-color has-text-color has-background has-link-color has-x-small-font-size has-text-align-center has-custom-font-size wp-element-button\" href=\"https:\/\/www.usal.edu.ar\/internacional\/cooperacion-internacional\/isep-council\/\" style=\"color:#315cb8;font-style:normal;font-weight:700\">ISEP COUNCIL<\/a><\/div>\n\n\n\n<div class=\"wp-block-button has-custom-width wp-block-button__width-100\"><a class=\"wp-block-button__link has-base-background-color has-text-color has-background has-link-color has-x-small-font-size has-text-align-center has-custom-font-size wp-element-button\" href=\"https:\/\/www.usal.edu.ar\/internacional\/cooperacion-internacional\/jornadas-de-investigacion\/\" style=\"color:#315cb8;font-style:normal;font-weight:700\">Jornadas de Investigaci\u00f3n<\/a><\/div>\n\n\n\n<div class=\"wp-block-button has-custom-width wp-block-button__width-100\"><a class=\"wp-block-button__link has-base-background-color has-text-color has-background has-link-color has-x-small-font-size has-text-align-center has-custom-font-size wp-element-button\" href=\"https:\/\/www.usal.edu.ar\/internacional\/wp-content\/uploads\/sites\/7\/2024\/05\/Otros-Congresos-y-Eventos-Internacionales.pdf\" style=\"color:#315cb8;font-style:normal;font-weight:700\" target=\"_blank\" rel=\"noreferrer noopener\">Otros<\/a><\/div>\n<\/div>\n<\/div>\n<\/div>\n<\/div>\n<\/div>\n\n\n\n<div class=\"wp-block-group has-global-padding is-layout-constrained wp-container-core-group-is-layout-a35945ca wp-block-group-is-layout-constrained\" style=\"padding-top:var(--wp--preset--spacing--30);padding-right:var(--wp--preset--spacing--30);padding-bottom:var(--wp--preset--spacing--30);padding-left:var(--wp--preset--spacing--30)\">\n<div class=\"wp-block-columns is-not-stacked-on-mobile is-layout-flex wp-container-core-columns-is-layout-28f84493 wp-block-columns-is-layout-flex\">\n<div class=\"wp-block-column is-vertically-aligned-center is-layout-flow wp-block-column-is-layout-flow\" style=\"padding-top:0;padding-bottom:0;flex-basis:33.33%\">\n<figure class=\"wp-block-image aligncenter size-medium has-custom-border\"><img loading=\"lazy\" decoding=\"async\" width=\"300\" height=\"300\" src=\"https:\/\/www.usal.edu.ar\/internacional\/wp-content\/uploads\/sites\/7\/2025\/04\/WhatsApp-Image-2025-04-30-at-3.20.52-PM-2-300x300.jpeg\" alt=\"\" class=\"wp-image-8658\" srcset=\"https:\/\/www.usal.edu.ar\/internacional\/wp-content\/uploads\/sites\/7\/2025\/04\/WhatsApp-Image-2025-04-30-at-3.20.52-PM-2-300x300.jpeg 300w, https:\/\/www.usal.edu.ar\/internacional\/wp-content\/uploads\/sites\/7\/2025\/04\/WhatsApp-Image-2025-04-30-at-3.20.52-PM-2-1024x1024.jpeg 1024w, https:\/\/www.usal.edu.ar\/internacional\/wp-content\/uploads\/sites\/7\/2025\/04\/WhatsApp-Image-2025-04-30-at-3.20.52-PM-2-150x150.jpeg 150w, https:\/\/www.usal.edu.ar\/internacional\/wp-content\/uploads\/sites\/7\/2025\/04\/WhatsApp-Image-2025-04-30-at-3.20.52-PM-2-768x768.jpeg 768w, https:\/\/www.usal.edu.ar\/internacional\/wp-content\/uploads\/sites\/7\/2025\/04\/WhatsApp-Image-2025-04-30-at-3.20.52-PM-2-50x50.jpeg 50w, https:\/\/www.usal.edu.ar\/internacional\/wp-content\/uploads\/sites\/7\/2025\/04\/WhatsApp-Image-2025-04-30-at-3.20.52-PM-2.jpeg 1280w\" sizes=\"auto, (max-width: 300px) 100vw, 300px\" \/><\/figure>\n<\/div>\n\n\n\n<div class=\"wp-block-column is-vertically-aligned-center is-layout-flow wp-container-core-column-is-layout-2bac12ba wp-block-column-is-layout-flow\" style=\"padding-top:var(--wp--preset--spacing--30);padding-right:var(--wp--preset--spacing--30);padding-bottom:var(--wp--preset--spacing--30);padding-left:var(--wp--preset--spacing--30);flex-basis:66.66%\">\n<h4 class=\"wp-block-heading\">Conoce a nuestro equipo<\/h4>\n\n\n\n<p class=\"has-x-small-font-size\">La Direcci\u00f3n de Cooperaci\u00f3n Internacional, dependiente del Vicerrectorado de Investigaci\u00f3n y Desarrollo, tiene su punto focal en promover la internacionalizaci\u00f3n de la Universidad del Salvador. Para lograr esto, se encarga de desarrollar estrategias y programas que fomenten la colaboraci\u00f3n y el intercambio acad\u00e9mico con universidades y centros educativos extranjeros.<\/p>\n\n\n\n<div class=\"wp-block-buttons is-layout-flex wp-block-buttons-is-layout-flex\">\n<div class=\"wp-block-button is-style-fill\"><a class=\"wp-block-button__link has-x-small-font-size has-custom-font-size wp-element-button\" href=\"https:\/\/www.usal.edu.ar\/internacional\/sobre-nosotros\/\">Ver m\u00e1s<\/a><\/div>\n<\/div>\n<\/div>\n<\/div>\n<\/div>\n\n\n\n<div class=\"wp-block-group form-contacto has-global-padding is-layout-constrained wp-container-core-group-is-layout-f19b9970 wp-block-group-is-layout-constrained\" style=\"margin-top:var(--wp--preset--spacing--30);margin-bottom:var(--wp--preset--spacing--30);padding-top:var(--wp--preset--spacing--30);padding-right:var(--wp--preset--spacing--30);padding-bottom:var(--wp--preset--spacing--30);padding-left:var(--wp--preset--spacing--30)\">\n<h3 class=\"wp-block-heading has-text-align-center\" style=\"font-style:normal;font-weight:600;letter-spacing:-2px\">Contacto<\/h3>\n\n\n\n<hr class=\"wp-block-separator has-text-color has-primary-color has-alpha-channel-opacity has-primary-background-color has-background linea-base-titulo\" style=\"margin-bottom:var(--wp--preset--spacing--30)\" \/>\n\n\n\n<p>Por favor, completa tus datos para estar en contacto. Te enviaremos una respuesta a la brevedad.<\/p>\n\n\n\n<div class=\"wp-block-contact-form-7-contact-form-selector\">\n<div class=\"wpcf7 no-js\" id=\"wpcf7-f153-o1\" lang=\"es-ES\" dir=\"ltr\" data-wpcf7-id=\"153\">\n<div class=\"screen-reader-response\"><p role=\"status\" aria-live=\"polite\" aria-atomic=\"true\"><\/p> <ul><\/ul><\/div>\n<form action=\"\/internacional\/wp-json\/wp\/v2\/pages\/335#wpcf7-f153-o1\" method=\"post\" class=\"wpcf7-form init\" aria-label=\"Formulario de contacto\" novalidate=\"novalidate\" data-status=\"init\">\n<fieldset class=\"hidden-fields-container\"><input type=\"hidden\" name=\"_wpcf7\" value=\"153\" \/><input type=\"hidden\" name=\"_wpcf7_version\" value=\"6.1.5\" \/><input type=\"hidden\" name=\"_wpcf7_locale\" value=\"es_ES\" \/><input type=\"hidden\" name=\"_wpcf7_unit_tag\" value=\"wpcf7-f153-o1\" \/><input type=\"hidden\" name=\"_wpcf7_container_post\" value=\"0\" \/><input type=\"hidden\" name=\"_wpcf7_posted_data_hash\" value=\"\" \/><input type=\"hidden\" name=\"_wpcf7_recaptcha_response\" value=\"\" \/>\n<\/fieldset>\n<p><label> Nombre<br \/>\n<span class=\"wpcf7-form-control-wrap\" data-name=\"your-name\"><input size=\"40\" maxlength=\"400\" class=\"wpcf7-form-control wpcf7-text wpcf7-validates-as-required\" autocomplete=\"name\" aria-required=\"true\" aria-invalid=\"false\" value=\"\" type=\"text\" name=\"your-name\" \/><\/span> <\/label>\n<\/p>\n<p><label> Correo<br \/>\n<span class=\"wpcf7-form-control-wrap\" data-name=\"your-email\"><input size=\"40\" maxlength=\"400\" class=\"wpcf7-form-control wpcf7-email wpcf7-validates-as-required wpcf7-text wpcf7-validates-as-email\" autocomplete=\"email\" aria-required=\"true\" aria-invalid=\"false\" value=\"\" type=\"email\" name=\"your-email\" \/><\/span> <\/label>\n<\/p>\n<p><label> Mensaje<br \/>\n<span class=\"wpcf7-form-control-wrap\" data-name=\"your-message\"><textarea cols=\"40\" rows=\"5\" maxlength=\"2000\" class=\"wpcf7-form-control wpcf7-textarea wpcf7-validates-as-required\" aria-required=\"true\" aria-invalid=\"false\" name=\"your-message\"><\/textarea><\/span> <\/label>\n<\/p>\n<input class=\"wpcf7-form-control wpcf7-hidden\" value=\"Contacto Web Internacional\" type=\"hidden\" name=\"your-subject\" \/>\n<div style=\"text-align:center\">\n\t<p><input class=\"wpcf7-form-control wpcf7-submit has-spinner boton-enviar\" type=\"submit\" value=\"ENVIAR\" \/>\n\t<\/p>\n<\/div><div class=\"wpcf7-response-output\" aria-hidden=\"true\"><\/div>\n<\/form>\n<\/div>\n<\/div>\n<\/div>\n","protected":false},"excerpt":{"rendered":"<p>\u00bfPor qu\u00e9 elegir la USAL? La USAL ofrece una amplia oferta de estudios que te llevar\u00e1 a sacar lo mejor de vos, prepar\u00e1ndote para lograr todos tus retos personales y profesionales. Doble titulaci\u00f3n M\u00e1s de 500 convenios Proyectosinternacionales Francofon\u00eda Convenios y Redes Proyectos internacionales y convocatorias Congreos y eventos internacionales Conoce a nuestro equipo La [&hellip;]<\/p>\n","protected":false},"author":19,"featured_media":0,"parent":0,"menu_order":0,"comment_status":"closed","ping_status":"closed","template":"","meta":{"_acf_changed":false,"footnotes":""},"class_list":["post-335","page","type-page","status-publish","hentry"],"acf":[],"_links":{"self":[{"href":"https:\/\/www.usal.edu.ar\/internacional\/wp-json\/wp\/v2\/pages\/335","targetHints":{"allow":["GET"]}}],"collection":[{"href":"https:\/\/www.usal.edu.ar\/internacional\/wp-json\/wp\/v2\/pages"}],"about":[{"href":"https:\/\/www.usal.edu.ar\/internacional\/wp-json\/wp\/v2\/types\/page"}],"author":[{"embeddable":true,"href":"https:\/\/www.usal.edu.ar\/internacional\/wp-json\/wp\/v2\/users\/19"}],"replies":[{"embeddable":true,"href":"https:\/\/www.usal.edu.ar\/internacional\/wp-json\/wp\/v2\/comments?post=335"}],"version-history":[{"count":28,"href":"https:\/\/www.usal.edu.ar\/internacional\/wp-json\/wp\/v2\/pages\/335\/revisions"}],"predecessor-version":[{"id":9263,"href":"https:\/\/www.usal.edu.ar\/internacional\/wp-json\/wp\/v2\/pages\/335\/revisions\/9263"}],"wp:attachment":[{"href":"https:\/\/www.usal.edu.ar\/internacional\/wp-json\/wp\/v2\/media?parent=335"}],"curies":[{"name":"wp","href":"https:\/\/api.w.org\/{rel}","templated":true}]}}