{"id":350,"date":"2024-05-10T17:36:49","date_gmt":"2024-05-10T20:36:49","guid":{"rendered":"https:\/\/www.usal.edu.ar\/internacional\/?page_id=350"},"modified":"2025-05-22T11:04:22","modified_gmt":"2025-05-22T14:04:22","slug":"nafsa","status":"publish","type":"page","link":"https:\/\/www.usal.edu.ar\/internacional\/cooperacion-internacional\/nafsa\/","title":{"rendered":"NAFSA &#8211; Association of International Educators"},"content":{"rendered":"\n<div class=\"wp-block-group has-global-padding is-layout-constrained wp-block-group-is-layout-constrained\">\n<h3 class=\"wp-block-heading has-text-align-center\">\ud83c\udf10 <strong>NAFSA: USAL Presente en la Red Global de Educaci\u00f3n Internacional<\/strong><\/h3>\n<\/div>\n\n\n\n<p><\/p>\n\n\n\n<div class=\"wp-block-group has-global-padding is-layout-constrained wp-block-group-is-layout-constrained\">\n<h4 class=\"wp-block-heading has-text-align-left\">Conectando Culturas, Transformando el Futuro<\/h4>\n\n\n\n<p><\/p>\n\n\n\n<p><strong>NAFSA: Association of International Educators<\/strong> es la <strong>organizaci\u00f3n sin fines de lucro m\u00e1s grande y diversa del mundo<\/strong> dedicada a la <strong>educaci\u00f3n internacional<\/strong> y al <strong>intercambio acad\u00e9mico y cultural<\/strong>. Fundada en 1948, NAFSA promueve pol\u00edticas y pr\u00e1cticas que construyen un mundo <strong>m\u00e1s interconectado, pac\u00edfico e inclusivo<\/strong>, tanto para el presente como para las futuras generaciones.<\/p>\n<\/div>\n\n\n\n<p>Con miembros en <strong>m\u00e1s de 100 pa\u00edses<\/strong>, NAFSA lidera el camino en temas clave como:<\/p>\n\n\n\n<ul class=\"wp-block-list\">\n<li>\ud83c\udf0d Movilidad estudiantil global<\/li>\n\n\n\n<li>\ud83e\udd1d Colaboraci\u00f3n acad\u00e9mica internacional<\/li>\n\n\n\n<li>\ud83c\udf93 Diversidad, equidad e inclusi\u00f3n en la educaci\u00f3n<\/li>\n\n\n\n<li>\ud83d\udca1 Formaci\u00f3n, investigaci\u00f3n y creaci\u00f3n de redes globales<\/li>\n<\/ul>\n\n\n\n<div class=\"wp-block-group has-global-padding is-layout-constrained wp-block-group-is-layout-constrained\">\n<figure class=\"wp-block-image aligncenter size-full is-resized\"><img loading=\"lazy\" decoding=\"async\" width=\"277\" height=\"182\" src=\"https:\/\/www.usal.edu.ar\/internacional\/wp-content\/uploads\/sites\/7\/2024\/05\/descarga-4.png\" alt=\"\" class=\"wp-image-1336\" style=\"width:331px;height:auto\" \/><\/figure>\n<\/div>\n\n\n\n<p><\/p>\n\n\n\n<div class=\"wp-block-group has-global-padding is-layout-constrained wp-block-group-is-layout-constrained\">\n<h4 class=\"wp-block-heading\">\ud83d\udcda <strong>USAL y su Trayectoria en NAFSA<\/strong><\/h4>\n\n\n\n<p><\/p>\n\n\n\n<p>Desde hace m\u00e1s de una d\u00e9cada, la <strong>Universidad del Salvador (USAL)<\/strong> participa activamente en los encuentros anuales de NAFSA, consolidando v\u00ednculos estrat\u00e9gicos con universidades de todo el mundo y reafirmando su compromiso con la internacionalizaci\u00f3n de la educaci\u00f3n superior.<\/p>\n<\/div>\n\n\n\n<p><\/p>\n\n\n\n<div class=\"wp-block-group has-global-padding is-layout-constrained wp-block-group-is-layout-constrained\">\n<h4 class=\"wp-block-heading\">\ud83d\udcc5 Participaciones destacadas:<\/h4>\n\n\n\n<ul class=\"wp-block-list\">\n<li><strong>2025 \u2013 San Diego<\/strong><\/li>\n\n\n\n<li><strong>2024 \u2013 Nueva Orleans<\/strong><\/li>\n\n\n\n<li><strong>2023 \u2013 Washington D.C.<\/strong><\/li>\n\n\n\n<li><strong>2022 \u2013 Denver<\/strong><\/li>\n\n\n\n<li><strong>2019 \u2013 Washington D.C.<\/strong><\/li>\n\n\n\n<li><strong>2018 \u2013 Filadelfia<\/strong><\/li>\n\n\n\n<li><strong>2017 \u2013 Los \u00c1ngeles<\/strong><\/li>\n\n\n\n<li><strong>2016 \u2013 Denver<\/strong><\/li>\n\n\n\n<li><strong>2015 \u2013 Boston<\/strong><\/li>\n\n\n\n<li><strong>2014 \u2013 San Diego<\/strong><\/li>\n\n\n\n<li><strong>2013 \u2013 St. Louis<\/strong><\/li>\n\n\n\n<li><strong>2012 \u2013 Houston<\/strong><\/li>\n<\/ul>\n<\/div>\n\n\n\n<p><\/p>\n\n\n\n<div class=\"wp-block-group has-global-padding is-layout-constrained wp-block-group-is-layout-constrained\">\n<p><\/p>\n\n\n\n<div class=\"wp-block-columns is-layout-flex wp-container-core-columns-is-layout-28f84493 wp-block-columns-is-layout-flex\">\n<div class=\"wp-block-column is-layout-flow wp-block-column-is-layout-flow\">\n<figure class=\"wp-block-image size-large\"><img loading=\"lazy\" decoding=\"async\" width=\"768\" height=\"1024\" src=\"https:\/\/www.usal.edu.ar\/internacional\/wp-content\/uploads\/sites\/7\/2024\/05\/NAFSA-2023-2-768x1024.jpg\" alt=\"\" class=\"wp-image-1339\" srcset=\"https:\/\/www.usal.edu.ar\/internacional\/wp-content\/uploads\/sites\/7\/2024\/05\/NAFSA-2023-2-768x1024.jpg 768w, https:\/\/www.usal.edu.ar\/internacional\/wp-content\/uploads\/sites\/7\/2024\/05\/NAFSA-2023-2-225x300.jpg 225w, https:\/\/www.usal.edu.ar\/internacional\/wp-content\/uploads\/sites\/7\/2024\/05\/NAFSA-2023-2-1152x1536.jpg 1152w, https:\/\/www.usal.edu.ar\/internacional\/wp-content\/uploads\/sites\/7\/2024\/05\/NAFSA-2023-2.jpg 1200w\" sizes=\"auto, (max-width: 768px) 100vw, 768px\" \/><\/figure>\n<\/div>\n\n\n\n<div class=\"wp-block-column is-layout-flow wp-block-column-is-layout-flow\">\n<figure class=\"wp-block-image size-large\"><img loading=\"lazy\" decoding=\"async\" width=\"768\" height=\"1024\" src=\"https:\/\/www.usal.edu.ar\/internacional\/wp-content\/uploads\/sites\/7\/2024\/05\/29d4703e-cbe7-426c-b2ba-2a4eea41b3ea-768x1024.jpg\" alt=\"\" class=\"wp-image-1417\" srcset=\"https:\/\/www.usal.edu.ar\/internacional\/wp-content\/uploads\/sites\/7\/2024\/05\/29d4703e-cbe7-426c-b2ba-2a4eea41b3ea-768x1024.jpg 768w, https:\/\/www.usal.edu.ar\/internacional\/wp-content\/uploads\/sites\/7\/2024\/05\/29d4703e-cbe7-426c-b2ba-2a4eea41b3ea-225x300.jpg 225w, https:\/\/www.usal.edu.ar\/internacional\/wp-content\/uploads\/sites\/7\/2024\/05\/29d4703e-cbe7-426c-b2ba-2a4eea41b3ea.jpg 960w\" sizes=\"auto, (max-width: 768px) 100vw, 768px\" \/><\/figure>\n<\/div>\n\n\n\n<div class=\"wp-block-column is-layout-flow wp-block-column-is-layout-flow\">\n<figure class=\"wp-block-image size-large\"><img loading=\"lazy\" decoding=\"async\" width=\"768\" height=\"1024\" src=\"https:\/\/www.usal.edu.ar\/internacional\/wp-content\/uploads\/sites\/7\/2024\/05\/NAFSA-2023-1-768x1024.jpg\" alt=\"\" class=\"wp-image-1341\" srcset=\"https:\/\/www.usal.edu.ar\/internacional\/wp-content\/uploads\/sites\/7\/2024\/05\/NAFSA-2023-1-768x1024.jpg 768w, https:\/\/www.usal.edu.ar\/internacional\/wp-content\/uploads\/sites\/7\/2024\/05\/NAFSA-2023-1-225x300.jpg 225w, https:\/\/www.usal.edu.ar\/internacional\/wp-content\/uploads\/sites\/7\/2024\/05\/NAFSA-2023-1-1152x1536.jpg 1152w, https:\/\/www.usal.edu.ar\/internacional\/wp-content\/uploads\/sites\/7\/2024\/05\/NAFSA-2023-1.jpg 1200w\" sizes=\"auto, (max-width: 768px) 100vw, 768px\" \/><\/figure>\n<\/div>\n<\/div>\n<\/div>\n\n\n\n<p><\/p>\n\n\n\n<div class=\"wp-block-group has-global-padding is-layout-constrained wp-block-group-is-layout-constrained\">\n<div class=\"wp-block-group has-global-padding is-layout-constrained wp-block-group-is-layout-constrained\">\n<h4 class=\"wp-block-heading\">\ud83c\udf0e Una Red Global para el Entendimiento Intercultural<\/h4>\n<\/div>\n<\/div>\n\n\n\n<p><\/p>\n\n\n\n<div class=\"wp-block-group has-global-padding is-layout-constrained wp-block-group-is-layout-constrained\">\n<div class=\"wp-block-group has-global-padding is-layout-constrained wp-block-group-is-layout-constrained\">\n<p>A trav\u00e9s de <strong>conferencias internacionales<\/strong>, <strong>publicaciones especializadas<\/strong>, <strong>programas de capacitaci\u00f3n<\/strong> y <strong>defensa de pol\u00edticas p\u00fablicas<\/strong>, NAFSA crea espacios para el <strong>intercambio de ideas<\/strong>, la <strong>formaci\u00f3n de redes profesionales<\/strong> y la <strong>promoci\u00f3n de buenas pr\u00e1cticas<\/strong> en la educaci\u00f3n internacional.<\/p>\n\n\n\n<p>La participaci\u00f3n de USAL en esta red fortalece sus iniciativas de cooperaci\u00f3n global y contribuye a formar una comunidad universitaria cada vez m\u00e1s conectada con los desaf\u00edos y oportunidades del mundo actual.<\/p>\n<\/div>\n<\/div>\n","protected":false},"excerpt":{"rendered":"<p>\ud83c\udf10 NAFSA: USAL Presente en la Red Global de Educaci\u00f3n Internacional Conectando Culturas, Transformando el Futuro NAFSA: Association of International Educators es la organizaci\u00f3n sin fines de lucro m\u00e1s grande y diversa del mundo dedicada a la educaci\u00f3n internacional y al intercambio acad\u00e9mico y cultural. Fundada en 1948, NAFSA promueve pol\u00edticas y pr\u00e1cticas que construyen [&hellip;]<\/p>\n","protected":false},"author":5,"featured_media":0,"parent":335,"menu_order":0,"comment_status":"closed","ping_status":"closed","template":"","meta":{"_acf_changed":false,"footnotes":""},"class_list":["post-350","page","type-page","status-publish","hentry"],"acf":[],"_links":{"self":[{"href":"https:\/\/www.usal.edu.ar\/internacional\/wp-json\/wp\/v2\/pages\/350","targetHints":{"allow":["GET"]}}],"collection":[{"href":"https:\/\/www.usal.edu.ar\/internacional\/wp-json\/wp\/v2\/pages"}],"about":[{"href":"https:\/\/www.usal.edu.ar\/internacional\/wp-json\/wp\/v2\/types\/page"}],"author":[{"embeddable":true,"href":"https:\/\/www.usal.edu.ar\/internacional\/wp-json\/wp\/v2\/users\/5"}],"replies":[{"embeddable":true,"href":"https:\/\/www.usal.edu.ar\/internacional\/wp-json\/wp\/v2\/comments?post=350"}],"version-history":[{"count":14,"href":"https:\/\/www.usal.edu.ar\/internacional\/wp-json\/wp\/v2\/pages\/350\/revisions"}],"predecessor-version":[{"id":8810,"href":"https:\/\/www.usal.edu.ar\/internacional\/wp-json\/wp\/v2\/pages\/350\/revisions\/8810"}],"up":[{"embeddable":true,"href":"https:\/\/www.usal.edu.ar\/internacional\/wp-json\/wp\/v2\/pages\/335"}],"wp:attachment":[{"href":"https:\/\/www.usal.edu.ar\/internacional\/wp-json\/wp\/v2\/media?parent=350"}],"curies":[{"name":"wp","href":"https:\/\/api.w.org\/{rel}","templated":true}]}}

<div class="wp-block-group has-global-padding is-layout-constrained wp-block-group-is-layout-constrained">
<h3 class="wp-block-heading has-text-align-center">🌐 <strong>NAFSA: USAL Presente en la Red Global de Educación Internacional</strong></h3>
</div>



<p></p>



<div class="wp-block-group has-global-padding is-layout-constrained wp-block-group-is-layout-constrained">
<h4 class="wp-block-heading has-text-align-left">Conectando Culturas, Transformando el Futuro</h4>



<p></p>



<p><strong>NAFSA: Association of International Educators</strong> es la <strong>organización sin fines de lucro más grande y diversa del mundo</strong> dedicada a la <strong>educación internacional</strong> y al <strong>intercambio académico y cultural</strong>. Fundada en 1948, NAFSA promueve políticas y prácticas que construyen un mundo <strong>más interconectado, pacífico e inclusivo</strong>, tanto para el presente como para las futuras generaciones.</p>
</div>



<p>Con miembros en <strong>más de 100 países</strong>, NAFSA lidera el camino en temas clave como:</p>



<ul class="wp-block-list">
<li>🌍 Movilidad estudiantil global</li>



<li>🤝 Colaboración académica internacional</li>



<li>🎓 Diversidad, equidad e inclusión en la educación</li>



<li>💡 Formación, investigación y creación de redes globales</li>
</ul>



<div class="wp-block-group has-global-padding is-layout-constrained wp-block-group-is-layout-constrained">
<figure class="wp-block-image aligncenter size-full is-resized"><img loading="lazy" decoding="async" width="277" height="182" src="https://www.usal.edu.ar/internacional/wp-content/uploads/sites/7/2024/05/descarga-4.png" alt="" class="wp-image-1336" style="width:331px;height:auto" /></figure>
</div>



<p></p>



<div class="wp-block-group has-global-padding is-layout-constrained wp-block-group-is-layout-constrained">
<h4 class="wp-block-heading">📚 <strong>USAL y su Trayectoria en NAFSA</strong></h4>



<p></p>



<p>Desde hace más de una década, la <strong>Universidad del Salvador (USAL)</strong> participa activamente en los encuentros anuales de NAFSA, consolidando vínculos estratégicos con universidades de todo el mundo y reafirmando su compromiso con la internacionalización de la educación superior.</p>
</div>



<p></p>



<div class="wp-block-group has-global-padding is-layout-constrained wp-block-group-is-layout-constrained">
<h4 class="wp-block-heading">📅 Participaciones destacadas:</h4>



<ul class="wp-block-list">
<li><strong>2025 – San Diego</strong></li>



<li><strong>2024 – Nueva Orleans</strong></li>



<li><strong>2023 – Washington D.C.</strong></li>



<li><strong>2022 – Denver</strong></li>



<li><strong>2019 – Washington D.C.</strong></li>



<li><strong>2018 – Filadelfia</strong></li>



<li><strong>2017 – Los Ángeles</strong></li>



<li><strong>2016 – Denver</strong></li>



<li><strong>2015 – Boston</strong></li>



<li><strong>2014 – San Diego</strong></li>



<li><strong>2013 – St. Louis</strong></li>



<li><strong>2012 – Houston</strong></li>
</ul>
</div>



<p></p>



<div class="wp-block-group has-global-padding is-layout-constrained wp-block-group-is-layout-constrained">
<p></p>



<div class="wp-block-columns is-layout-flex wp-container-core-columns-is-layout-28f84493 wp-block-columns-is-layout-flex">
<div class="wp-block-column is-layout-flow wp-block-column-is-layout-flow">
<figure class="wp-block-image size-large"><img loading="lazy" decoding="async" width="768" height="1024" src="https://www.usal.edu.ar/internacional/wp-content/uploads/sites/7/2024/05/NAFSA-2023-2-768x1024.jpg" alt="" class="wp-image-1339" srcset="https://www.usal.edu.ar/internacional/wp-content/uploads/sites/7/2024/05/NAFSA-2023-2-768x1024.jpg 768w, https://www.usal.edu.ar/internacional/wp-content/uploads/sites/7/2024/05/NAFSA-2023-2-225x300.jpg 225w, https://www.usal.edu.ar/internacional/wp-content/uploads/sites/7/2024/05/NAFSA-2023-2-1152x1536.jpg 1152w, https://www.usal.edu.ar/internacional/wp-content/uploads/sites/7/2024/05/NAFSA-2023-2.jpg 1200w" sizes="auto, (max-width: 768px) 100vw, 768px" /></figure>
</div>



<div class="wp-block-column is-layout-flow wp-block-column-is-layout-flow">
<figure class="wp-block-image size-large"><img loading="lazy" decoding="async" width="768" height="1024" src="https://www.usal.edu.ar/internacional/wp-content/uploads/sites/7/2024/05/29d4703e-cbe7-426c-b2ba-2a4eea41b3ea-768x1024.jpg" alt="" class="wp-image-1417" srcset="https://www.usal.edu.ar/internacional/wp-content/uploads/sites/7/2024/05/29d4703e-cbe7-426c-b2ba-2a4eea41b3ea-768x1024.jpg 768w, https://www.usal.edu.ar/internacional/wp-content/uploads/sites/7/2024/05/29d4703e-cbe7-426c-b2ba-2a4eea41b3ea-225x300.jpg 225w, https://www.usal.edu.ar/internacional/wp-content/uploads/sites/7/2024/05/29d4703e-cbe7-426c-b2ba-2a4eea41b3ea.jpg 960w" sizes="auto, (max-width: 768px) 100vw, 768px" /></figure>
</div>



<div class="wp-block-column is-layout-flow wp-block-column-is-layout-flow">
<figure class="wp-block-image size-large"><img loading="lazy" decoding="async" width="768" height="1024" src="https://www.usal.edu.ar/internacional/wp-content/uploads/sites/7/2024/05/NAFSA-2023-1-768x1024.jpg" alt="" class="wp-image-1341" srcset="https://www.usal.edu.ar/internacional/wp-content/uploads/sites/7/2024/05/NAFSA-2023-1-768x1024.jpg 768w, https://www.usal.edu.ar/internacional/wp-content/uploads/sites/7/2024/05/NAFSA-2023-1-225x300.jpg 225w, https://www.usal.edu.ar/internacional/wp-content/uploads/sites/7/2024/05/NAFSA-2023-1-1152x1536.jpg 1152w, https://www.usal.edu.ar/internacional/wp-content/uploads/sites/7/2024/05/NAFSA-2023-1.jpg 1200w" sizes="auto, (max-width: 768px) 100vw, 768px" /></figure>
</div>
</div>
</div>



<p></p>



<div class="wp-block-group has-global-padding is-layout-constrained wp-block-group-is-layout-constrained">
<div class="wp-block-group has-global-padding is-layout-constrained wp-block-group-is-layout-constrained">
<h4 class="wp-block-heading">🌎 Una Red Global para el Entendimiento Intercultural</h4>
</div>
</div>



<p></p>



<div class="wp-block-group has-global-padding is-layout-constrained wp-block-group-is-layout-constrained">
<div class="wp-block-group has-global-padding is-layout-constrained wp-block-group-is-layout-constrained">
<p>A través de <strong>conferencias internacionales</strong>, <strong>publicaciones especializadas</strong>, <strong>programas de capacitación</strong> y <strong>defensa de políticas públicas</strong>, NAFSA crea espacios para el <strong>intercambio de ideas</strong>, la <strong>formación de redes profesionales</strong> y la <strong>promoción de buenas prácticas</strong> en la educación internacional.</p>



<p>La participación de USAL en esta red fortalece sus iniciativas de cooperación global y contribuye a formar una comunidad universitaria cada vez más conectada con los desafíos y oportunidades del mundo actual.</p>
</div>
</div>

<p>🌐 NAFSA: USAL Presente en la Red Global de Educación Internacional Conectando Culturas, Transformando el Futuro NAFSA: Association of International Educators es la organización sin fines de lucro más grande y diversa del mundo dedicada a la educación internacional y al intercambio académico y cultural. Fundada en 1948, NAFSA promueve políticas y prácticas que construyen [&hellip;]</p>
