{"id":369,"date":"2024-05-10T17:36:48","date_gmt":"2024-05-10T20:36:48","guid":{"rendered":"https:\/\/www.usal.edu.ar\/internacional\/?page_id=369"},"modified":"2025-05-22T11:25:45","modified_gmt":"2025-05-22T14:25:45","slug":"jornadas-de-investigacion","status":"publish","type":"page","link":"https:\/\/www.usal.edu.ar\/internacional\/cooperacion-internacional\/jornadas-de-investigacion\/","title":{"rendered":"\ud83e\uddeaJornadas de Investigaci\u00f3n USAL"},"content":{"rendered":"\n<h4 class=\"wp-block-heading\">Conectando Saberes. Impulsando la Ciencia.<\/h4>\n\n\n\n<p>El <strong>Vicerrectorado de Investigaci\u00f3n y Desarrollo<\/strong>, a trav\u00e9s de la <strong>Direcci\u00f3n de Investigaci\u00f3n<\/strong>, organiza las <strong>Jornadas Institucionales de Investigaci\u00f3n<\/strong> con el objetivo de <strong>fomentar la colaboraci\u00f3n entre docentes e investigadores<\/strong> de distintas Unidades Acad\u00e9micas.<\/p>\n\n\n\n<p>Estas jornadas tienen como prop\u00f3sito promover la <strong>interdisciplinariedad<\/strong>, incentivar la <strong>generaci\u00f3n de nuevos proyectos<\/strong> y fortalecer el <strong>di\u00e1logo acad\u00e9mico y cient\u00edfico<\/strong> orientado al desarrollo sostenible y de largo plazo.<\/p>\n\n\n\n<hr class=\"wp-block-separator has-alpha-channel-opacity\" \/>\n\n\n\n<h4 class=\"wp-block-heading\">\ud83d\udcc5 <strong>Octubre 2024 | Tercera Edici\u00f3n<\/strong><\/h4>\n\n\n\n<p>En el mes de <strong>octubre<\/strong>, se celebraron las <strong>Terceras Jornadas de Investigaci\u00f3n<\/strong>, que incluyeron:<\/p>\n\n\n\n<ul class=\"wp-block-list\">\n<li>\ud83d\udd2c Presentaci\u00f3n de proyectos de investigaci\u00f3n en curso<\/li>\n\n\n\n<li>\ud83e\udd1d Espacios de articulaci\u00f3n entre \u00e1reas y disciplinas<\/li>\n\n\n\n<li>\ud83c\udf0d Una <strong>mesa internacional de expertos<\/strong>, que aportar\u00e1 una mirada global sobre los desaf\u00edos actuales de la investigaci\u00f3n acad\u00e9mica<\/li>\n<\/ul>\n\n\n\n<hr class=\"wp-block-separator has-alpha-channel-opacity\" \/>\n\n\n\n<h4 class=\"wp-block-heading\">\ud83d\udce2 <strong>Pr\u00f3ximamente m\u00e1s informaci\u00f3n<\/strong><\/h4>\n\n\n\n<p>Muy pronto se publicar\u00e1n los detalles sobre la agenda, inscripciones y convocatorias para ponencias.<\/p>\n","protected":false},"excerpt":{"rendered":"<p>Conectando Saberes. Impulsando la Ciencia. El Vicerrectorado de Investigaci\u00f3n y Desarrollo, a trav\u00e9s de la Direcci\u00f3n de Investigaci\u00f3n, organiza las Jornadas Institucionales de Investigaci\u00f3n con el objetivo de fomentar la colaboraci\u00f3n entre docentes e investigadores de distintas Unidades Acad\u00e9micas. Estas jornadas tienen como prop\u00f3sito promover la interdisciplinariedad, incentivar la generaci\u00f3n de nuevos proyectos y fortalecer [&hellip;]<\/p>\n","protected":false},"author":5,"featured_media":0,"parent":335,"menu_order":0,"comment_status":"closed","ping_status":"closed","template":"","meta":{"_acf_changed":false,"footnotes":""},"class_list":["post-369","page","type-page","status-publish","hentry"],"acf":[],"_links":{"self":[{"href":"https:\/\/www.usal.edu.ar\/internacional\/wp-json\/wp\/v2\/pages\/369","targetHints":{"allow":["GET"]}}],"collection":[{"href":"https:\/\/www.usal.edu.ar\/internacional\/wp-json\/wp\/v2\/pages"}],"about":[{"href":"https:\/\/www.usal.edu.ar\/internacional\/wp-json\/wp\/v2\/types\/page"}],"author":[{"embeddable":true,"href":"https:\/\/www.usal.edu.ar\/internacional\/wp-json\/wp\/v2\/users\/5"}],"replies":[{"embeddable":true,"href":"https:\/\/www.usal.edu.ar\/internacional\/wp-json\/wp\/v2\/comments?post=369"}],"version-history":[{"count":5,"href":"https:\/\/www.usal.edu.ar\/internacional\/wp-json\/wp\/v2\/pages\/369\/revisions"}],"predecessor-version":[{"id":8818,"href":"https:\/\/www.usal.edu.ar\/internacional\/wp-json\/wp\/v2\/pages\/369\/revisions\/8818"}],"up":[{"embeddable":true,"href":"https:\/\/www.usal.edu.ar\/internacional\/wp-json\/wp\/v2\/pages\/335"}],"wp:attachment":[{"href":"https:\/\/www.usal.edu.ar\/internacional\/wp-json\/wp\/v2\/media?parent=369"}],"curies":[{"name":"wp","href":"https:\/\/api.w.org\/{rel}","templated":true}]}}

🧪Jornadas de Investigación USAL

<h4 class="wp-block-heading">Conectando Saberes. Impulsando la Ciencia.</h4>



<p>El <strong>Vicerrectorado de Investigación y Desarrollo</strong>, a través de la <strong>Dirección de Investigación</strong>, organiza las <strong>Jornadas Institucionales de Investigación</strong> con el objetivo de <strong>fomentar la colaboración entre docentes e investigadores</strong> de distintas Unidades Académicas.</p>



<p>Estas jornadas tienen como propósito promover la <strong>interdisciplinariedad</strong>, incentivar la <strong>generación de nuevos proyectos</strong> y fortalecer el <strong>diálogo académico y científico</strong> orientado al desarrollo sostenible y de largo plazo.</p>



<hr class="wp-block-separator has-alpha-channel-opacity" />



<h4 class="wp-block-heading">📅 <strong>Octubre 2024 | Tercera Edición</strong></h4>



<p>En el mes de <strong>octubre</strong>, se celebraron las <strong>Terceras Jornadas de Investigación</strong>, que incluyeron:</p>



<ul class="wp-block-list">
<li>🔬 Presentación de proyectos de investigación en curso</li>



<li>🤝 Espacios de articulación entre áreas y disciplinas</li>



<li>🌍 Una <strong>mesa internacional de expertos</strong>, que aportará una mirada global sobre los desafíos actuales de la investigación académica</li>
</ul>



<hr class="wp-block-separator has-alpha-channel-opacity" />



<h4 class="wp-block-heading">📢 <strong>Próximamente más información</strong></h4>



<p>Muy pronto se publicarán los detalles sobre la agenda, inscripciones y convocatorias para ponencias.</p>

<p>Conectando Saberes. Impulsando la Ciencia. El Vicerrectorado de Investigación y Desarrollo, a través de la Dirección de Investigación, organiza las Jornadas Institucionales de Investigación con el objetivo de fomentar la colaboración entre docentes e investigadores de distintas Unidades Académicas. Estas jornadas tienen como propósito promover la interdisciplinariedad, incentivar la generación de nuevos proyectos y fortalecer [&hellip;]</p>
