{"id":1683,"date":"2024-08-25T12:41:06","date_gmt":"2024-08-25T15:41:06","guid":{"rendered":"https:\/\/www.usal.edu.ar\/lenguas\/?page_id=1683"},"modified":"2026-02-21T10:40:46","modified_gmt":"2026-02-21T13:40:46","slug":"fechas-de-finales","status":"publish","type":"page","link":"https:\/\/www.usal.edu.ar\/lenguas\/fechas-de-finales\/","title":{"rendered":"Fechas de ex\u00e1menes finales"},"content":{"rendered":"\n<figure class=\"wp-block-image alignright size-full is-resized\"><img loading=\"lazy\" decoding=\"async\" width=\"600\" height=\"400\" src=\"https:\/\/www.usal.edu.ar\/lenguas\/wp-content\/uploads\/sites\/14\/2024\/07\/05_finales.jpg\" alt=\"\" class=\"wp-image-830\" style=\"width:154px;height:auto\" srcset=\"https:\/\/www.usal.edu.ar\/lenguas\/wp-content\/uploads\/sites\/14\/2024\/07\/05_finales.jpg 600w, https:\/\/www.usal.edu.ar\/lenguas\/wp-content\/uploads\/sites\/14\/2024\/07\/05_finales-300x200.jpg 300w\" sizes=\"auto, (max-width: 600px) 100vw, 600px\" \/><\/figure>\n\n\n\n<h4 class=\"wp-block-heading\">TURNO FEBRERO &#8211; A\u00d1O 2026 &#8211;&nbsp;PRESENCIAL&nbsp;<\/h4>\n\n\n\n<p>(RECORD\u00c1 QUE SI&nbsp;PROMOCIONASTE&nbsp;LA MATERIA,&nbsp;<strong>NO<\/strong>&nbsp;ES NECESARIO QUE TE INSCRIBAS A LA MESA DE FINAL) <em><br>*las materias promocionables se cargan automaticamente en tu HISTORIA ACAD\u00c9MICA<\/em><\/p>\n\n\n\n<h5 class=\"wp-block-heading\"><a href=\"https:\/\/servicios.usal.edu.ar\/gestionAcademica\/login\" target=\"_blank\" rel=\"noreferrer noopener\">Ir a Inscripci\u00f3n On-line a ex\u00e1menes (SIU Guaran\u00ed)<\/a>&nbsp;a partir del 26 de enero de 2026.<\/h5>\n\n\n\n<h5 class=\"wp-block-heading\"><strong>ATENCION: \u00a1IMPORTANTE!&nbsp;<\/strong><strong><a href=\"#Atencion\">(Tener en cuenta para la inscripci\u00f3n a ex\u00e1menes finales)<\/a><\/strong><\/h5>\n\n\n\n<div class=\"wp-block-group has-global-padding is-layout-constrained wp-container-core-group-is-layout-e6038ede wp-block-group-is-layout-constrained\" style=\"padding-top:var(--wp--preset--spacing--30);padding-bottom:var(--wp--preset--spacing--30)\">\n<div class=\"wp-block-group collapsible is-content-justification-left is-nowrap is-layout-flex wp-container-core-group-is-layout-2bddc4e0 wp-block-group-is-layout-flex\" style=\"border-bottom-color:var(--wp--preset--color--primary);border-bottom-width:3px;padding-top:10px;padding-right:10px;padding-bottom:10px;padding-left:10px\">\n<h5 class=\"wp-block-heading wp-container-content-9cfa9a5a\">Sede CABA Turno Ma\u00f1ana<\/h5>\n<\/div>\n\n\n\n<div class=\"wp-block-group has-global-padding is-layout-constrained wp-block-group-is-layout-constrained\">\n<p><a href=\"https:\/\/www.usal.edu.ar\/lenguas\/wp-content\/uploads\/sites\/14\/2025\/12\/Febrero-2026-INGLES-MANANA.pdf\" data-type=\"attachment\" data-id=\"1702\" target=\"_blank\" rel=\"noreferrer noopener\">FEBRERO &#8211; INGL\u00c9S MA\u00d1ANA<\/a><\/p>\n<\/div>\n\n\n\n<div class=\"wp-block-group collapsible is-content-justification-left is-nowrap is-layout-flex wp-container-core-group-is-layout-2bddc4e0 wp-block-group-is-layout-flex\" style=\"border-bottom-color:var(--wp--preset--color--primary);border-bottom-width:3px;padding-top:10px;padding-right:10px;padding-bottom:10px;padding-left:10px\">\n<h5 class=\"wp-block-heading wp-container-content-9cfa9a5a\">Sede CABA Turno Noche<\/h5>\n<\/div>\n\n\n\n<div class=\"wp-block-group has-global-padding is-layout-constrained wp-block-group-is-layout-constrained\">\n<p><a href=\"https:\/\/www.usal.edu.ar\/lenguas\/wp-content\/uploads\/sites\/14\/2025\/12\/Febrero-2026-INGLES-NOCHE.pdf\" data-type=\"attachment\" data-id=\"1700\" target=\"_blank\" rel=\"noreferrer noopener\">FEBRERO &#8211; INGL\u00c9S NOCHE<\/a><\/p>\n\n\n\n<p><a href=\"https:\/\/www.usal.edu.ar\/lenguas\/wp-content\/uploads\/sites\/14\/2025\/12\/Febrero-2026-ITALIANO.pdf\" data-type=\"attachment\" data-id=\"1694\" target=\"_blank\" rel=\"noreferrer noopener\">FEBRERO &#8211; ITALIANO<\/a><\/p>\n\n\n\n<p><a href=\"https:\/\/www.usal.edu.ar\/lenguas\/wp-content\/uploads\/sites\/14\/2025\/12\/Febrero-2026-PORTUGUES.pdf\" data-type=\"attachment\" data-id=\"1698\" target=\"_blank\" rel=\"noreferrer noopener\">FEBRERO &#8211; PORTUGU\u00c9S<\/a><\/p>\n<\/div>\n\n\n\n<div class=\"wp-block-group collapsible is-content-justification-left is-nowrap is-layout-flex wp-container-core-group-is-layout-2bddc4e0 wp-block-group-is-layout-flex\" style=\"border-bottom-color:var(--wp--preset--color--primary);border-bottom-width:3px;padding-top:10px;padding-right:10px;padding-bottom:10px;padding-left:10px\">\n<h5 class=\"wp-block-heading wp-container-content-9cfa9a5a\">Sede Pilar<\/h5>\n<\/div>\n\n\n\n<div class=\"wp-block-group has-global-padding is-layout-constrained wp-block-group-is-layout-constrained\">\n<p><a href=\"https:\/\/www.usal.edu.ar\/lenguas\/wp-content\/uploads\/sites\/14\/2025\/12\/Febrero-2026-PILAR.pdf\" data-type=\"attachment\" data-id=\"1699\" target=\"_blank\" rel=\"noreferrer noopener\">FEBRERO &#8211; INGL\u00c9S MA\u00d1ANA<\/a><\/p>\n<\/div>\n<\/div>\n\n\n\n<h5 class=\"wp-block-heading\"><strong><a id=\"Atencion\"><\/a>ATENCION \u00a1IMPORTANTE!<\/strong><\/h5>\n\n\n\n<h5 class=\"wp-block-heading\"><strong>TENER EN CUENTA PARA LOS EXAMENES FINALES<\/strong><\/h5>\n\n\n\n<p><strong><u>Requisitos Indispensables:<\/u><\/strong><\/p>\n\n\n\n<p>1) <strong><u>Inscripci\u00f3n<\/u><\/strong>&nbsp;a la asignatura por sistema <strong><u>72 horas h\u00e1biles antes<\/u><\/strong>&nbsp;del examen.<\/p>\n\n\n\n<p>2) Contar con el <strong><u>pago de la cuota del mes en curso<\/u><\/strong>&nbsp;y comprobante del mismo.**<\/p>\n\n\n\n<p>3) Tener <strong><u>aprobadas las correlativas<\/u><\/strong>&nbsp;en el caso que corresponda. (<a href=\"https:\/\/www.usal.edu.ar\/lenguas\/preguntas-frecuentes\/#Correlativas\" target=\"_blank\" rel=\"noreferrer noopener\">Ver correlativas<\/a>)<\/p>\n\n\n\n<p>4) Es necesario presentarse&nbsp;con DNI, sin excepci\u00f3n, para rendir en modalidad virtual o presencial.&nbsp;<\/p>\n\n\n\n<p>**Por favor, recordar que las actualizaciones de las cuentas corrientes de los alumnos para&nbsp;estos casos&nbsp;&nbsp;se producen a las&nbsp;<strong>72 horas h\u00e1biles<\/strong>&nbsp;posteriores a las fechas indicadas.&nbsp;<\/p>\n","protected":false},"excerpt":{"rendered":"<p>TURNO FEBRERO &#8211; A\u00d1O 2026 &#8211;&nbsp;PRESENCIAL&nbsp; (RECORD\u00c1 QUE SI&nbsp;PROMOCIONASTE&nbsp;LA MATERIA,&nbsp;NO&nbsp;ES NECESARIO QUE TE INSCRIBAS A LA MESA DE FINAL) *las materias promocionables se cargan automaticamente en tu HISTORIA ACAD\u00c9MICA Ir a Inscripci\u00f3n On-line a ex\u00e1menes (SIU Guaran\u00ed)&nbsp;a partir del 26 de enero de 2026. ATENCION: \u00a1IMPORTANTE!&nbsp;(Tener en cuenta para la inscripci\u00f3n a ex\u00e1menes finales) Sede [&hellip;]<\/p>\n","protected":false},"author":42,"featured_media":0,"parent":0,"menu_order":0,"comment_status":"closed","ping_status":"closed","template":"","meta":{"_acf_changed":false,"footnotes":""},"class_list":["post-1683","page","type-page","status-publish","hentry"],"acf":[],"_links":{"self":[{"href":"https:\/\/www.usal.edu.ar\/lenguas\/wp-json\/wp\/v2\/pages\/1683","targetHints":{"allow":["GET"]}}],"collection":[{"href":"https:\/\/www.usal.edu.ar\/lenguas\/wp-json\/wp\/v2\/pages"}],"about":[{"href":"https:\/\/www.usal.edu.ar\/lenguas\/wp-json\/wp\/v2\/types\/page"}],"author":[{"embeddable":true,"href":"https:\/\/www.usal.edu.ar\/lenguas\/wp-json\/wp\/v2\/users\/42"}],"replies":[{"embeddable":true,"href":"https:\/\/www.usal.edu.ar\/lenguas\/wp-json\/wp\/v2\/comments?post=1683"}],"version-history":[{"count":24,"href":"https:\/\/www.usal.edu.ar\/lenguas\/wp-json\/wp\/v2\/pages\/1683\/revisions"}],"predecessor-version":[{"id":4568,"href":"https:\/\/www.usal.edu.ar\/lenguas\/wp-json\/wp\/v2\/pages\/1683\/revisions\/4568"}],"wp:attachment":[{"href":"https:\/\/www.usal.edu.ar\/lenguas\/wp-json\/wp\/v2\/media?parent=1683"}],"curies":[{"name":"wp","href":"https:\/\/api.w.org\/{rel}","templated":true}]}}