{"id":75,"date":"2024-07-12T15:28:57","date_gmt":"2024-07-12T18:28:57","guid":{"rendered":"https:\/\/www.usal.edu.ar\/lenguas\/?page_id=75"},"modified":"2025-06-07T10:35:53","modified_gmt":"2025-06-07T13:35:53","slug":"centro-de-idiomas","status":"publish","type":"page","link":"https:\/\/www.usal.edu.ar\/lenguas\/centro-de-idiomas\/","title":{"rendered":"Centro de Idiomas"},"content":{"rendered":"\n<figure class=\"wp-block-image alignleft size-full is-resized\"><img loading=\"lazy\" decoding=\"async\" width=\"931\" height=\"930\" src=\"https:\/\/www.usal.edu.ar\/lenguas\/wp-content\/uploads\/sites\/14\/2024\/11\/USALCentrodeIdiomas2023.png\" alt=\"\" class=\"wp-image-2335\" style=\"width:151px;height:auto\" srcset=\"https:\/\/www.usal.edu.ar\/lenguas\/wp-content\/uploads\/sites\/14\/2024\/11\/USALCentrodeIdiomas2023.png 931w, https:\/\/www.usal.edu.ar\/lenguas\/wp-content\/uploads\/sites\/14\/2024\/11\/USALCentrodeIdiomas2023-300x300.png 300w, https:\/\/www.usal.edu.ar\/lenguas\/wp-content\/uploads\/sites\/14\/2024\/11\/USALCentrodeIdiomas2023-150x150.png 150w, https:\/\/www.usal.edu.ar\/lenguas\/wp-content\/uploads\/sites\/14\/2024\/11\/USALCentrodeIdiomas2023-768x767.png 768w\" sizes=\"auto, (max-width: 931px) 100vw, 931px\" \/><\/figure>\n\n\n\n<p>El&nbsp; Centro de Idiomas se cre\u00f3 el 16 de febrero de 2023, con el antecedente del \u00e1rea de idiomas que se desarrolla en el \u00e1mbito de la Escuela de Lenguas Modernas de la USAL desde 2018, mediante la&nbsp;<a href=\"https:\/\/www.usal.edu.ar\/lenguas\/wp-content\/uploads\/sites\/14\/2024\/09\/R.R.-No-24-23-Creacion-del-Centro-de-Idiomas.pdf\" target=\"_blank\" rel=\"noreferrer noopener\">resoluci\u00f3n rectoral No. 24\/23<\/a>, con el prop\u00f3sito de centralizar la coordinaci\u00f3n del dictado de los idiomas curriculares y por extensi\u00f3n, y unificar los criterios en la ense\u00f1anza de lenguas en la universidad, definiendo una pol\u00edtica ling\u00fc\u00edstica com\u00fan. <\/p>\n\n\n\n<div class=\"wp-block-group has-background has-global-padding is-layout-constrained wp-block-group-is-layout-constrained\" style=\"background-color:#eeeeee;padding-top:var(--wp--preset--spacing--30);padding-bottom:var(--wp--preset--spacing--30)\">\n<div class=\"wp-block-group is-content-justification-center is-layout-flex wp-container-core-group-is-layout-e35d8016 wp-block-group-is-layout-flex\" style=\"padding-top:var(--wp--preset--spacing--30);padding-right:var(--wp--preset--spacing--30);padding-bottom:var(--wp--preset--spacing--30);padding-left:var(--wp--preset--spacing--30)\">\n<div class=\"wp-block-group clickeable tarjeta-blanca alturas-iguales has-border-color has-base-background-color has-background is-vertical is-content-justification-center is-nowrap is-layout-flex wp-container-core-group-is-layout-7e079dd8 wp-block-group-is-layout-flex\" style=\"border-color:#dcdcdc;border-width:2px;border-radius:10px;padding-top:15px;padding-right:15px;padding-bottom:15px;padding-left:15px\">\n<div class=\"wp-block-group has-primary-background-color has-background has-global-padding is-layout-constrained wp-container-core-group-is-layout-a35945ca wp-block-group-is-layout-constrained\" style=\"border-radius:100%;padding-top:var(--wp--preset--spacing--30);padding-right:var(--wp--preset--spacing--30);padding-bottom:var(--wp--preset--spacing--30);padding-left:var(--wp--preset--spacing--30)\">\n<figure class=\"wp-block-image aligncenter size-full is-resized\"><img loading=\"lazy\" decoding=\"async\" width=\"931\" height=\"930\" src=\"https:\/\/www.usal.edu.ar\/lenguas\/wp-content\/uploads\/sites\/14\/2024\/11\/USALCentrodeIdiomas2023.png\" alt=\"\" class=\"wp-image-2335\" style=\"width:84px;height:auto\" srcset=\"https:\/\/www.usal.edu.ar\/lenguas\/wp-content\/uploads\/sites\/14\/2024\/11\/USALCentrodeIdiomas2023.png 931w, https:\/\/www.usal.edu.ar\/lenguas\/wp-content\/uploads\/sites\/14\/2024\/11\/USALCentrodeIdiomas2023-300x300.png 300w, https:\/\/www.usal.edu.ar\/lenguas\/wp-content\/uploads\/sites\/14\/2024\/11\/USALCentrodeIdiomas2023-150x150.png 150w, https:\/\/www.usal.edu.ar\/lenguas\/wp-content\/uploads\/sites\/14\/2024\/11\/USALCentrodeIdiomas2023-768x767.png 768w\" sizes=\"auto, (max-width: 931px) 100vw, 931px\" \/><\/figure>\n<\/div>\n\n\n\n<h5 class=\"wp-block-heading has-text-align-center\"><a href=\"https:\/\/www.usal.edu.ar\/lenguas\/centro-idiomas-materias-facultades\/\">Idiomas en carreras <br>de la USAL<\/a><\/h5>\n\n\n\n<div style=\"height:0px\" aria-hidden=\"true\" class=\"wp-block-spacer wp-container-content-ae35ab75\"><\/div>\n\n\n\n<div class=\"wp-block-group is-content-justification-center is-nowrap is-layout-flex wp-container-core-group-is-layout-06d12f70 wp-block-group-is-layout-flex\">\n<p class=\"has-text-align-center has-primary-color has-text-color has-link-color has-x-small-font-size wp-elements-8ced04d3e467b4b86da99184524ff3a0\" style=\"text-decoration:none\"><a href=\"#\" style=\"text-decoration:none\">Ver m\u00e1s <\/a><\/p>\n\n\n\n<figure class=\"wp-block-image size-full\"><a href=\"https:\/\/www.usal.edu.ar\/lenguas\/centro-idiomas-materias-facultades\/\"><img decoding=\"async\" src=\"https:\/\/www.usal.edu.ar\/internacional\/wp-content\/uploads\/sites\/7\/2024\/05\/right-arrow-green-circle-20570.png\" alt=\"\" class=\"wp-image-423\" \/><\/a><\/figure>\n<\/div>\n<\/div>\n\n\n\n<div class=\"wp-block-group clickeable tarjeta-blanca alturas-iguales has-border-color has-base-background-color has-background is-vertical is-content-justification-center is-nowrap is-layout-flex wp-container-core-group-is-layout-7e079dd8 wp-block-group-is-layout-flex\" style=\"border-color:#dcdcdc;border-width:2px;border-radius:10px;padding-top:15px;padding-right:15px;padding-bottom:15px;padding-left:15px\">\n<div class=\"wp-block-group has-primary-background-color has-background has-global-padding is-layout-constrained wp-container-core-group-is-layout-a35945ca wp-block-group-is-layout-constrained\" style=\"border-radius:100%;padding-top:var(--wp--preset--spacing--30);padding-right:var(--wp--preset--spacing--30);padding-bottom:var(--wp--preset--spacing--30);padding-left:var(--wp--preset--spacing--30)\">\n<figure class=\"wp-block-image aligncenter size-full is-resized\"><img loading=\"lazy\" decoding=\"async\" width=\"931\" height=\"930\" src=\"https:\/\/www.usal.edu.ar\/lenguas\/wp-content\/uploads\/sites\/14\/2024\/11\/USALCentrodeIdiomas2023.png\" alt=\"\" class=\"wp-image-2335\" style=\"width:84px;height:auto\" srcset=\"https:\/\/www.usal.edu.ar\/lenguas\/wp-content\/uploads\/sites\/14\/2024\/11\/USALCentrodeIdiomas2023.png 931w, https:\/\/www.usal.edu.ar\/lenguas\/wp-content\/uploads\/sites\/14\/2024\/11\/USALCentrodeIdiomas2023-300x300.png 300w, https:\/\/www.usal.edu.ar\/lenguas\/wp-content\/uploads\/sites\/14\/2024\/11\/USALCentrodeIdiomas2023-150x150.png 150w, https:\/\/www.usal.edu.ar\/lenguas\/wp-content\/uploads\/sites\/14\/2024\/11\/USALCentrodeIdiomas2023-768x767.png 768w\" sizes=\"auto, (max-width: 931px) 100vw, 931px\" \/><\/figure>\n<\/div>\n\n\n\n<h5 class=\"wp-block-heading has-text-align-center\"><a href=\"https:\/\/www.usal.edu.ar\/lenguas\/test-centre\/\">Centro examinador <br>autorizado<\/a><\/h5>\n\n\n\n<div style=\"height:0px\" aria-hidden=\"true\" class=\"wp-block-spacer wp-container-content-ae35ab75\"><\/div>\n\n\n\n<div class=\"wp-block-group is-content-justification-center is-nowrap is-layout-flex wp-container-core-group-is-layout-06d12f70 wp-block-group-is-layout-flex\">\n<p class=\"has-text-align-center has-primary-color has-text-color has-link-color has-x-small-font-size wp-elements-8ced04d3e467b4b86da99184524ff3a0\" style=\"text-decoration:none\"><a href=\"#\" style=\"text-decoration:none\">Ver m\u00e1s <\/a><\/p>\n\n\n\n<figure class=\"wp-block-image size-full\"><a href=\"https:\/\/www.usal.edu.ar\/lenguas\/test-centre\/\"><img decoding=\"async\" src=\"https:\/\/www.usal.edu.ar\/internacional\/wp-content\/uploads\/sites\/7\/2024\/05\/right-arrow-green-circle-20570.png\" alt=\"\" class=\"wp-image-423\" \/><\/a><\/figure>\n<\/div>\n<\/div>\n\n\n\n<div class=\"wp-block-group clickeable tarjeta-blanca alturas-iguales has-border-color has-base-background-color has-background is-vertical is-content-justification-center is-nowrap is-layout-flex wp-container-core-group-is-layout-7e079dd8 wp-block-group-is-layout-flex\" style=\"border-color:#dcdcdc;border-width:2px;border-radius:10px;padding-top:15px;padding-right:15px;padding-bottom:15px;padding-left:15px\">\n<div class=\"wp-block-group has-primary-background-color has-background has-global-padding is-layout-constrained wp-container-core-group-is-layout-a35945ca wp-block-group-is-layout-constrained\" style=\"border-radius:100%;padding-top:var(--wp--preset--spacing--30);padding-right:var(--wp--preset--spacing--30);padding-bottom:var(--wp--preset--spacing--30);padding-left:var(--wp--preset--spacing--30)\">\n<figure class=\"wp-block-image aligncenter size-full is-resized\"><img loading=\"lazy\" decoding=\"async\" width=\"931\" height=\"930\" src=\"https:\/\/www.usal.edu.ar\/lenguas\/wp-content\/uploads\/sites\/14\/2024\/11\/USALCentrodeIdiomas2023.png\" alt=\"\" class=\"wp-image-2335\" style=\"width:84px;height:auto\" srcset=\"https:\/\/www.usal.edu.ar\/lenguas\/wp-content\/uploads\/sites\/14\/2024\/11\/USALCentrodeIdiomas2023.png 931w, https:\/\/www.usal.edu.ar\/lenguas\/wp-content\/uploads\/sites\/14\/2024\/11\/USALCentrodeIdiomas2023-300x300.png 300w, https:\/\/www.usal.edu.ar\/lenguas\/wp-content\/uploads\/sites\/14\/2024\/11\/USALCentrodeIdiomas2023-150x150.png 150w, https:\/\/www.usal.edu.ar\/lenguas\/wp-content\/uploads\/sites\/14\/2024\/11\/USALCentrodeIdiomas2023-768x767.png 768w\" sizes=\"auto, (max-width: 931px) 100vw, 931px\" \/><\/figure>\n<\/div>\n\n\n\n<h5 class=\"wp-block-heading has-text-align-center\"><a href=\"https:\/\/www.usal.edu.ar\/lenguas\/cursos-de-idiomas\/\">Cursos de idiomas <br>(extensi\u00f3n)<\/a><\/h5>\n\n\n\n<div style=\"height:0px\" aria-hidden=\"true\" class=\"wp-block-spacer wp-container-content-ae35ab75\"><\/div>\n\n\n\n<div class=\"wp-block-group is-content-justification-center is-nowrap is-layout-flex wp-container-core-group-is-layout-06d12f70 wp-block-group-is-layout-flex\">\n<p class=\"has-text-align-center has-primary-color has-text-color has-link-color has-x-small-font-size wp-elements-8ced04d3e467b4b86da99184524ff3a0\" style=\"text-decoration:none\"><a href=\"#\" style=\"text-decoration:none\">Ver m\u00e1s <\/a><\/p>\n\n\n\n<figure class=\"wp-block-image size-full\"><a href=\"https:\/\/www.usal.edu.ar\/lenguas\/cursos-de-idiomas\/\"><img decoding=\"async\" src=\"https:\/\/www.usal.edu.ar\/internacional\/wp-content\/uploads\/sites\/7\/2024\/05\/right-arrow-green-circle-20570.png\" alt=\"\" class=\"wp-image-423\" \/><\/a><\/figure>\n<\/div>\n<\/div>\n<\/div>\n<\/div>\n\n\n\n<p>Funciones:<\/p>\n\n\n\n<ul class=\"wp-block-list\">\n<li>dise\u00f1ar y gestionar las propuestas de ense\u00f1anza de idiomas en la universidad con criterios acad\u00e9micos y pedag\u00f3gicos homog\u00e9neos, y proponer los docentes a cargo;<\/li>\n\n\n\n<li>evaluar los saberes previos y certificar el nivel de idioma de los estudiantes, y administrar los ex\u00e1menes internacionales reconocidos por la Universidad;<\/li>\n\n\n\n<li>coordinar actividades culturales con los docentes de las distintas lenguas y promover la interacci\u00f3n entre alumnos de las carreras de la Universidad en actividades en lengua extranjera;<\/li>\n\n\n\n<li>integrar la Red Universitaria de Lenguas (RULen) y representar a la Universidad ante otros centros de idiomas.<\/li>\n<\/ul>\n","protected":false},"excerpt":{"rendered":"<p>El&nbsp; Centro de Idiomas se cre\u00f3 el 16 de febrero de 2023, con el antecedente del \u00e1rea de idiomas que se desarrolla en el \u00e1mbito de la Escuela de Lenguas Modernas de la USAL desde 2018, mediante la&nbsp;resoluci\u00f3n rectoral No. 24\/23, con el prop\u00f3sito de centralizar la coordinaci\u00f3n del dictado de los idiomas curriculares y [&hellip;]<\/p>\n","protected":false},"author":5,"featured_media":0,"parent":0,"menu_order":0,"comment_status":"closed","ping_status":"closed","template":"","meta":{"_acf_changed":false,"footnotes":""},"class_list":["post-75","page","type-page","status-publish","hentry"],"acf":[],"_links":{"self":[{"href":"https:\/\/www.usal.edu.ar\/lenguas\/wp-json\/wp\/v2\/pages\/75","targetHints":{"allow":["GET"]}}],"collection":[{"href":"https:\/\/www.usal.edu.ar\/lenguas\/wp-json\/wp\/v2\/pages"}],"about":[{"href":"https:\/\/www.usal.edu.ar\/lenguas\/wp-json\/wp\/v2\/types\/page"}],"author":[{"embeddable":true,"href":"https:\/\/www.usal.edu.ar\/lenguas\/wp-json\/wp\/v2\/users\/5"}],"replies":[{"embeddable":true,"href":"https:\/\/www.usal.edu.ar\/lenguas\/wp-json\/wp\/v2\/comments?post=75"}],"version-history":[{"count":13,"href":"https:\/\/www.usal.edu.ar\/lenguas\/wp-json\/wp\/v2\/pages\/75\/revisions"}],"predecessor-version":[{"id":3620,"href":"https:\/\/www.usal.edu.ar\/lenguas\/wp-json\/wp\/v2\/pages\/75\/revisions\/3620"}],"wp:attachment":[{"href":"https:\/\/www.usal.edu.ar\/lenguas\/wp-json\/wp\/v2\/media?parent=75"}],"curies":[{"name":"wp","href":"https:\/\/api.w.org\/{rel}","templated":true}]}}

<figure class="wp-block-image alignleft size-full is-resized"><img loading="lazy" decoding="async" width="931" height="930" src="https://www.usal.edu.ar/lenguas/wp-content/uploads/sites/14/2024/11/USALCentrodeIdiomas2023.png" alt="" class="wp-image-2335" style="width:151px;height:auto" srcset="https://www.usal.edu.ar/lenguas/wp-content/uploads/sites/14/2024/11/USALCentrodeIdiomas2023.png 931w, https://www.usal.edu.ar/lenguas/wp-content/uploads/sites/14/2024/11/USALCentrodeIdiomas2023-300x300.png 300w, https://www.usal.edu.ar/lenguas/wp-content/uploads/sites/14/2024/11/USALCentrodeIdiomas2023-150x150.png 150w, https://www.usal.edu.ar/lenguas/wp-content/uploads/sites/14/2024/11/USALCentrodeIdiomas2023-768x767.png 768w" sizes="auto, (max-width: 931px) 100vw, 931px" /></figure>



<p>El&nbsp; Centro de Idiomas se creó el 16 de febrero de 2023, con el antecedente del área de idiomas que se desarrolla en el ámbito de la Escuela de Lenguas Modernas de la USAL desde 2018, mediante la&nbsp;<a href="https://www.usal.edu.ar/lenguas/wp-content/uploads/sites/14/2024/09/R.R.-No-24-23-Creacion-del-Centro-de-Idiomas.pdf" target="_blank" rel="noreferrer noopener">resolución rectoral No. 24/23</a>, con el propósito de centralizar la coordinación del dictado de los idiomas curriculares y por extensión, y unificar los criterios en la enseñanza de lenguas en la universidad, definiendo una política lingüística común. </p>



<div class="wp-block-group has-background has-global-padding is-layout-constrained wp-block-group-is-layout-constrained" style="background-color:#eeeeee;padding-top:var(--wp--preset--spacing--30);padding-bottom:var(--wp--preset--spacing--30)">
<div class="wp-block-group is-content-justification-center is-layout-flex wp-container-core-group-is-layout-e35d8016 wp-block-group-is-layout-flex" style="padding-top:var(--wp--preset--spacing--30);padding-right:var(--wp--preset--spacing--30);padding-bottom:var(--wp--preset--spacing--30);padding-left:var(--wp--preset--spacing--30)">
<div class="wp-block-group clickeable tarjeta-blanca alturas-iguales has-border-color has-base-background-color has-background is-vertical is-content-justification-center is-nowrap is-layout-flex wp-container-core-group-is-layout-7e079dd8 wp-block-group-is-layout-flex" style="border-color:#dcdcdc;border-width:2px;border-radius:10px;padding-top:15px;padding-right:15px;padding-bottom:15px;padding-left:15px">
<div class="wp-block-group has-primary-background-color has-background has-global-padding is-layout-constrained wp-container-core-group-is-layout-a35945ca wp-block-group-is-layout-constrained" style="border-radius:100%;padding-top:var(--wp--preset--spacing--30);padding-right:var(--wp--preset--spacing--30);padding-bottom:var(--wp--preset--spacing--30);padding-left:var(--wp--preset--spacing--30)">
<figure class="wp-block-image aligncenter size-full is-resized"><img loading="lazy" decoding="async" width="931" height="930" src="https://www.usal.edu.ar/lenguas/wp-content/uploads/sites/14/2024/11/USALCentrodeIdiomas2023.png" alt="" class="wp-image-2335" style="width:84px;height:auto" srcset="https://www.usal.edu.ar/lenguas/wp-content/uploads/sites/14/2024/11/USALCentrodeIdiomas2023.png 931w, https://www.usal.edu.ar/lenguas/wp-content/uploads/sites/14/2024/11/USALCentrodeIdiomas2023-300x300.png 300w, https://www.usal.edu.ar/lenguas/wp-content/uploads/sites/14/2024/11/USALCentrodeIdiomas2023-150x150.png 150w, https://www.usal.edu.ar/lenguas/wp-content/uploads/sites/14/2024/11/USALCentrodeIdiomas2023-768x767.png 768w" sizes="auto, (max-width: 931px) 100vw, 931px" /></figure>
</div>



<h5 class="wp-block-heading has-text-align-center"><a href="https://www.usal.edu.ar/lenguas/centro-idiomas-materias-facultades/">Idiomas en carreras <br>de la USAL</a></h5>



<div style="height:0px" aria-hidden="true" class="wp-block-spacer wp-container-content-ae35ab75"></div>



<div class="wp-block-group is-content-justification-center is-nowrap is-layout-flex wp-container-core-group-is-layout-06d12f70 wp-block-group-is-layout-flex">
<p class="has-text-align-center has-primary-color has-text-color has-link-color has-x-small-font-size wp-elements-8ced04d3e467b4b86da99184524ff3a0" style="text-decoration:none"><a href="#" style="text-decoration:none">Ver más </a></p>



<figure class="wp-block-image size-full"><a href="https://www.usal.edu.ar/lenguas/centro-idiomas-materias-facultades/"><img decoding="async" src="https://www.usal.edu.ar/internacional/wp-content/uploads/sites/7/2024/05/right-arrow-green-circle-20570.png" alt="" class="wp-image-423" /></a></figure>
</div>
</div>



<div class="wp-block-group clickeable tarjeta-blanca alturas-iguales has-border-color has-base-background-color has-background is-vertical is-content-justification-center is-nowrap is-layout-flex wp-container-core-group-is-layout-7e079dd8 wp-block-group-is-layout-flex" style="border-color:#dcdcdc;border-width:2px;border-radius:10px;padding-top:15px;padding-right:15px;padding-bottom:15px;padding-left:15px">
<div class="wp-block-group has-primary-background-color has-background has-global-padding is-layout-constrained wp-container-core-group-is-layout-a35945ca wp-block-group-is-layout-constrained" style="border-radius:100%;padding-top:var(--wp--preset--spacing--30);padding-right:var(--wp--preset--spacing--30);padding-bottom:var(--wp--preset--spacing--30);padding-left:var(--wp--preset--spacing--30)">
<figure class="wp-block-image aligncenter size-full is-resized"><img loading="lazy" decoding="async" width="931" height="930" src="https://www.usal.edu.ar/lenguas/wp-content/uploads/sites/14/2024/11/USALCentrodeIdiomas2023.png" alt="" class="wp-image-2335" style="width:84px;height:auto" srcset="https://www.usal.edu.ar/lenguas/wp-content/uploads/sites/14/2024/11/USALCentrodeIdiomas2023.png 931w, https://www.usal.edu.ar/lenguas/wp-content/uploads/sites/14/2024/11/USALCentrodeIdiomas2023-300x300.png 300w, https://www.usal.edu.ar/lenguas/wp-content/uploads/sites/14/2024/11/USALCentrodeIdiomas2023-150x150.png 150w, https://www.usal.edu.ar/lenguas/wp-content/uploads/sites/14/2024/11/USALCentrodeIdiomas2023-768x767.png 768w" sizes="auto, (max-width: 931px) 100vw, 931px" /></figure>
</div>



<h5 class="wp-block-heading has-text-align-center"><a href="https://www.usal.edu.ar/lenguas/test-centre/">Centro examinador <br>autorizado</a></h5>



<div style="height:0px" aria-hidden="true" class="wp-block-spacer wp-container-content-ae35ab75"></div>



<div class="wp-block-group is-content-justification-center is-nowrap is-layout-flex wp-container-core-group-is-layout-06d12f70 wp-block-group-is-layout-flex">
<p class="has-text-align-center has-primary-color has-text-color has-link-color has-x-small-font-size wp-elements-8ced04d3e467b4b86da99184524ff3a0" style="text-decoration:none"><a href="#" style="text-decoration:none">Ver más </a></p>



<figure class="wp-block-image size-full"><a href="https://www.usal.edu.ar/lenguas/test-centre/"><img decoding="async" src="https://www.usal.edu.ar/internacional/wp-content/uploads/sites/7/2024/05/right-arrow-green-circle-20570.png" alt="" class="wp-image-423" /></a></figure>
</div>
</div>



<div class="wp-block-group clickeable tarjeta-blanca alturas-iguales has-border-color has-base-background-color has-background is-vertical is-content-justification-center is-nowrap is-layout-flex wp-container-core-group-is-layout-7e079dd8 wp-block-group-is-layout-flex" style="border-color:#dcdcdc;border-width:2px;border-radius:10px;padding-top:15px;padding-right:15px;padding-bottom:15px;padding-left:15px">
<div class="wp-block-group has-primary-background-color has-background has-global-padding is-layout-constrained wp-container-core-group-is-layout-a35945ca wp-block-group-is-layout-constrained" style="border-radius:100%;padding-top:var(--wp--preset--spacing--30);padding-right:var(--wp--preset--spacing--30);padding-bottom:var(--wp--preset--spacing--30);padding-left:var(--wp--preset--spacing--30)">
<figure class="wp-block-image aligncenter size-full is-resized"><img loading="lazy" decoding="async" width="931" height="930" src="https://www.usal.edu.ar/lenguas/wp-content/uploads/sites/14/2024/11/USALCentrodeIdiomas2023.png" alt="" class="wp-image-2335" style="width:84px;height:auto" srcset="https://www.usal.edu.ar/lenguas/wp-content/uploads/sites/14/2024/11/USALCentrodeIdiomas2023.png 931w, https://www.usal.edu.ar/lenguas/wp-content/uploads/sites/14/2024/11/USALCentrodeIdiomas2023-300x300.png 300w, https://www.usal.edu.ar/lenguas/wp-content/uploads/sites/14/2024/11/USALCentrodeIdiomas2023-150x150.png 150w, https://www.usal.edu.ar/lenguas/wp-content/uploads/sites/14/2024/11/USALCentrodeIdiomas2023-768x767.png 768w" sizes="auto, (max-width: 931px) 100vw, 931px" /></figure>
</div>



<h5 class="wp-block-heading has-text-align-center"><a href="https://www.usal.edu.ar/lenguas/cursos-de-idiomas/">Cursos de idiomas <br>(extensión)</a></h5>



<div style="height:0px" aria-hidden="true" class="wp-block-spacer wp-container-content-ae35ab75"></div>



<div class="wp-block-group is-content-justification-center is-nowrap is-layout-flex wp-container-core-group-is-layout-06d12f70 wp-block-group-is-layout-flex">
<p class="has-text-align-center has-primary-color has-text-color has-link-color has-x-small-font-size wp-elements-8ced04d3e467b4b86da99184524ff3a0" style="text-decoration:none"><a href="#" style="text-decoration:none">Ver más </a></p>



<figure class="wp-block-image size-full"><a href="https://www.usal.edu.ar/lenguas/cursos-de-idiomas/"><img decoding="async" src="https://www.usal.edu.ar/internacional/wp-content/uploads/sites/7/2024/05/right-arrow-green-circle-20570.png" alt="" class="wp-image-423" /></a></figure>
</div>
</div>
</div>
</div>



<p>Funciones:</p>



<ul class="wp-block-list">
<li>diseñar y gestionar las propuestas de enseñanza de idiomas en la universidad con criterios académicos y pedagógicos homogéneos, y proponer los docentes a cargo;</li>



<li>evaluar los saberes previos y certificar el nivel de idioma de los estudiantes, y administrar los exámenes internacionales reconocidos por la Universidad;</li>



<li>coordinar actividades culturales con los docentes de las distintas lenguas y promover la interacción entre alumnos de las carreras de la Universidad en actividades en lengua extranjera;</li>



<li>integrar la Red Universitaria de Lenguas (RULen) y representar a la Universidad ante otros centros de idiomas.</li>
</ul>

<p>El&nbsp; Centro de Idiomas se creó el 16 de febrero de 2023, con el antecedente del área de idiomas que se desarrolla en el ámbito de la Escuela de Lenguas Modernas de la USAL desde 2018, mediante la&nbsp;resolución rectoral No. 24/23, con el propósito de centralizar la coordinación del dictado de los idiomas curriculares y [&hellip;]</p>
