{"id":9754,"date":"2025-06-18T15:58:17","date_gmt":"2025-06-18T18:58:17","guid":{"rendered":"https:\/\/www.usal.edu.ar\/medicina\/?post_type=extension&#038;p=9754"},"modified":"2025-06-18T15:58:17","modified_gmt":"2025-06-18T18:58:17","slug":"jornadas-de-acompanamiento-a-los-centros-de-primera-infancia-fundacion-fe-y-alegria-2025","status":"publish","type":"extension","link":"https:\/\/www.usal.edu.ar\/medicina\/extension\/jornadas-de-acompanamiento-a-los-centros-de-primera-infancia-fundacion-fe-y-alegria-2025\/","title":{"rendered":"Jornadas de acompa\u00f1amiento a los centros de primera infancia &#8211; Fundaci\u00f3n FE y ALEGR\u00cdA 2025"},"featured_media":9755,"template":"","meta":{"_acf_changed":false},"class_list":["post-9754","extension","type-extension","status-publish","has-post-thumbnail","hentry"],"acf":[],"_links":{"self":[{"href":"https:\/\/www.usal.edu.ar\/medicina\/wp-json\/wp\/v2\/extension\/9754","targetHints":{"allow":["GET"]}}],"collection":[{"href":"https:\/\/www.usal.edu.ar\/medicina\/wp-json\/wp\/v2\/extension"}],"about":[{"href":"https:\/\/www.usal.edu.ar\/medicina\/wp-json\/wp\/v2\/types\/extension"}],"version-history":[{"count":2,"href":"https:\/\/www.usal.edu.ar\/medicina\/wp-json\/wp\/v2\/extension\/9754\/revisions"}],"predecessor-version":[{"id":9757,"href":"https:\/\/www.usal.edu.ar\/medicina\/wp-json\/wp\/v2\/extension\/9754\/revisions\/9757"}],"wp:featuredmedia":[{"embeddable":true,"href":"https:\/\/www.usal.edu.ar\/medicina\/wp-json\/wp\/v2\/media\/9755"}],"wp:attachment":[{"href":"https:\/\/www.usal.edu.ar\/medicina\/wp-json\/wp\/v2\/media?parent=9754"}],"curies":[{"name":"wp","href":"https:\/\/api.w.org\/{rel}","templated":true}]}}

Jornadas de acompañamiento a los centros de primera infancia &#8211; Fundación FE y ALEGRÍA 2025
