{"id":116,"date":"2024-06-06T11:57:56","date_gmt":"2024-06-06T14:57:56","guid":{"rendered":"https:\/\/www.usal.edu.ar\/medicina\/?page_id=116"},"modified":"2025-05-20T12:34:53","modified_gmt":"2025-05-20T15:34:53","slug":"autoridades","status":"publish","type":"page","link":"https:\/\/www.usal.edu.ar\/medicina\/autoridades\/","title":{"rendered":"Autoridades"},"content":{"rendered":"\n<div class=\"wp-block-group is-content-justification-center is-nowrap is-layout-flex wp-container-core-group-is-layout-0a12bad6 wp-block-group-is-layout-flex\">\n<div class=\"wp-block-group is-vertical is-content-justification-center is-layout-flex wp-container-core-group-is-layout-ce155fab wp-block-group-is-layout-flex\">\n<figure class=\"wp-block-image aligncenter size-thumbnail is-style-rounded\"><img loading=\"lazy\" decoding=\"async\" width=\"150\" height=\"150\" src=\"https:\/\/www.usal.edu.ar\/medicina\/wp-content\/uploads\/sites\/10\/2024\/06\/Martinez.D-mini-150x150.png\" alt=\"\" class=\"wp-image-117\" srcset=\"https:\/\/www.usal.edu.ar\/medicina\/wp-content\/uploads\/sites\/10\/2024\/06\/Martinez.D-mini-150x150.png 150w, https:\/\/www.usal.edu.ar\/medicina\/wp-content\/uploads\/sites\/10\/2024\/06\/Martinez.D-mini.png 332w\" sizes=\"auto, (max-width: 150px) 100vw, 150px\" \/><\/figure>\n\n\n\n<p><strong>Decano<\/strong><\/p>\n\n\n\n<p>Dr. Daniel F. Mart\u00ednez<\/p>\n<\/div>\n<\/div>\n\n\n\n<div class=\"wp-block-group is-content-justification-center is-nowrap is-layout-flex wp-container-core-group-is-layout-0a12bad6 wp-block-group-is-layout-flex\">\n<div class=\"wp-block-group is-vertical is-content-justification-center is-layout-flex wp-container-core-group-is-layout-ce155fab wp-block-group-is-layout-flex\">\n<p><strong>Secretaria Acad\u00e9mica<\/strong><\/p>\n\n\n\n<p>Lic. Mercedes Pombo<\/p>\n<\/div>\n<\/div>\n\n\n\n<div class=\"wp-block-group is-vertical is-content-justification-center is-layout-flex wp-container-core-group-is-layout-ce155fab wp-block-group-is-layout-flex\">\n<p><strong>Prosecretario Acad\u00e9mico<\/strong><\/p>\n\n\n\n<p>Dr. Mart\u00edn Cornut<\/p>\n<\/div>\n\n\n\n<div class=\"wp-block-columns alignwide is-layout-flex wp-container-core-columns-is-layout-b920a999 wp-block-columns-is-layout-flex\" style=\"padding-top:var(--wp--preset--spacing--30);padding-right:0;padding-bottom:var(--wp--preset--spacing--30);padding-left:0\">\n<div class=\"wp-block-column is-vertically-aligned-top has-global-padding is-layout-constrained wp-container-core-column-is-layout-3be804cf wp-block-column-is-layout-constrained\" style=\"border-style:none;border-width:0px;padding-top:0;padding-bottom:0\">\n<div class=\"wp-block-group is-vertical is-content-justification-center is-layout-flex wp-container-core-group-is-layout-7128f10e wp-block-group-is-layout-flex\" style=\"border-radius:5px\">\n<p class=\"has-text-align-center has-x-small-font-size\"><strong>Escuela de Medicina<\/strong><\/p>\n\n\n\n<div class=\"wp-block-group alignwide has-text-color has-link-color wp-elements-67f0686d4fb705799cf3a8d617e4eb4c wp-container-content-9cfa9a5a is-content-justification-center is-nowrap is-layout-flex wp-container-core-group-is-layout-23441af8 wp-block-group-is-layout-flex\" style=\"color:#3f3f3f\">\n<p class=\"has-text-align-center has-text-color has-link-color wp-elements-24a646b6936d198e6e42886164a6c0c0\" style=\"color:#3f3f3f\">Dr. Hugo N. &nbsp;Catalano<\/p>\n<\/div>\n<\/div>\n<\/div>\n\n\n\n<div class=\"wp-block-column is-vertically-aligned-top has-global-padding is-layout-constrained wp-block-column-is-layout-constrained\">\n<div class=\"wp-block-group is-vertical is-content-justification-center is-layout-flex wp-container-core-group-is-layout-7128f10e wp-block-group-is-layout-flex\" style=\"border-radius:5px\">\n<p class=\"has-text-align-center has-x-small-font-size\"><strong>Escuela de Disciplinas de la Salud<\/strong><\/p>\n\n\n\n<div class=\"wp-block-group alignwide has-text-color has-link-color wp-elements-a7c1a641eb341c9717cc424a70199ee9 wp-container-content-9cfa9a5a is-content-justification-center is-nowrap is-layout-flex wp-container-core-group-is-layout-23441af8 wp-block-group-is-layout-flex\" style=\"color:#3f3f3f\">\n<p class=\"has-text-align-center has-text-color has-link-color wp-elements-a8a7e29580c112744cbfa9a9d066c630\" style=\"color:#3f3f3f\">Lic. Ma. Jos\u00e9 Scalone<\/p>\n<\/div>\n<\/div>\n<\/div>\n\n\n\n<div class=\"wp-block-column is-layout-flow wp-block-column-is-layout-flow\">\n<div class=\"wp-block-group is-vertical is-content-justification-center is-layout-flex wp-container-core-group-is-layout-7128f10e wp-block-group-is-layout-flex\" style=\"border-radius:5px\">\n<p class=\"has-text-align-center has-x-small-font-size\"><strong>Escuela de Enfermer\u00eda<\/strong><\/p>\n\n\n\n<div class=\"wp-block-group alignwide has-text-color has-link-color wp-elements-04b669c36adcd12e050eb954f2f09782 wp-container-content-9cfa9a5a is-content-justification-center is-nowrap is-layout-flex wp-container-core-group-is-layout-23441af8 wp-block-group-is-layout-flex\" style=\"color:#3f3f3f\">\n<p class=\"has-text-align-center has-text-color has-link-color wp-elements-a2145d2dfedb6267164f5eca3d793944\" style=\"color:#3f3f3f\">Lic. Alicia Dom\u00ednguez<\/p>\n<\/div>\n<\/div>\n<\/div>\n<\/div>\n\n\n\n<div class=\"wp-block-columns alignwide is-layout-flex wp-container-core-columns-is-layout-b920a999 wp-block-columns-is-layout-flex\" style=\"padding-top:var(--wp--preset--spacing--30);padding-right:0;padding-bottom:var(--wp--preset--spacing--30);padding-left:0\">\n<div class=\"wp-block-column is-vertically-aligned-top has-global-padding is-layout-constrained wp-container-core-column-is-layout-3be804cf wp-block-column-is-layout-constrained\" style=\"border-style:none;border-width:0px;padding-top:0;padding-bottom:0\">\n<div class=\"wp-block-group is-vertical is-content-justification-center is-layout-flex wp-container-core-group-is-layout-7128f10e wp-block-group-is-layout-flex\" style=\"border-radius:5px\">\n<p class=\"has-text-align-center has-x-small-font-size\"><strong>Escuela de Odontolog\u00eda<\/strong><\/p>\n\n\n\n<div class=\"wp-block-group alignwide has-text-color has-link-color wp-elements-d95a763543215046b52a6568111ef91d wp-container-content-9cfa9a5a is-content-justification-center is-nowrap is-layout-flex wp-container-core-group-is-layout-23441af8 wp-block-group-is-layout-flex\" style=\"color:#3f3f3f\">\n<p class=\"has-text-align-center has-text-color has-link-color wp-elements-7f59d537b02158bf322154dc41a9fc60\" style=\"color:#3f3f3f\">Dra. Adriana Lombardo<\/p>\n<\/div>\n<\/div>\n<\/div>\n\n\n\n<div class=\"wp-block-column is-layout-flow wp-block-column-is-layout-flow\">\n<div class=\"wp-block-group is-vertical is-content-justification-center is-layout-flex wp-container-core-group-is-layout-7128f10e wp-block-group-is-layout-flex\" style=\"border-radius:5px\">\n<p class=\"has-text-align-center has-x-small-font-size\"><strong>Escuela de Medicina de Posgrado<\/strong><\/p>\n\n\n\n<div class=\"wp-block-group alignwide has-text-color has-link-color wp-elements-4958c7bc2a121d055f094a51a00dd835 wp-container-content-9cfa9a5a is-content-justification-center is-nowrap is-layout-flex wp-container-core-group-is-layout-23441af8 wp-block-group-is-layout-flex\" style=\"color:#3f3f3f\">\n<p class=\"has-text-align-center has-text-color has-link-color wp-elements-4c69c0c61c29ad4db36d436fb55c8b51\" style=\"color:#3f3f3f\">Dra. Mar\u00eda del Carmen Bacqu\u00e9<\/p>\n<\/div>\n<\/div>\n<\/div>\n<\/div>\n\n\n\n<p class=\"has-text-align-center\"><strong><mark style=\"background-color:#ffffff\" class=\"has-inline-color has-primary-color\">Directores de Carreras de Grado<\/mark><\/strong><\/p>\n\n\n\n<div class=\"wp-block-columns alignwide is-layout-flex wp-container-core-columns-is-layout-b920a999 wp-block-columns-is-layout-flex\" style=\"padding-top:var(--wp--preset--spacing--30);padding-right:0;padding-bottom:var(--wp--preset--spacing--30);padding-left:0\">\n<div class=\"wp-block-column is-vertically-aligned-top has-global-padding is-layout-constrained wp-container-core-column-is-layout-3be804cf wp-block-column-is-layout-constrained\" style=\"border-style:none;border-width:0px;padding-top:0;padding-bottom:0\">\n<div class=\"wp-block-group is-vertical is-content-justification-center is-layout-flex wp-container-core-group-is-layout-7128f10e wp-block-group-is-layout-flex\" style=\"border-radius:5px\">\n<p class=\"has-text-align-center has-x-small-font-size\"><strong>Medicina<\/strong><\/p>\n\n\n\n<p class=\"has-text-align-center has-text-color has-link-color wp-elements-5d5730033eeea7dba1103e794071849f\" style=\"color:#3f3f3f\">Dr. Hugo N. Catalano<\/p>\n\n\n\n<div class=\"wp-block-group alignwide has-text-color has-link-color wp-elements-eb6744d0674a640c6b8345350112be8b wp-container-content-9cfa9a5a is-content-justification-center is-nowrap is-layout-flex wp-container-core-group-is-layout-23441af8 wp-block-group-is-layout-flex\" style=\"color:#3f3f3f\"><\/div>\n<\/div>\n<\/div>\n\n\n\n<div class=\"wp-block-column is-vertically-aligned-top has-global-padding is-layout-constrained wp-block-column-is-layout-constrained\">\n<div class=\"wp-block-group is-vertical is-content-justification-center is-layout-flex wp-container-core-group-is-layout-7128f10e wp-block-group-is-layout-flex\" style=\"border-radius:5px\">\n<p class=\"has-text-align-center has-x-small-font-size\"><strong>Musicoterapia<\/strong><\/p>\n\n\n\n<div class=\"wp-block-group alignwide has-text-color has-link-color wp-elements-f8554e5c2b17558e73e811cd88fbde3e wp-container-content-9cfa9a5a is-content-justification-center is-nowrap is-layout-flex wp-container-core-group-is-layout-23441af8 wp-block-group-is-layout-flex\" style=\"color:#3f3f3f\">\n<p class=\"has-text-align-center has-text-color has-link-color wp-elements-92465756c70f9ca5fafeb2d976c9518d\" style=\"color:#3f3f3f\">Lic. Raquel G\u00f3mez<\/p>\n<\/div>\n<\/div>\n<\/div>\n\n\n\n<div class=\"wp-block-column is-layout-flow wp-block-column-is-layout-flow\">\n<div class=\"wp-block-group is-vertical is-content-justification-center is-layout-flex wp-container-core-group-is-layout-7128f10e wp-block-group-is-layout-flex\" style=\"border-radius:5px\">\n<p class=\"has-text-align-center has-x-small-font-size\"><strong>Terapia F\u00edsica<\/strong><\/p>\n\n\n\n<div class=\"wp-block-group alignwide has-text-color has-link-color wp-elements-c86b41705bebb99fbee7a873e4eb54a5 wp-container-content-9cfa9a5a is-content-justification-center is-nowrap is-layout-flex wp-container-core-group-is-layout-23441af8 wp-block-group-is-layout-flex\" style=\"color:#3f3f3f\">\n<p class=\"has-text-align-center has-text-color has-link-color wp-elements-8be05deb868be0c8edb8e1d777cc914b\" style=\"color:#3f3f3f\">Lic. Patricia Candia<\/p>\n<\/div>\n<\/div>\n<\/div>\n<\/div>\n\n\n\n<div class=\"wp-block-columns alignwide is-layout-flex wp-container-core-columns-is-layout-b920a999 wp-block-columns-is-layout-flex\" style=\"padding-top:var(--wp--preset--spacing--30);padding-right:0;padding-bottom:var(--wp--preset--spacing--30);padding-left:0\">\n<div class=\"wp-block-column is-vertically-aligned-top has-global-padding is-layout-constrained wp-container-core-column-is-layout-3be804cf wp-block-column-is-layout-constrained\" style=\"border-style:none;border-width:0px;padding-top:0;padding-bottom:0\">\n<div class=\"wp-block-group is-vertical is-content-justification-center is-layout-flex wp-container-core-group-is-layout-7128f10e wp-block-group-is-layout-flex\" style=\"border-radius:5px\">\n<p class=\"has-text-align-center has-x-small-font-size\"><strong>Fonoaudiolog\u00eda<\/strong><\/p>\n\n\n\n<div class=\"wp-block-group alignwide has-text-color has-link-color wp-elements-254b3153afa6602347b5f97f19e10bf6 wp-container-content-9cfa9a5a is-content-justification-center is-nowrap is-layout-flex wp-container-core-group-is-layout-23441af8 wp-block-group-is-layout-flex\" style=\"color:#3f3f3f\">\n<p class=\"has-text-align-center has-text-color has-link-color wp-elements-56026494c1622f2fce7e2d28bb748b27\" style=\"color:#3f3f3f\">Lic. Bettina Schettini<\/p>\n<\/div>\n<\/div>\n<\/div>\n\n\n\n<div class=\"wp-block-column is-vertically-aligned-top has-global-padding is-layout-constrained wp-block-column-is-layout-constrained\">\n<div class=\"wp-block-group is-vertical is-content-justification-center is-layout-flex wp-container-core-group-is-layout-7128f10e wp-block-group-is-layout-flex\" style=\"border-radius:5px\">\n<p class=\"has-text-align-center has-x-small-font-size\"><strong>Odontolog\u00eda<\/strong><\/p>\n\n\n\n<div class=\"wp-block-group alignwide has-text-color has-link-color wp-elements-d95a763543215046b52a6568111ef91d wp-container-content-9cfa9a5a is-content-justification-center is-nowrap is-layout-flex wp-container-core-group-is-layout-23441af8 wp-block-group-is-layout-flex\" style=\"color:#3f3f3f\">\n<p class=\"has-text-align-center has-text-color has-link-color wp-elements-7f59d537b02158bf322154dc41a9fc60\" style=\"color:#3f3f3f\">Dra. Adriana Lombardo<\/p>\n<\/div>\n<\/div>\n<\/div>\n\n\n\n<div class=\"wp-block-column is-layout-flow wp-block-column-is-layout-flow\">\n<div class=\"wp-block-group is-vertical is-content-justification-center is-layout-flex wp-container-core-group-is-layout-7128f10e wp-block-group-is-layout-flex\" style=\"border-radius:5px\">\n<p class=\"has-text-align-center has-x-small-font-size\"><strong>Terapia Ocupacional<\/strong><\/p>\n\n\n\n<div class=\"wp-block-group alignwide has-text-color has-link-color wp-elements-dfbcc5a4ea2e814caa106da51940f1dd wp-container-content-9cfa9a5a is-content-justification-center is-nowrap is-layout-flex wp-container-core-group-is-layout-23441af8 wp-block-group-is-layout-flex\" style=\"color:#3f3f3f\">\n<p class=\"has-text-align-center has-text-color has-link-color wp-elements-047b078ce1fe58bfd13093ab9d678763\" style=\"color:#3f3f3f\">Lic. Norma Rivero<\/p>\n<\/div>\n<\/div>\n<\/div>\n<\/div>\n\n\n\n<div class=\"wp-block-columns alignwide is-layout-flex wp-container-core-columns-is-layout-b920a999 wp-block-columns-is-layout-flex\" style=\"padding-top:var(--wp--preset--spacing--30);padding-right:0;padding-bottom:var(--wp--preset--spacing--30);padding-left:0\">\n<div class=\"wp-block-column is-vertically-aligned-top has-global-padding is-layout-constrained wp-container-core-column-is-layout-3be804cf wp-block-column-is-layout-constrained\" style=\"border-style:none;border-width:0px;padding-top:0;padding-bottom:0\">\n<div class=\"wp-block-group is-vertical is-content-justification-center is-layout-flex wp-container-core-group-is-layout-7128f10e wp-block-group-is-layout-flex\" style=\"border-radius:5px\">\n<p class=\"has-text-align-center has-x-small-font-size\"><strong>Actividad F\u00edsica y Deportiva<\/strong><\/p>\n\n\n\n<div class=\"wp-block-group alignwide has-text-color has-link-color wp-elements-c60a74642fc7a22683c213c62a4bd076 wp-container-content-9cfa9a5a is-content-justification-center is-nowrap is-layout-flex wp-container-core-group-is-layout-23441af8 wp-block-group-is-layout-flex\" style=\"color:#3f3f3f\">\n<p class=\"has-text-align-center has-text-color has-link-color wp-elements-a2470c88e8a69b59aa0f8cc5ce0bbe4b\" style=\"color:#3f3f3f\">Lic. Dami\u00e1n Sabelli<\/p>\n<\/div>\n<\/div>\n<\/div>\n\n\n\n<div class=\"wp-block-column is-vertically-aligned-top has-global-padding is-layout-constrained wp-block-column-is-layout-constrained\">\n<div class=\"wp-block-group is-vertical is-content-justification-center is-layout-flex wp-container-core-group-is-layout-7128f10e wp-block-group-is-layout-flex\" style=\"border-radius:5px\">\n<p class=\"has-text-align-center has-x-small-font-size\"><strong>Nutrici\u00f3n<\/strong><\/p>\n\n\n\n<div class=\"wp-block-group alignwide has-text-color has-link-color wp-elements-c50b56e4d5fd8de829eeaa45748c399b wp-container-content-9cfa9a5a is-content-justification-center is-nowrap is-layout-flex wp-container-core-group-is-layout-23441af8 wp-block-group-is-layout-flex\" style=\"color:#3f3f3f\">\n<p class=\"has-text-align-center has-text-color has-link-color wp-elements-b8437fda558e091a279c110cf1976517\" style=\"color:#3f3f3f\">Lic. Ver\u00f3nica Irei<\/p>\n<\/div>\n<\/div>\n<\/div>\n\n\n\n<div class=\"wp-block-column is-layout-flow wp-block-column-is-layout-flow\">\n<div class=\"wp-block-group is-vertical is-content-justification-center is-layout-flex wp-container-core-group-is-layout-7128f10e wp-block-group-is-layout-flex\" style=\"border-radius:5px\">\n<p class=\"has-text-align-center has-x-small-font-size\"><strong>Tecnolog\u00eda para<\/strong><br><strong> Diagn\u00f3stico por Im\u00e1genes<\/strong><\/p>\n\n\n\n<div class=\"wp-block-group alignwide has-text-color has-link-color wp-elements-758ef6a7fd1f26198b13fc2f7e79a44a wp-container-content-9cfa9a5a is-content-justification-center is-nowrap is-layout-flex wp-container-core-group-is-layout-23441af8 wp-block-group-is-layout-flex\" style=\"color:#3f3f3f\">\n<p class=\"has-text-align-center has-text-color has-link-color wp-elements-a8a3c3b8a13d95875b23ae7b9aeef10e\" style=\"color:#3f3f3f\">Lic. Fernando Orsi<\/p>\n<\/div>\n<\/div>\n<\/div>\n<\/div>\n\n\n\n<div class=\"wp-block-columns alignwide is-layout-flex wp-container-core-columns-is-layout-b920a999 wp-block-columns-is-layout-flex\" style=\"padding-top:var(--wp--preset--spacing--30);padding-right:0;padding-bottom:var(--wp--preset--spacing--30);padding-left:0\">\n<div class=\"wp-block-column is-vertically-aligned-top has-global-padding is-layout-constrained wp-container-core-column-is-layout-3be804cf wp-block-column-is-layout-constrained\" style=\"border-style:none;border-width:0px;padding-top:0;padding-bottom:0\">\n<div class=\"wp-block-group is-vertical is-content-justification-center is-layout-flex wp-container-core-group-is-layout-7128f10e wp-block-group-is-layout-flex\" style=\"border-radius:5px\">\n<p class=\"has-text-align-center has-x-small-font-size\"><strong>Enfermer\u00eda-Sede Centro<\/strong><\/p>\n\n\n\n<div class=\"wp-block-group alignwide has-text-color has-link-color wp-elements-9d8fd3461a58b72b8af2634663e9c2dc wp-container-content-9cfa9a5a is-content-justification-center is-nowrap is-layout-flex wp-container-core-group-is-layout-23441af8 wp-block-group-is-layout-flex\" style=\"color:#3f3f3f\">\n<p class=\"has-text-align-center has-text-color has-link-color wp-elements-f7d5f78c37c9d376f493f51d3cea7ef8\" style=\"color:#3f3f3f\">Lic. Florencia Holovatuck<\/p>\n<\/div>\n<\/div>\n<\/div>\n\n\n\n<div class=\"wp-block-column is-vertically-aligned-top has-global-padding is-layout-constrained wp-block-column-is-layout-constrained\">\n<div class=\"wp-block-group is-vertical is-content-justification-center is-layout-flex wp-container-core-group-is-layout-7128f10e wp-block-group-is-layout-flex\" style=\"border-radius:5px\">\n<p class=\"has-text-align-center has-x-small-font-size\"><strong>Enfermer\u00eda-Sede Htal. Alem\u00e1n<\/strong><\/p>\n\n\n\n<div class=\"wp-block-group alignwide has-text-color has-link-color wp-elements-7953896d52dc0876b6f1c63ecd14038c wp-container-content-9cfa9a5a is-content-justification-center is-nowrap is-layout-flex wp-container-core-group-is-layout-23441af8 wp-block-group-is-layout-flex\" style=\"color:#3f3f3f\">\n<p class=\"has-text-align-center has-text-color has-link-color wp-elements-7a5c0d6879dc83110541a9d23b60681a\" style=\"color:#3f3f3f\">Lic. Etelvina Paniagua<\/p>\n<\/div>\n<\/div>\n<\/div>\n\n\n\n<div class=\"wp-block-column is-layout-flow wp-block-column-is-layout-flow\">\n<div class=\"wp-block-group is-vertical is-content-justification-center is-layout-flex wp-container-core-group-is-layout-7128f10e wp-block-group-is-layout-flex\" style=\"border-radius:5px\">\n<p class=\"has-text-align-center has-x-small-font-size\"><strong>Dermatocosmiatr\u00eda<\/strong><\/p>\n\n\n\n<div class=\"wp-block-group alignwide has-text-color has-link-color wp-elements-3fbf075bb52fcba7531c0c28ed925ffe wp-container-content-9cfa9a5a is-content-justification-center is-nowrap is-layout-flex wp-container-core-group-is-layout-23441af8 wp-block-group-is-layout-flex\" style=\"color:#3f3f3f\">\n<p class=\"has-text-align-center has-text-color has-link-color wp-elements-14624d9c166eac3055188032e2706b8d\" style=\"color:#3f3f3f\">Dra. Guadalupe Reyes<\/p>\n<\/div>\n<\/div>\n<\/div>\n<\/div>\n","protected":false},"excerpt":{"rendered":"<p>Decano Dr. Daniel F. Mart\u00ednez Secretaria Acad\u00e9mica Lic. Mercedes Pombo Prosecretario Acad\u00e9mico Dr. Mart\u00edn Cornut Escuela de Medicina Dr. Hugo N. &nbsp;Catalano Escuela de Disciplinas de la Salud Lic. Ma. Jos\u00e9 Scalone Escuela de Enfermer\u00eda Lic. Alicia Dom\u00ednguez Escuela de Odontolog\u00eda Dra. Adriana Lombardo Escuela de Medicina de Posgrado Dra. Mar\u00eda del Carmen Bacqu\u00e9 Directores [&hellip;]<\/p>\n","protected":false},"author":5,"featured_media":0,"parent":0,"menu_order":0,"comment_status":"closed","ping_status":"closed","template":"","meta":{"_acf_changed":false,"footnotes":""},"class_list":["post-116","page","type-page","status-publish","hentry"],"acf":[],"_links":{"self":[{"href":"https:\/\/www.usal.edu.ar\/medicina\/wp-json\/wp\/v2\/pages\/116","targetHints":{"allow":["GET"]}}],"collection":[{"href":"https:\/\/www.usal.edu.ar\/medicina\/wp-json\/wp\/v2\/pages"}],"about":[{"href":"https:\/\/www.usal.edu.ar\/medicina\/wp-json\/wp\/v2\/types\/page"}],"author":[{"embeddable":true,"href":"https:\/\/www.usal.edu.ar\/medicina\/wp-json\/wp\/v2\/users\/5"}],"replies":[{"embeddable":true,"href":"https:\/\/www.usal.edu.ar\/medicina\/wp-json\/wp\/v2\/comments?post=116"}],"version-history":[{"count":12,"href":"https:\/\/www.usal.edu.ar\/medicina\/wp-json\/wp\/v2\/pages\/116\/revisions"}],"predecessor-version":[{"id":9078,"href":"https:\/\/www.usal.edu.ar\/medicina\/wp-json\/wp\/v2\/pages\/116\/revisions\/9078"}],"wp:attachment":[{"href":"https:\/\/www.usal.edu.ar\/medicina\/wp-json\/wp\/v2\/media?parent=116"}],"curies":[{"name":"wp","href":"https:\/\/api.w.org\/{rel}","templated":true}]}}