{"id":128,"date":"2024-06-07T14:52:38","date_gmt":"2024-06-07T17:52:38","guid":{"rendered":"https:\/\/www.usal.edu.ar\/medicina\/?page_id=128"},"modified":"2024-06-07T15:46:14","modified_gmt":"2024-06-07T18:46:14","slug":"carreras-de-posgrado","status":"publish","type":"page","link":"https:\/\/www.usal.edu.ar\/medicina\/carreras-de-posgrado\/","title":{"rendered":"Carreras de posgrado"},"content":{"rendered":"<div class=\"propuestas-wrapper\" style=\"background-color: 0F;\"><div class=\"propuesta-item clickeable\"><div class=\"propuesta_nombre\"><a href=\"https:\/\/www.usal.edu.ar\/medicina\/propuesta\/doctorado-en-ciencias-de-la-salud\/\" target=\"_blank\">Doctorado en Ciencias de la Salud<\/a><\/div><div class='propuesta_tipos'>   <\/div><\/div><div class=\"propuesta-item clickeable\"><div class=\"propuesta_nombre\"><a href=\"https:\/\/www.usal.edu.ar\/medicina\/propuesta\/especializacion-en-cardiologia\/\" target=\"_blank\">Especializaci\u00f3n en Cardiolog\u00eda<\/a><\/div><div class='propuesta_tipos'>   <\/div><\/div><div class=\"propuesta-item clickeable\"><div class=\"propuesta_nombre\"><a href=\"https:\/\/www.usal.edu.ar\/medicina\/propuesta\/especializacion-en-cirugia-general\/\" target=\"_blank\">Especializaci\u00f3n en Cirug\u00eda General<\/a><\/div><div class='propuesta_tipos'>   <\/div><\/div><div class=\"propuesta-item clickeable\"><div class=\"propuesta_nombre\"><a href=\"https:\/\/www.usal.edu.ar\/medicina\/propuesta\/especializacion-en-cirugia-plastica-y-reparadora\/\" target=\"_blank\">Especializaci\u00f3n en Cirug\u00eda Pl\u00e1stica y Reparadora<\/a><\/div><div class='propuesta_tipos'>   <\/div><\/div><div class=\"propuesta-item clickeable\"><div class=\"propuesta_nombre\"><a href=\"https:\/\/www.usal.edu.ar\/medicina\/propuesta\/especializacion-en-clinica-medica\/\" target=\"_blank\">Especializaci\u00f3n en Cl\u00ednica M\u00e9dica<\/a><\/div><div class='propuesta_tipos'>   <\/div><\/div><div class=\"propuesta-item clickeable\"><div class=\"propuesta_nombre\"><a href=\"https:\/\/www.usal.edu.ar\/medicina\/propuesta\/especializacion-en-diagnostico-por-imagenes\/\" target=\"_blank\">Especializaci\u00f3n en Diagn\u00f3stico por Im\u00e1genes<\/a><\/div><div class='propuesta_tipos'>   <\/div><\/div><div class=\"propuesta-item clickeable\"><div class=\"propuesta_nombre\"><a href=\"https:\/\/www.usal.edu.ar\/medicina\/propuesta\/especializacion-en-endodoncia\/\" target=\"_blank\">Especializaci\u00f3n en Endodoncia<\/a><\/div><div class='propuesta_tipos'>   <\/div><\/div><div class=\"propuesta-item clickeable\"><div class=\"propuesta_nombre\"><a href=\"https:\/\/www.usal.edu.ar\/medicina\/propuesta\/especializacion-en-gastroenterologia\/\" target=\"_blank\">Especializaci\u00f3n en Gastroenterolog\u00eda<\/a><\/div><div class='propuesta_tipos'>   <\/div><\/div><div class=\"propuesta-item clickeable\"><div class=\"propuesta_nombre\"><a href=\"https:\/\/www.usal.edu.ar\/medicina\/propuesta\/especializacion-en-medicina-legal\/\" target=\"_blank\">Especializaci\u00f3n en Medicina Legal<\/a><\/div><div class='propuesta_tipos'>   <\/div><\/div><div class=\"propuesta-item clickeable\"><div class=\"propuesta_nombre\"><a href=\"https:\/\/www.usal.edu.ar\/medicina\/propuesta\/especializacion-en-odontologia-legal\/\" target=\"_blank\">Especializaci\u00f3n en Odontolog\u00eda Legal<\/a><\/div><div class='propuesta_tipos'>   <\/div><\/div><div class=\"propuesta-item clickeable\"><div class=\"propuesta_nombre\"><a href=\"https:\/\/www.usal.edu.ar\/medicina\/propuesta\/especializacion-en-odontopediatria\/\" target=\"_blank\">Especializaci\u00f3n en Odontopediatr\u00eda<\/a><\/div><div class='propuesta_tipos'>   <\/div><\/div><div class=\"propuesta-item clickeable\"><div class=\"propuesta_nombre\"><a href=\"https:\/\/www.usal.edu.ar\/medicina\/propuesta\/especializacion-en-oftalmologia\/\" target=\"_blank\">Especializaci\u00f3n en Oftalmolog\u00eda<\/a><\/div><div class='propuesta_tipos'>   <\/div><\/div><div class=\"propuesta-item clickeable\"><div class=\"propuesta_nombre\"><a href=\"https:\/\/www.usal.edu.ar\/medicina\/propuesta\/especializacion-en-oncologia-clinica\/\" target=\"_blank\">Especializaci\u00f3n en Oncolog\u00eda Cl\u00ednica<\/a><\/div><div class='propuesta_tipos'>   <\/div><\/div><div class=\"propuesta-item clickeable\"><div class=\"propuesta_nombre\"><a href=\"https:\/\/www.usal.edu.ar\/medicina\/propuesta\/especializacion-en-ortopedia-y-traumatologia\/\" target=\"_blank\">Especializaci\u00f3n en Ortopedia y Traumatolog\u00eda<\/a><\/div><div class='propuesta_tipos'>   <\/div><\/div><div class=\"propuesta-item clickeable\"><div class=\"propuesta_nombre\"><a href=\"https:\/\/www.usal.edu.ar\/medicina\/propuesta\/especializacion-en-pediatria\/\" target=\"_blank\">Especializaci\u00f3n en Pediatr\u00eda<\/a><\/div><div class='propuesta_tipos'>   <\/div><\/div><div class=\"propuesta-item clickeable\"><div class=\"propuesta_nombre\"><a href=\"https:\/\/www.usal.edu.ar\/medicina\/propuesta\/especializacion-en-periodoncia\/\" target=\"_blank\">Especializaci\u00f3n en Periodoncia<\/a><\/div><div class='propuesta_tipos'>   <\/div><\/div><div class=\"propuesta-item clickeable\"><div class=\"propuesta_nombre\"><a href=\"https:\/\/www.usal.edu.ar\/medicina\/propuesta\/especializacion-en-protesis-fija-removible-e-implanto-asistida-dentobucomaxilar\/\" target=\"_blank\">Especializaci\u00f3n en Pr\u00f3tesis fija, removible e implanto asistida dentobucomaxilar<\/a><\/div><div class='propuesta_tipos'>   <\/div><\/div><div class=\"propuesta-item clickeable\"><div class=\"propuesta_nombre\"><a href=\"https:\/\/www.usal.edu.ar\/medicina\/propuesta\/especializacion-en-psiquiatria\/\" target=\"_blank\">Especializaci\u00f3n en Psiquiatr\u00eda<\/a><\/div><div class='propuesta_tipos'>   <\/div><\/div><div class=\"propuesta-item clickeable\"><div class=\"propuesta_nombre\"><a href=\"https:\/\/www.usal.edu.ar\/medicina\/propuesta\/especializacion-en-psiquiatria-infanto-juvenil\/\" target=\"_blank\">Especializaci\u00f3n en Psiquiatr\u00eda Infanto Juvenil<\/a><\/div><div class='propuesta_tipos'>   <\/div><\/div><div class=\"propuesta-item clickeable\"><div class=\"propuesta_nombre\"><a href=\"https:\/\/www.usal.edu.ar\/medicina\/propuesta\/especializacion-en-terapia-intensiva\/\" target=\"_blank\">Especializaci\u00f3n en Terapia Intensiva<\/a><\/div><div class='propuesta_tipos'>   <\/div><\/div><div class=\"propuesta-item clickeable\"><div class=\"propuesta_nombre\"><a href=\"https:\/\/www.usal.edu.ar\/medicina\/propuesta\/maestria-en-cuidados-paliativos\/\" target=\"_blank\">Maestr\u00eda en Cuidados Paliativos<\/a><\/div><div class='propuesta_tipos'>   <\/div><\/div><div class=\"propuesta-item clickeable\"><div class=\"propuesta_nombre\"><a href=\"https:\/\/www.usal.edu.ar\/medicina\/propuesta\/maestria-en-diabetes\/\" target=\"_blank\">Maestr\u00eda en Diabetes<\/a><\/div><div class='propuesta_tipos'>   <\/div><\/div><div class=\"propuesta-item clickeable\"><div class=\"propuesta_nombre\"><a href=\"https:\/\/www.usal.edu.ar\/medicina\/propuesta\/maestria-en-gastroenterologia-hepatologia-y-nutricion-pediatrica\/\" target=\"_blank\">Maestr\u00eda en Gastroenterolog\u00eda, Hepatolog\u00eda y Nutrici\u00f3n Pedi\u00e1trica<\/a><\/div><div class='propuesta_tipos'>   <\/div><\/div><div class=\"propuesta-item clickeable\"><div class=\"propuesta_nombre\"><a href=\"https:\/\/www.usal.edu.ar\/medicina\/propuesta\/maestria-en-gestion-de-servicios-de-salud\/\" target=\"_blank\">Maestr\u00eda en Gesti\u00f3n de Servicios de Salud<\/a><\/div><div class='propuesta_tipos'>   <\/div><\/div><div class=\"propuesta-item clickeable\"><div class=\"propuesta_nombre\"><a href=\"https:\/\/www.usal.edu.ar\/medicina\/propuesta\/maestria-en-implantologia-odontologica\/\" target=\"_blank\">Maestr\u00eda en Implantolog\u00eda Odontol\u00f3gica<\/a><\/div><div class='propuesta_tipos'>   <\/div><\/div><div class=\"propuesta-item clickeable\"><div class=\"propuesta_nombre\"><a href=\"https:\/\/www.usal.edu.ar\/medicina\/propuesta\/maestria-en-osteologia-y-metabolismo-mineral\/\" target=\"_blank\">Maestr\u00eda en Osteolog\u00eda y Metabolismo Mineral<\/a><\/div><div class='propuesta_tipos'>   <\/div><\/div><div class=\"propuesta-item clickeable\"><div class=\"propuesta_nombre\"><a href=\"https:\/\/www.usal.edu.ar\/medicina\/propuesta\/maestria-en-prevencion-y-asistencia-de-la-drogadependencia\/\" target=\"_blank\">Maestr\u00eda en Prevenci\u00f3n y Asistencia de la Drogadependencia<\/a><\/div><div class='propuesta_tipos'>   <\/div><\/div><div class=\"propuesta-item\" style=\"visibility: hidden;\"><\/div><\/div>\n","protected":false},"excerpt":{"rendered":"","protected":false},"author":1,"featured_media":0,"parent":0,"menu_order":0,"comment_status":"closed","ping_status":"closed","template":"","meta":{"_acf_changed":false,"footnotes":""},"class_list":["post-128","page","type-page","status-publish","hentry"],"acf":[],"_links":{"self":[{"href":"https:\/\/www.usal.edu.ar\/medicina\/wp-json\/wp\/v2\/pages\/128","targetHints":{"allow":["GET"]}}],"collection":[{"href":"https:\/\/www.usal.edu.ar\/medicina\/wp-json\/wp\/v2\/pages"}],"about":[{"href":"https:\/\/www.usal.edu.ar\/medicina\/wp-json\/wp\/v2\/types\/page"}],"author":[{"embeddable":true,"href":"https:\/\/www.usal.edu.ar\/medicina\/wp-json\/wp\/v2\/users\/1"}],"replies":[{"embeddable":true,"href":"https:\/\/www.usal.edu.ar\/medicina\/wp-json\/wp\/v2\/comments?post=128"}],"version-history":[{"count":2,"href":"https:\/\/www.usal.edu.ar\/medicina\/wp-json\/wp\/v2\/pages\/128\/revisions"}],"predecessor-version":[{"id":150,"href":"https:\/\/www.usal.edu.ar\/medicina\/wp-json\/wp\/v2\/pages\/128\/revisions\/150"}],"wp:attachment":[{"href":"https:\/\/www.usal.edu.ar\/medicina\/wp-json\/wp\/v2\/media?parent=128"}],"curies":[{"name":"wp","href":"https:\/\/api.w.org\/{rel}","templated":true}]}}