{"id":60,"date":"2024-06-27T15:58:07","date_gmt":"2024-06-27T18:58:07","guid":{"rendered":"https:\/\/www.usal.edu.ar\/psico\/?page_id=60"},"modified":"2025-04-03T15:21:09","modified_gmt":"2025-04-03T18:21:09","slug":"autoridades","status":"publish","type":"page","link":"https:\/\/www.usal.edu.ar\/psico\/autoridades\/","title":{"rendered":"Autoridades"},"content":{"rendered":"\n<div class=\"wp-block-group is-vertical is-content-justification-center is-layout-flex wp-container-core-group-is-layout-7128f10e wp-block-group-is-layout-flex\" style=\"border-radius:5px\">\n<figure class=\"wp-block-image size-full is-resized is-style-rounded img-mini-autoridad\"><img loading=\"lazy\" decoding=\"async\" width=\"286\" height=\"284\" src=\"https:\/\/www.usal.edu.ar\/psico\/wp-content\/uploads\/sites\/11\/2024\/07\/Renault-mini.png\" alt=\"\" class=\"wp-image-85\" style=\"object-fit:cover;width:100px;height:100px\" srcset=\"https:\/\/www.usal.edu.ar\/psico\/wp-content\/uploads\/sites\/11\/2024\/07\/Renault-mini.png 286w, https:\/\/www.usal.edu.ar\/psico\/wp-content\/uploads\/sites\/11\/2024\/07\/Renault-mini-150x150.png 150w\" sizes=\"auto, (max-width: 286px) 100vw, 286px\" \/><\/figure>\n\n\n\n<p class=\"has-text-align-center has-x-small-font-size\"><strong><strong>Decan<\/strong>a<\/strong><\/p>\n\n\n\n<p class=\"has-text-align-center has-text-color has-link-color wp-elements-ebaef426d55a88510ca4bcafd70cb116 wp-container-content-9cfa9a5a\" style=\"color:#3f3f3f\">Dra. Gabriela Mar\u00eda<strong> <\/strong>Renault<\/p>\n<\/div>\n\n\n\n<div class=\"wp-block-group is-vertical is-content-justification-center is-layout-flex wp-container-core-group-is-layout-7128f10e wp-block-group-is-layout-flex\" style=\"border-radius:5px\">\n<p class=\"has-text-align-center has-x-small-font-size\"><strong><strong>Secretaria Acad\u00e9mica<\/strong><\/strong><\/p>\n\n\n\n<p class=\"has-text-align-center has-text-color has-link-color wp-elements-5481dabe50819a87a41854029bb1d407 wp-container-content-9cfa9a5a\" style=\"color:#3f3f3f\">Lic. Yanina Santucci<\/p>\n<\/div>\n\n\n\n<div class=\"wp-block-group is-vertical is-content-justification-center is-layout-flex wp-container-core-group-is-layout-7128f10e wp-block-group-is-layout-flex\" style=\"border-radius:5px\">\n<p class=\"has-text-align-center has-x-small-font-size\"><strong><strong>Secretaria Administrativa<\/strong><\/strong><\/p>\n\n\n\n<p class=\"has-text-align-center has-text-color has-link-color wp-elements-4ca9d22db5e39b1408aaf8caf36b3406 wp-container-content-9cfa9a5a\" style=\"color:#3f3f3f\">Dra. Graciela P\u00e9rez<\/p>\n<\/div>\n\n\n\n<p class=\"has-text-align-center\"><strong>Directoras de Carreras de Grado<\/strong><\/p>\n\n\n\n<div class=\"wp-block-columns alignwide is-layout-flex wp-container-core-columns-is-layout-08c01c1c wp-block-columns-is-layout-flex\">\n<div class=\"wp-block-column is-vertically-aligned-top has-global-padding is-layout-constrained wp-container-core-column-is-layout-3be804cf wp-block-column-is-layout-constrained\" style=\"border-style:none;border-width:0px;padding-top:0;padding-bottom:0\">\n<div class=\"wp-block-group is-vertical is-content-justification-center is-layout-flex wp-container-core-group-is-layout-7128f10e wp-block-group-is-layout-flex\" style=\"border-radius:5px\">\n<p class=\"has-text-align-center has-x-small-font-size\"><strong>Directora Carrera de Psicolog\u00eda<\/strong><\/p>\n\n\n\n<div class=\"wp-block-group alignwide has-text-color has-link-color wp-elements-203663017d8d3bde954464181f35d430 wp-container-content-9cfa9a5a is-content-justification-center is-nowrap is-layout-flex wp-container-core-group-is-layout-23441af8 wp-block-group-is-layout-flex\" style=\"color:#3f3f3f\">\n<p class=\"has-text-align-center has-text-color has-link-color wp-elements-9c958932954f31fda1429e8c50832a0f\" style=\"color:#3f3f3f\">Lic. Sandra Nonino<\/p>\n<\/div>\n<\/div>\n<\/div>\n\n\n\n<div class=\"wp-block-column is-vertically-aligned-top has-global-padding is-layout-constrained wp-block-column-is-layout-constrained\">\n<div class=\"wp-block-group is-vertical is-content-justification-center is-layout-flex wp-container-core-group-is-layout-7128f10e wp-block-group-is-layout-flex\" style=\"border-radius:5px\">\n<p class=\"has-text-align-center has-x-small-font-size\"><strong>Directora Carrera de Psicopedagog\u00eda<\/strong><\/p>\n\n\n\n<p class=\"has-text-align-center has-text-color has-link-color wp-elements-811f355ce924fc0a397111c4c6ad5571\" style=\"color:#3f3f3f\">Lic. Mar\u00eda Paz Ogando<\/p>\n<\/div>\n<\/div>\n\n\n\n<div class=\"wp-block-column is-vertically-aligned-top has-global-padding is-layout-constrained wp-block-column-is-layout-constrained\">\n<div class=\"wp-block-group is-vertical is-content-justification-center is-layout-flex wp-container-core-group-is-layout-7128f10e wp-block-group-is-layout-flex\" style=\"border-radius:5px\">\n<p class=\"has-text-align-center has-x-small-font-size\"><strong>Directora Carrera de Arte Dram\u00e1tico<\/strong><\/p>\n\n\n\n<div class=\"wp-block-group alignwide has-text-color has-link-color wp-elements-766db572a0c42939f445975280b94ffe wp-container-content-9cfa9a5a is-content-justification-center is-nowrap is-layout-flex wp-container-core-group-is-layout-23441af8 wp-block-group-is-layout-flex\" style=\"color:#3f3f3f\">\n<p class=\"has-text-align-center has-text-color has-link-color wp-elements-9db00cf1f62a0ca45d38b902ff67e920\" style=\"color:#3f3f3f\">Lic. Marisa Cotignola Novoa<\/p>\n<\/div>\n<\/div>\n<\/div>\n\n\n\n<div class=\"wp-block-column is-vertically-aligned-top has-global-padding is-layout-constrained wp-block-column-is-layout-constrained\">\n<div class=\"wp-block-group is-vertical is-content-justification-center is-layout-flex wp-container-core-group-is-layout-7128f10e wp-block-group-is-layout-flex\" style=\"border-radius:5px\">\n<p class=\"has-text-align-center has-x-small-font-size\"><strong>Directora Carrera de Educaci\u00f3n Inicial<\/strong><\/p>\n\n\n\n<div class=\"wp-block-group alignwide has-text-color has-link-color wp-elements-3798bcd02b40e95630c6ea44d7d51ad3 wp-container-content-9cfa9a5a is-content-justification-center is-nowrap is-layout-flex wp-container-core-group-is-layout-23441af8 wp-block-group-is-layout-flex\" style=\"color:#3f3f3f\">\n<p class=\"has-text-align-center has-text-color has-link-color wp-elements-811f355ce924fc0a397111c4c6ad5571\" style=\"color:#3f3f3f\">Lic. Mar\u00eda Paz Ogando<\/p>\n<\/div>\n<\/div>\n<\/div>\n<\/div>\n\n\n\n<p class=\"has-text-align-center\"><strong>Directores Carreras de Posgrado<\/strong> <strong>e Investigaci\u00f3n<\/strong><\/p>\n\n\n\n<div class=\"wp-block-columns alignwide is-layout-flex wp-container-core-columns-is-layout-28f84493 wp-block-columns-is-layout-flex\">\n<div class=\"wp-block-column is-vertically-aligned-top has-global-padding is-layout-constrained wp-container-core-column-is-layout-3be804cf wp-block-column-is-layout-constrained\" style=\"border-style:none;border-width:0px;padding-top:0;padding-bottom:0\">\n<div class=\"wp-block-group is-vertical is-content-justification-center is-layout-flex wp-container-core-group-is-layout-7128f10e wp-block-group-is-layout-flex\" style=\"border-radius:5px\">\n<p class=\"has-text-align-center has-x-small-font-size\"><strong>Director del Instituto de Investigaci\u00f3n<\/strong><\/p>\n\n\n\n<div class=\"wp-block-group alignwide has-text-color has-link-color wp-elements-c8b2d150e2d7cdf6c84f73b4870c6ac7 wp-container-content-9cfa9a5a is-content-justification-center is-nowrap is-layout-flex wp-container-core-group-is-layout-23441af8 wp-block-group-is-layout-flex\" style=\"color:#3f3f3f\">\n<p class=\"has-text-align-center has-text-color has-link-color wp-elements-14f67bc664059776aa3afd397295158a\" style=\"color:#3f3f3f\"> Dr. Jorge Mario Andreau<\/p>\n<\/div>\n<\/div>\n<\/div>\n\n\n\n<div class=\"wp-block-column is-vertically-aligned-top has-global-padding is-layout-constrained wp-block-column-is-layout-constrained\">\n<div class=\"wp-block-group is-vertical is-content-justification-center is-layout-flex wp-container-core-group-is-layout-7128f10e wp-block-group-is-layout-flex\" style=\"border-radius:5px\">\n<p class=\"has-text-align-center has-x-small-font-size\"><strong>Director de Doctorado<\/strong><\/p>\n\n\n\n<div class=\"wp-block-group alignwide has-text-color has-link-color wp-elements-320c247c35c5b073a93f62d1094764e2 wp-container-content-9cfa9a5a is-content-justification-center is-nowrap is-layout-flex wp-container-core-group-is-layout-23441af8 wp-block-group-is-layout-flex\" style=\"color:#3f3f3f\">\n<p class=\"has-text-align-center has-text-color has-link-color wp-elements-51a54874d262a071ba1cd4dfd674ea2b\" style=\"color:#3f3f3f\">Dr. Ignacio Barreira<\/p>\n<\/div>\n<\/div>\n<\/div>\n\n\n\n<div class=\"wp-block-column is-vertically-aligned-top has-global-padding is-layout-constrained wp-block-column-is-layout-constrained\">\n<div class=\"wp-block-group is-vertical is-content-justification-center is-layout-flex wp-container-core-group-is-layout-7128f10e wp-block-group-is-layout-flex\" style=\"border-radius:5px\">\n<p class=\"has-text-align-center has-x-small-font-size\"><strong>Directora Especializaci\u00f3n en Evaluaci\u00f3n y Diagn\u00f3stico Psicol\u00f3gico<\/strong><\/p>\n\n\n\n<div class=\"wp-block-group alignwide has-text-color has-link-color wp-elements-2de946c17bb23a39d9d5751af516e624 wp-container-content-9cfa9a5a is-content-justification-center is-nowrap is-layout-flex wp-container-core-group-is-layout-23441af8 wp-block-group-is-layout-flex\" style=\"color:#3f3f3f\">\n<p class=\"has-text-align-center has-text-color has-link-color wp-elements-f4842662c958528a89e7f51f47a97795\" style=\"color:#3f3f3f\">Dra. Gabriela Costanza<\/p>\n<\/div>\n<\/div>\n<\/div>\n<\/div>\n\n\n\n<div class=\"wp-block-columns alignwide is-layout-flex wp-container-core-columns-is-layout-28f84493 wp-block-columns-is-layout-flex\">\n<div class=\"wp-block-column is-vertically-aligned-top has-global-padding is-layout-constrained wp-block-column-is-layout-constrained\">\n<div class=\"wp-block-group is-vertical is-content-justification-center is-layout-flex wp-container-core-group-is-layout-7128f10e wp-block-group-is-layout-flex\" style=\"border-radius:5px\">\n<p class=\"has-text-align-center has-x-small-font-size\"><strong>Director Maestr\u00eda en Psicoan\u00e1lisis<\/strong><\/p>\n\n\n\n<p class=\"has-text-align-center has-text-color has-link-color wp-elements-e79145994536306f1c0becd2c99ca18a wp-container-content-9cfa9a5a\" style=\"color:#3f3f3f\">Dr. Marcos R. Benyakar<\/p>\n<\/div>\n<\/div>\n\n\n\n<div class=\"wp-block-column is-vertically-aligned-top has-global-padding is-layout-constrained wp-block-column-is-layout-constrained\">\n<div class=\"wp-block-group is-vertical is-content-justification-center is-layout-flex wp-container-core-group-is-layout-7128f10e wp-block-group-is-layout-flex\" style=\"border-radius:5px\">\n<p class=\"has-text-align-center has-x-small-font-size\"><strong>Directora Maestr\u00eda en Dificultades de Aprendizaje<\/strong><\/p>\n\n\n\n<div class=\"wp-block-group alignwide has-text-color has-link-color wp-elements-0d344c6a1c7dcee543105983ed051602 wp-container-content-9cfa9a5a is-content-justification-center is-nowrap is-layout-flex wp-container-core-group-is-layout-23441af8 wp-block-group-is-layout-flex\" style=\"color:#3f3f3f\">\n<p class=\"has-text-align-center has-text-color has-link-color wp-elements-07af253842a16b4b526878dbdbbf08a7\" style=\"color:#3f3f3f\">Dra. Andrea Bertran<\/p>\n<\/div>\n<\/div>\n<\/div>\n<\/div>\n\n\n\n<p class=\"has-text-align-center has-x-small-font-size\"><strong>Directora Especializaci\u00f3n en Cl\u00ednica de la Psicosom\u00e1tica<\/strong><br>Dra. Susana Russo<\/p>\n\n\n\n<div class=\"wp-block-group alignwide has-text-color has-link-color wp-elements-eb6744d0674a640c6b8345350112be8b wp-container-content-9cfa9a5a is-content-justification-center is-nowrap is-layout-flex wp-container-core-group-is-layout-23441af8 wp-block-group-is-layout-flex\" style=\"color:#3f3f3f\"><\/div>\n","protected":false},"excerpt":{"rendered":"<p>Decana Dra. Gabriela Mar\u00eda Renault Secretaria Acad\u00e9mica Lic. Yanina Santucci Secretaria Administrativa Dra. Graciela P\u00e9rez Directoras de Carreras de Grado Directora Carrera de Psicolog\u00eda Lic. Sandra Nonino Directora Carrera de Psicopedagog\u00eda Lic. Mar\u00eda Paz Ogando Directora Carrera de Arte Dram\u00e1tico Lic. Marisa Cotignola Novoa Directora Carrera de Educaci\u00f3n Inicial Lic. Mar\u00eda Paz Ogando Directores Carreras [&hellip;]<\/p>\n","protected":false},"author":5,"featured_media":0,"parent":0,"menu_order":0,"comment_status":"closed","ping_status":"closed","template":"","meta":{"_acf_changed":false,"footnotes":""},"class_list":["post-60","page","type-page","status-publish","hentry"],"acf":[],"_links":{"self":[{"href":"https:\/\/www.usal.edu.ar\/psico\/wp-json\/wp\/v2\/pages\/60","targetHints":{"allow":["GET"]}}],"collection":[{"href":"https:\/\/www.usal.edu.ar\/psico\/wp-json\/wp\/v2\/pages"}],"about":[{"href":"https:\/\/www.usal.edu.ar\/psico\/wp-json\/wp\/v2\/types\/page"}],"author":[{"embeddable":true,"href":"https:\/\/www.usal.edu.ar\/psico\/wp-json\/wp\/v2\/users\/5"}],"replies":[{"embeddable":true,"href":"https:\/\/www.usal.edu.ar\/psico\/wp-json\/wp\/v2\/comments?post=60"}],"version-history":[{"count":8,"href":"https:\/\/www.usal.edu.ar\/psico\/wp-json\/wp\/v2\/pages\/60\/revisions"}],"predecessor-version":[{"id":3025,"href":"https:\/\/www.usal.edu.ar\/psico\/wp-json\/wp\/v2\/pages\/60\/revisions\/3025"}],"wp:attachment":[{"href":"https:\/\/www.usal.edu.ar\/psico\/wp-json\/wp\/v2\/media?parent=60"}],"curies":[{"name":"wp","href":"https:\/\/api.w.org\/{rel}","templated":true}]}}

<div class="wp-block-group is-vertical is-content-justification-center is-layout-flex wp-container-core-group-is-layout-7128f10e wp-block-group-is-layout-flex" style="border-radius:5px">
<figure class="wp-block-image size-full is-resized is-style-rounded img-mini-autoridad"><img loading="lazy" decoding="async" width="286" height="284" src="https://www.usal.edu.ar/psico/wp-content/uploads/sites/11/2024/07/Renault-mini.png" alt="" class="wp-image-85" style="object-fit:cover;width:100px;height:100px" srcset="https://www.usal.edu.ar/psico/wp-content/uploads/sites/11/2024/07/Renault-mini.png 286w, https://www.usal.edu.ar/psico/wp-content/uploads/sites/11/2024/07/Renault-mini-150x150.png 150w" sizes="auto, (max-width: 286px) 100vw, 286px" /></figure>



<p class="has-text-align-center has-x-small-font-size"><strong><strong>Decan</strong>a</strong></p>



<p class="has-text-align-center has-text-color has-link-color wp-elements-ebaef426d55a88510ca4bcafd70cb116 wp-container-content-9cfa9a5a" style="color:#3f3f3f">Dra. Gabriela María<strong> </strong>Renault</p>
</div>



<div class="wp-block-group is-vertical is-content-justification-center is-layout-flex wp-container-core-group-is-layout-7128f10e wp-block-group-is-layout-flex" style="border-radius:5px">
<p class="has-text-align-center has-x-small-font-size"><strong><strong>Secretaria Académica</strong></strong></p>



<p class="has-text-align-center has-text-color has-link-color wp-elements-5481dabe50819a87a41854029bb1d407 wp-container-content-9cfa9a5a" style="color:#3f3f3f">Lic. Yanina Santucci</p>
</div>



<div class="wp-block-group is-vertical is-content-justification-center is-layout-flex wp-container-core-group-is-layout-7128f10e wp-block-group-is-layout-flex" style="border-radius:5px">
<p class="has-text-align-center has-x-small-font-size"><strong><strong>Secretaria Administrativa</strong></strong></p>



<p class="has-text-align-center has-text-color has-link-color wp-elements-4ca9d22db5e39b1408aaf8caf36b3406 wp-container-content-9cfa9a5a" style="color:#3f3f3f">Dra. Graciela Pérez</p>
</div>



<p class="has-text-align-center"><strong>Directoras de Carreras de Grado</strong></p>



<div class="wp-block-columns alignwide is-layout-flex wp-container-core-columns-is-layout-08c01c1c wp-block-columns-is-layout-flex">
<div class="wp-block-column is-vertically-aligned-top has-global-padding is-layout-constrained wp-container-core-column-is-layout-3be804cf wp-block-column-is-layout-constrained" style="border-style:none;border-width:0px;padding-top:0;padding-bottom:0">
<div class="wp-block-group is-vertical is-content-justification-center is-layout-flex wp-container-core-group-is-layout-7128f10e wp-block-group-is-layout-flex" style="border-radius:5px">
<p class="has-text-align-center has-x-small-font-size"><strong>Directora Carrera de Psicología</strong></p>



<div class="wp-block-group alignwide has-text-color has-link-color wp-elements-203663017d8d3bde954464181f35d430 wp-container-content-9cfa9a5a is-content-justification-center is-nowrap is-layout-flex wp-container-core-group-is-layout-23441af8 wp-block-group-is-layout-flex" style="color:#3f3f3f">
<p class="has-text-align-center has-text-color has-link-color wp-elements-9c958932954f31fda1429e8c50832a0f" style="color:#3f3f3f">Lic. Sandra Nonino</p>
</div>
</div>
</div>



<div class="wp-block-column is-vertically-aligned-top has-global-padding is-layout-constrained wp-block-column-is-layout-constrained">
<div class="wp-block-group is-vertical is-content-justification-center is-layout-flex wp-container-core-group-is-layout-7128f10e wp-block-group-is-layout-flex" style="border-radius:5px">
<p class="has-text-align-center has-x-small-font-size"><strong>Directora Carrera de Psicopedagogía</strong></p>



<p class="has-text-align-center has-text-color has-link-color wp-elements-811f355ce924fc0a397111c4c6ad5571" style="color:#3f3f3f">Lic. María Paz Ogando</p>
</div>
</div>



<div class="wp-block-column is-vertically-aligned-top has-global-padding is-layout-constrained wp-block-column-is-layout-constrained">
<div class="wp-block-group is-vertical is-content-justification-center is-layout-flex wp-container-core-group-is-layout-7128f10e wp-block-group-is-layout-flex" style="border-radius:5px">
<p class="has-text-align-center has-x-small-font-size"><strong>Directora Carrera de Arte Dramático</strong></p>



<div class="wp-block-group alignwide has-text-color has-link-color wp-elements-766db572a0c42939f445975280b94ffe wp-container-content-9cfa9a5a is-content-justification-center is-nowrap is-layout-flex wp-container-core-group-is-layout-23441af8 wp-block-group-is-layout-flex" style="color:#3f3f3f">
<p class="has-text-align-center has-text-color has-link-color wp-elements-9db00cf1f62a0ca45d38b902ff67e920" style="color:#3f3f3f">Lic. Marisa Cotignola Novoa</p>
</div>
</div>
</div>



<div class="wp-block-column is-vertically-aligned-top has-global-padding is-layout-constrained wp-block-column-is-layout-constrained">
<div class="wp-block-group is-vertical is-content-justification-center is-layout-flex wp-container-core-group-is-layout-7128f10e wp-block-group-is-layout-flex" style="border-radius:5px">
<p class="has-text-align-center has-x-small-font-size"><strong>Directora Carrera de Educación Inicial</strong></p>



<div class="wp-block-group alignwide has-text-color has-link-color wp-elements-3798bcd02b40e95630c6ea44d7d51ad3 wp-container-content-9cfa9a5a is-content-justification-center is-nowrap is-layout-flex wp-container-core-group-is-layout-23441af8 wp-block-group-is-layout-flex" style="color:#3f3f3f">
<p class="has-text-align-center has-text-color has-link-color wp-elements-811f355ce924fc0a397111c4c6ad5571" style="color:#3f3f3f">Lic. María Paz Ogando</p>
</div>
</div>
</div>
</div>



<p class="has-text-align-center"><strong>Directores Carreras de Posgrado</strong> <strong>e Investigación</strong></p>



<div class="wp-block-columns alignwide is-layout-flex wp-container-core-columns-is-layout-28f84493 wp-block-columns-is-layout-flex">
<div class="wp-block-column is-vertically-aligned-top has-global-padding is-layout-constrained wp-container-core-column-is-layout-3be804cf wp-block-column-is-layout-constrained" style="border-style:none;border-width:0px;padding-top:0;padding-bottom:0">
<div class="wp-block-group is-vertical is-content-justification-center is-layout-flex wp-container-core-group-is-layout-7128f10e wp-block-group-is-layout-flex" style="border-radius:5px">
<p class="has-text-align-center has-x-small-font-size"><strong>Director del Instituto de Investigación</strong></p>



<div class="wp-block-group alignwide has-text-color has-link-color wp-elements-c8b2d150e2d7cdf6c84f73b4870c6ac7 wp-container-content-9cfa9a5a is-content-justification-center is-nowrap is-layout-flex wp-container-core-group-is-layout-23441af8 wp-block-group-is-layout-flex" style="color:#3f3f3f">
<p class="has-text-align-center has-text-color has-link-color wp-elements-14f67bc664059776aa3afd397295158a" style="color:#3f3f3f"> Dr. Jorge Mario Andreau</p>
</div>
</div>
</div>



<div class="wp-block-column is-vertically-aligned-top has-global-padding is-layout-constrained wp-block-column-is-layout-constrained">
<div class="wp-block-group is-vertical is-content-justification-center is-layout-flex wp-container-core-group-is-layout-7128f10e wp-block-group-is-layout-flex" style="border-radius:5px">
<p class="has-text-align-center has-x-small-font-size"><strong>Director de Doctorado</strong></p>



<div class="wp-block-group alignwide has-text-color has-link-color wp-elements-320c247c35c5b073a93f62d1094764e2 wp-container-content-9cfa9a5a is-content-justification-center is-nowrap is-layout-flex wp-container-core-group-is-layout-23441af8 wp-block-group-is-layout-flex" style="color:#3f3f3f">
<p class="has-text-align-center has-text-color has-link-color wp-elements-51a54874d262a071ba1cd4dfd674ea2b" style="color:#3f3f3f">Dr. Ignacio Barreira</p>
</div>
</div>
</div>



<div class="wp-block-column is-vertically-aligned-top has-global-padding is-layout-constrained wp-block-column-is-layout-constrained">
<div class="wp-block-group is-vertical is-content-justification-center is-layout-flex wp-container-core-group-is-layout-7128f10e wp-block-group-is-layout-flex" style="border-radius:5px">
<p class="has-text-align-center has-x-small-font-size"><strong>Directora Especialización en Evaluación y Diagnóstico Psicológico</strong></p>



<div class="wp-block-group alignwide has-text-color has-link-color wp-elements-2de946c17bb23a39d9d5751af516e624 wp-container-content-9cfa9a5a is-content-justification-center is-nowrap is-layout-flex wp-container-core-group-is-layout-23441af8 wp-block-group-is-layout-flex" style="color:#3f3f3f">
<p class="has-text-align-center has-text-color has-link-color wp-elements-f4842662c958528a89e7f51f47a97795" style="color:#3f3f3f">Dra. Gabriela Costanza</p>
</div>
</div>
</div>
</div>



<div class="wp-block-columns alignwide is-layout-flex wp-container-core-columns-is-layout-28f84493 wp-block-columns-is-layout-flex">
<div class="wp-block-column is-vertically-aligned-top has-global-padding is-layout-constrained wp-block-column-is-layout-constrained">
<div class="wp-block-group is-vertical is-content-justification-center is-layout-flex wp-container-core-group-is-layout-7128f10e wp-block-group-is-layout-flex" style="border-radius:5px">
<p class="has-text-align-center has-x-small-font-size"><strong>Director Maestría en Psicoanálisis</strong></p>



<p class="has-text-align-center has-text-color has-link-color wp-elements-e79145994536306f1c0becd2c99ca18a wp-container-content-9cfa9a5a" style="color:#3f3f3f">Dr. Marcos R. Benyakar</p>
</div>
</div>



<div class="wp-block-column is-vertically-aligned-top has-global-padding is-layout-constrained wp-block-column-is-layout-constrained">
<div class="wp-block-group is-vertical is-content-justification-center is-layout-flex wp-container-core-group-is-layout-7128f10e wp-block-group-is-layout-flex" style="border-radius:5px">
<p class="has-text-align-center has-x-small-font-size"><strong>Directora Maestría en Dificultades de Aprendizaje</strong></p>



<div class="wp-block-group alignwide has-text-color has-link-color wp-elements-0d344c6a1c7dcee543105983ed051602 wp-container-content-9cfa9a5a is-content-justification-center is-nowrap is-layout-flex wp-container-core-group-is-layout-23441af8 wp-block-group-is-layout-flex" style="color:#3f3f3f">
<p class="has-text-align-center has-text-color has-link-color wp-elements-07af253842a16b4b526878dbdbbf08a7" style="color:#3f3f3f">Dra. Andrea Bertran</p>
</div>
</div>
</div>
</div>



<p class="has-text-align-center has-x-small-font-size"><strong>Directora Especialización en Clínica de la Psicosomática</strong><br>Dra. Susana Russo</p>



<div class="wp-block-group alignwide has-text-color has-link-color wp-elements-eb6744d0674a640c6b8345350112be8b wp-container-content-9cfa9a5a is-content-justification-center is-nowrap is-layout-flex wp-container-core-group-is-layout-23441af8 wp-block-group-is-layout-flex" style="color:#3f3f3f"></div>

<p>Decana Dra. Gabriela María Renault Secretaria Académica Lic. Yanina Santucci Secretaria Administrativa Dra. Graciela Pérez Directoras de Carreras de Grado Directora Carrera de Psicología Lic. Sandra Nonino Directora Carrera de Psicopedagogía Lic. María Paz Ogando Directora Carrera de Arte Dramático Lic. Marisa Cotignola Novoa Directora Carrera de Educación Inicial Lic. María Paz Ogando Directores Carreras [&hellip;]</p>
