{"id":72,"date":"2024-06-27T16:01:07","date_gmt":"2024-06-27T19:01:07","guid":{"rendered":"https:\/\/www.usal.edu.ar\/psico\/?page_id=72"},"modified":"2025-09-18T14:05:31","modified_gmt":"2025-09-18T17:05:31","slug":"laboratorio-de-neurociencias","status":"publish","type":"page","link":"https:\/\/www.usal.edu.ar\/psico\/laboratorio-de-neurociencias\/","title":{"rendered":"Laboratorio de Neurociencias"},"content":{"rendered":"\n<p>El Laboratorio de Neurociencias es el espacio donde se concentran los recursos t\u00e9cnicos y humanos necesarios para la realizaci\u00f3n de actividades cient\u00edfico \u2013 tecnol\u00f3gicas de car\u00e1cter neurocient\u00edfico, que apoyan la labor acad\u00e9mica de diferentes asignaturas y estimulan la actividad investigativa en la comunidad acad\u00e9mica.<\/p>\n\n\n\n<p>Consultas: investigacionpyp@usal.edu.ar<\/p>\n\n\n\n<p><\/p>\n\n\n\n<figure class=\"wp-block-embed is-type-video is-provider-youtube wp-block-embed-youtube wp-embed-aspect-16-9 wp-has-aspect-ratio\"><div class=\"wp-block-embed__wrapper\">\n<iframe loading=\"lazy\" title=\"Neuroscience Lab at Salvador University. Laboratorio de Neurociencias USAL\" width=\"500\" height=\"281\" src=\"https:\/\/www.youtube.com\/embed\/tB2W0-k8xiU?feature=oembed\" frameborder=\"0\" allow=\"accelerometer; autoplay; clipboard-write; encrypted-media; gyroscope; picture-in-picture; web-share\" referrerpolicy=\"strict-origin-when-cross-origin\" allowfullscreen><\/iframe>\n<\/div><\/figure>\n\n\n\n<h2 class=\"wp-block-heading has-text-align-center has-large-font-size\">Publicaciones<\/h2>\n\n\n\n<ul class=\"wp-block-list\">\n<li>Andreau, J. M., Raggi, L., Keberle, C., &amp; Clark, C. (2023). Electrophysiological biomarkers of Anxiety and Personality. In&nbsp;<em>XIX Reuni\u00f3n Nacional y VIII Encuentro Internacional de la AACC<\/em>.<\/li>\n<\/ul>\n\n\n\n<p><\/p>\n","protected":false},"excerpt":{"rendered":"<p>El Laboratorio de Neurociencias es el espacio donde se concentran los recursos t\u00e9cnicos y humanos necesarios para la realizaci\u00f3n de actividades cient\u00edfico \u2013 tecnol\u00f3gicas de car\u00e1cter neurocient\u00edfico, que apoyan la labor acad\u00e9mica de diferentes asignaturas y estimulan la actividad investigativa en la comunidad acad\u00e9mica. Consultas: investigacionpyp@usal.edu.ar Publicaciones<\/p>\n","protected":false},"author":5,"featured_media":0,"parent":0,"menu_order":0,"comment_status":"closed","ping_status":"closed","template":"","meta":{"_acf_changed":false,"footnotes":""},"class_list":["post-72","page","type-page","status-publish","hentry"],"acf":[],"_links":{"self":[{"href":"https:\/\/www.usal.edu.ar\/psico\/wp-json\/wp\/v2\/pages\/72","targetHints":{"allow":["GET"]}}],"collection":[{"href":"https:\/\/www.usal.edu.ar\/psico\/wp-json\/wp\/v2\/pages"}],"about":[{"href":"https:\/\/www.usal.edu.ar\/psico\/wp-json\/wp\/v2\/types\/page"}],"author":[{"embeddable":true,"href":"https:\/\/www.usal.edu.ar\/psico\/wp-json\/wp\/v2\/users\/5"}],"replies":[{"embeddable":true,"href":"https:\/\/www.usal.edu.ar\/psico\/wp-json\/wp\/v2\/comments?post=72"}],"version-history":[{"count":6,"href":"https:\/\/www.usal.edu.ar\/psico\/wp-json\/wp\/v2\/pages\/72\/revisions"}],"predecessor-version":[{"id":4510,"href":"https:\/\/www.usal.edu.ar\/psico\/wp-json\/wp\/v2\/pages\/72\/revisions\/4510"}],"wp:attachment":[{"href":"https:\/\/www.usal.edu.ar\/psico\/wp-json\/wp\/v2\/media?parent=72"}],"curies":[{"name":"wp","href":"https:\/\/api.w.org\/{rel}","templated":true}]}}