{"id":2,"date":"2024-09-27T18:05:55","date_gmt":"2024-09-27T16:05:55","guid":{"rendered":"https:\/\/www.usal.edu.ar\/publicaciones\/?page_id=2"},"modified":"2025-10-13T14:11:46","modified_gmt":"2025-10-13T17:11:46","slug":"direccion-de-publicaciones-cientificas","status":"publish","type":"page","link":"https:\/\/www.usal.edu.ar\/publicaciones\/","title":{"rendered":"Direcci\u00f3n de Publicaciones Cient\u00edficas"},"content":{"rendered":"\n<div class=\"wp-block-group has-global-padding is-layout-constrained wp-container-core-group-is-layout-92b9201d wp-block-group-is-layout-constrained\">\n<p>La Direcci\u00f3n de Publicaciones Cient\u00edficas, dependiente del Vicerrectorado de Investigaci\u00f3n y Desarrollo, fue creada por R. R. N.\u00ba 191\/92 y revalidada por <a href=\"https:\/\/www.usal.edu.ar\/publicaciones\/wp-content\/uploads\/sites\/17\/2024\/10\/R.R.-No-397-18.pdf\" data-type=\"attachment\" data-id=\"58\" target=\"_blank\" rel=\"noreferrer noopener\">R. R. N.\u00ba 397\/18<\/a>.<\/p>\n\n\n\n<p>Se ocupa de la evaluaci\u00f3n y la correcci\u00f3n de todas las publicaciones que se realizan en la USAL: revistas, libros y publicaciones institucionales.<\/p>\n\n\n\n<p>Forma parte del Consejo Editorial junto al Departamento Editorial. Asimismo, realiza <a href=\"https:\/\/p3.usal.edu.ar\/index.php\/signos\/issue\/archive\"><em>Signos <\/em><em>Universitarios<\/em><\/a>, la revista institucional de la universidad.&nbsp;<\/p>\n\n\n\n<p>Sus objetivos fundacionales son:<\/p>\n\n\n\n<ul class=\"wp-block-list\">\n<li><em>Brindar<\/em> un espacio de publicaci\u00f3n y difundir los trabajos realizados por profesores, investigadores y acad\u00e9micos de la Universidad del Salvador.<\/li>\n\n\n\n<li><em>Difundir<\/em>, a trav\u00e9s de las publicaciones, las l\u00edneas prioritarias de estudio e investigaci\u00f3n de la USAL, que reflejen no solo el an\u00e1lisis de los temas de especial inter\u00e9s para sus distintas \u00e1reas acad\u00e9micas, sino tambi\u00e9n sus fines y objetivos.<\/li>\n\n\n\n<li><em>Capacitar <\/em>a la comunidad acad\u00e9mica de nuestra casa de altos estudios sobre normas de publicaci\u00f3n internacionales y est\u00e1ndares para indexaciones.<\/li>\n\n\n\n<li><em>Gestionar<\/em> el Portal de Publicaciones Peri\u00f3dicas, sitio que aloja las revistas de la Universidad.<\/li>\n<\/ul>\n<\/div>\n\n\n\n<div style=\"height:54px\" aria-hidden=\"true\" class=\"wp-block-spacer\"><\/div>\n\n\n\n<div class=\"wp-block-group alignwide novedades has-global-padding is-layout-constrained wp-block-group-is-layout-constrained\">\n<div class=\"wp-block-query alignwide is-layout-flow wp-block-query-is-layout-flow\"><\/div>\n<\/div>\n\n\n\n<p><\/p>\n","protected":false},"excerpt":{"rendered":"<p>La Direcci\u00f3n de Publicaciones Cient\u00edficas, dependiente del Vicerrectorado de Investigaci\u00f3n y Desarrollo, fue creada por R. R. N.\u00ba 191\/92 y revalidada por R. R. N.\u00ba 397\/18. Se ocupa de la evaluaci\u00f3n y la correcci\u00f3n de todas las publicaciones que se realizan en la USAL: revistas, libros y publicaciones institucionales. Forma parte del Consejo Editorial junto [&hellip;]<\/p>\n","protected":false},"author":5,"featured_media":60,"parent":0,"menu_order":0,"comment_status":"closed","ping_status":"open","template":"","meta":{"_acf_changed":false,"footnotes":""},"class_list":["post-2","page","type-page","status-publish","has-post-thumbnail","hentry"],"acf":[],"_links":{"self":[{"href":"https:\/\/www.usal.edu.ar\/publicaciones\/wp-json\/wp\/v2\/pages\/2","targetHints":{"allow":["GET"]}}],"collection":[{"href":"https:\/\/www.usal.edu.ar\/publicaciones\/wp-json\/wp\/v2\/pages"}],"about":[{"href":"https:\/\/www.usal.edu.ar\/publicaciones\/wp-json\/wp\/v2\/types\/page"}],"author":[{"embeddable":true,"href":"https:\/\/www.usal.edu.ar\/publicaciones\/wp-json\/wp\/v2\/users\/5"}],"replies":[{"embeddable":true,"href":"https:\/\/www.usal.edu.ar\/publicaciones\/wp-json\/wp\/v2\/comments?post=2"}],"version-history":[{"count":26,"href":"https:\/\/www.usal.edu.ar\/publicaciones\/wp-json\/wp\/v2\/pages\/2\/revisions"}],"predecessor-version":[{"id":349,"href":"https:\/\/www.usal.edu.ar\/publicaciones\/wp-json\/wp\/v2\/pages\/2\/revisions\/349"}],"wp:featuredmedia":[{"embeddable":true,"href":"https:\/\/www.usal.edu.ar\/publicaciones\/wp-json\/wp\/v2\/media\/60"}],"wp:attachment":[{"href":"https:\/\/www.usal.edu.ar\/publicaciones\/wp-json\/wp\/v2\/media?parent=2"}],"curies":[{"name":"wp","href":"https:\/\/api.w.org\/{rel}","templated":true}]}}